000
CXUS52 KMLB 250651
CF6ORL
PRELIMINARY LOCAL CLIMATOLOGICAL DATA (WS FORM: F-6)

                                          STATION:   ORLANDO EXEC
                                          MONTH:     APRIL
                                          YEAR:      2018
                                          LATITUDE:   28 32 N
                                          LONGITUDE:  81 20 W

  TEMPERATURE IN F:       :PCPN:    SNOW:  WIND      :SUNSHINE: SKY     :PK WND
================================================================================
1   2   3   4   5  6A  6B    7    8   9   10  11  12  13   14  15   16   17  18
                                     12Z  AVG MX 2MIN
DY MAX MIN AVG DEP HDD CDD  WTR  SNW DPTH SPD SPD DIR MIN PSBL S-S WX    SPD DR
================================================================================

 1  86  64  75   5   0  10 0.00  0.0    0  6.8 18  80   M    M   7 1      23  70
 2  88  68  78   8   0  13 0.01  0.0    0  5.8 18 100   M    M   5        22 100
 3  88  67  78   8   0  13    T  0.0    0  8.0 17 120   M    M   4        23 150
 4  89  69  79   9   0  14    T  0.0    0  9.4 17 310   M    M   3        24 300
 5  81  63  72   2   0   7 0.00  0.0    0  9.2 17  60   M    M   1        21  80
 6  85  62  74   4   0   9 0.00  0.0    0  7.9 17 110   M    M   2        25 110
 7  89  68  79   9   0  14 0.21  0.0    0 13.6 36 270   M    M   3 3      47 260
 8  77  66  72   1   0   7 0.03  0.0    0  8.9 17  10   M    M   8        21 270
 9  91  66  79   8   0  14 0.13  0.0    0 10.6 24 280   M    M   7 1      30 240
10  73  63  68  -3   0   3 0.68  0.0    0  6.5 25 290   M    M   7 138    31 300
11  76  60  68  -3   0   3 0.43  0.0    0  9.6 21  70   M    M   3 13     26  80
12  81  58  70  -1   0   5 0.00  0.0    0  7.5 16  80   M    M   1        20  70
13  84  61  73   2   0   8 0.00  0.0    0  7.8 18 120   M    M   1        23 120
14  89  64  77   5   0  12 0.00  0.0    0  8.6 20 140   M    M   2 1      27 140
15  90  63  77   5   0  12 0.09  0.0    0 16.0 33 230   M    M   4 13     46 240
16  71  58  65  -7   0   0 0.00  0.0    0 13.8 24 290   M    M   2        32 290
17  80  56  68  -4   0   3 0.00  0.0    0  6.2 15 360   M    M   0        19 360
18  88  53  71  -1   0   6 0.00  0.0    0  3.6 13 130   M    M   0        16 120
19  88  62  75   3   0  10 0.00  0.0    0  9.9 20 250   M    M   0        26 230
20  87  66  77   4   0  12 0.00  0.0    0  9.5 21  10   M    M   4        24  10
21  84  67  76   3   0  11    T  0.0    0 12.8 25  80   M    M   6        31  80
22  81  69  75   2   0  10 1.16  0.0    0 13.5 22 120   M    M   8 12     28 100
23  87  70  79   6   0  14 1.24  0.0    0  9.3 21 270   M    M   7 13     27 220
24  85  67  76   3   0  11 0.00  0.0    0 10.4 21 260   M    M   2        27 260
================================================================================
SM 2018 1530         0 221  3.98     0.0 225.2          M       87
================================================================================
AV 84.1 63.8                               9.4 FASTST   M    M   4    MAX(MPH)
                                 MISC ---->  # 36 270               # 47  260
================================================================================
NOTES:
# LAST OF SEVERAL OCCURRENCES

COLUMN 17 PEAK WIND IN M.P.H.

PRELIMINARY LOCAL CLIMATOLOGICAL DATA (WS FORM: F-6) , PAGE 2

                                          STATION:  ORLANDO EXEC
                                          MONTH:    APRIL
                                          YEAR:     2018
                                          LATITUDE:   28 32 N
                                          LONGITUDE:  81 20 W

[TEMPERATURE DATA]      [PRECIPITATION DATA]       SYMBOLS USED IN COLUMN 16

AVERAGE MONTHLY: 73.9   TOTAL FOR MONTH:   3.98    1 = FOG OR MIST
DPTR FM NORMAL:   2.5   DPTR FM NORMAL:    1.97    2 = FOG REDUCING VISIBILITY
HIGHEST:    91 ON  9    GRTST 24HR  1.24 ON 23-23      TO 1/4 MILE OR LESS
LOWEST:     53 ON 18                               3 = THUNDER
                        SNOW, ICE PELLETS, HAIL    4 = ICE PELLETS
                        TOTAL MONTH:   0.0 INCH    5 = HAIL
                        GRTST 24HR     0.0         6 = FREEZING RAIN OR DRIZZLE
                        GRTST DEPTH:   0           7 = DUSTSTORM OR SANDSTORM:
                                                       VSBY 1/2 MILE OR LESS
                                                   8 = SMOKE OR HAZE
[NO. OF DAYS WITH]      [WEATHER - DAYS WITH]      9 = BLOWING SNOW
                                                   X = TORNADO
MAX 32 OR BELOW:   0    0.01 INCH OR MORE:   9
MAX 90 OR ABOVE:   2    0.10 INCH OR MORE:   6
MIN 32 OR BELOW:   0    0.50 INCH OR MORE:   3
MIN  0 OR BELOW:   0    1.00 INCH OR MORE:   2

[HDD (BASE 65) ]
TOTAL THIS MO.     0    CLEAR  (SCALE 0-3)  10
DPTR FM NORMAL   -11    PTCLDY (SCALE 4-7)  14
TOTAL FM JUL 1   388    CLOUDY (SCALE 8-10)  0
DPTR FM NORMAL  -142

[CDD (BASE 65) ]
TOTAL THIS MO.   221
DPTR FM NORMAL    59    [PRESSURE DATA]
TOTAL FM JAN 1   611    HIGHEST SLP M ON M
DPTR FM NORMAL   228    LOWEST  SLP 29.74 ON  7

[REMARKS]
