000
CXUS52 KMLB 210655
CF6ORL
PRELIMINARY LOCAL CLIMATOLOGICAL DATA (WS FORM: F-6)

                                          STATION:   ORLANDO EXEC
                                          MONTH:     OCTOBER
                                          YEAR:      2019
                                          LATITUDE:   28 32 N
                                          LONGITUDE:  81 20 W

  TEMPERATURE IN F:       :PCPN:    SNOW:  WIND      :SUNSHINE: SKY     :PK WND
================================================================================
1   2   3   4   5  6A  6B    7    8   9   10  11  12  13   14  15   16   17  18
                                     12Z  AVG MX 2MIN
DY MAX MIN AVG DEP HDD CDD  WTR  SNW DPTH SPD SPD DIR MIN PSBL S-S WX    SPD DR
================================================================================

 1  88  74  81   1   0  16 0.15  0.0    0  9.1 23  70   M    M   2 1      29  50
 2  90  74  82   2   0  17 0.00  0.0    0  8.6 21  70   M    M   2        25  70
 3  89  73  81   2   0  16 0.00  0.0    0  8.0 18  70   M    M   2        23  70
 4  92  73  83   4   0  18 0.00  0.0    0  6.2 16  80   M    M   1        21  80
 5  91  74  83   4   0  18    T  0.0    0  8.2 22  80   M    M   2        27  70
 6  88  75  82   3   0  17 0.14  0.0    0 11.5 28  70   M    M   4 18     36  70
 7  85  74  80   2   0  15 0.57  0.0    0  8.9 20  80   M    M   6 138    25 120
 8  85  74  80   2   0  15 0.69  0.0    0  6.1 16  80   M    M   6 13     20  60
 9  80  74  77  -1   0  12 0.01  0.0    0  7.1 16  30   M    M   8 18     20  30
10  85  73  79   1   0  14 0.02  0.0    0  9.9 23  50   M    M   5        31  40
11  87  71  79   2   0  14 0.00  0.0    0  7.5 17  70   M    M   1        21  70
12  87  69  78   1   0  13 0.00  0.0    0  4.6 13  90   M    M   2        15  80
13  88  68  78   1   0  13 0.00  0.0    0  4.0 13  70   M    M   1        19  90
14  89  71  80   4   0  15 0.00  0.0    0  4.1 14  80   M    M   1        17  50
15  87  71  79   3   0  14 0.00  0.0    0  6.0 13 120   M    M   1        16 110
16  90  74  82   6   0  17    T  0.0    0 11.3 26 280   M    M   2        34 280
17  84  72  78   2   0  13 0.00  0.0    0  6.5 15 290   M    M   1        19 300
18  80  68  74  -1   0   9 0.50  0.0    0  6.9 18 130   M    M   3 1      23 130
19  85  74  80   5   0  15 2.91  0.0    0 11.6 22 170   M    M   7 12     32 190
20  88  73  81   6   0  16    T  0.0    0  7.8 17 270   M    M   2        21 280
================================================================================
SM 1738 1449         0 297  4.99     0.0 153.9          M       59
================================================================================
AV 86.9 72.5                               7.7 FASTST   M    M   3    MAX(MPH)
                                 MISC ---->  # 28  70               # 36   70
================================================================================
NOTES:
# LAST OF SEVERAL OCCURRENCES

COLUMN 17 PEAK WIND IN M.P.H.

PRELIMINARY LOCAL CLIMATOLOGICAL DATA (WS FORM: F-6) , PAGE 2

                                          STATION:  ORLANDO EXEC
                                          MONTH:    OCTOBER
                                          YEAR:     2019
                                          LATITUDE:   28 32 N
                                          LONGITUDE:  81 20 W

[TEMPERATURE DATA]      [PRECIPITATION DATA]       SYMBOLS USED IN COLUMN 16

AVERAGE MONTHLY: 79.7   TOTAL FOR MONTH:   4.99    1 = FOG OR MIST
DPTR FM NORMAL:   2.3   DPTR FM NORMAL:    2.58    2 = FOG REDUCING VISIBILITY
HIGHEST:    92 ON  4    GRTST 24HR  2.91 ON 19-19      TO 1/4 MILE OR LESS
LOWEST:     68 ON 18,13                            3 = THUNDER
                        SNOW, ICE PELLETS, HAIL    4 = ICE PELLETS
                        TOTAL MONTH:   0.0 INCH    5 = HAIL
                        GRTST 24HR     0.0         6 = FREEZING RAIN OR DRIZZLE
                        GRTST DEPTH:   0           7 = DUSTSTORM OR SANDSTORM:
                                                       VSBY 1/2 MILE OR LESS
                                                   8 = SMOKE OR HAZE
[NO. OF DAYS WITH]      [WEATHER - DAYS WITH]      9 = BLOWING SNOW
                                                   X = TORNADO
MAX 32 OR BELOW:   0    0.01 INCH OR MORE:   8
MAX 90 OR ABOVE:   4    0.10 INCH OR MORE:   6
MIN 32 OR BELOW:   0    0.50 INCH OR MORE:   4
MIN  0 OR BELOW:   0    1.00 INCH OR MORE:   1

[HDD (BASE 65) ]
TOTAL THIS MO.     0    CLEAR  (SCALE 0-3)  14
DPTR FM NORMAL     0    PTCLDY (SCALE 4-7)   6
TOTAL FM JUL 1     0    CLOUDY (SCALE 8-10)  0
DPTR FM NORMAL     0

[CDD (BASE 65) ]
TOTAL THIS MO.   297
DPTR FM NORMAL    49    [PRESSURE DATA]
TOTAL FM JAN 1  3777    HIGHEST SLP M ON M
DPTR FM NORMAL   529    LOWEST  SLP 29.73 ON 19

[REMARKS]
