335
CXAK56 PAFG 210947
CF6OTZ
PRELIMINARY LOCAL CLIMATOLOGICAL DATA (WS FORM: F-6)

                                          STATION:   KOTZEBUE AK
                                          MONTH:     SEPTEMBER
                                          YEAR:      2018
                                          LATITUDE:   66 52 N
                                          LONGITUDE: 162 38 W

  TEMPERATURE IN F:       :PCPN:    SNOW:  WIND      :SUNSHINE: SKY     :PK WND
================================================================================
1   2   3   4   5  6A  6B    7    8   9   10  11  12  13   14  15   16   17  18
                                     12Z  AVG MX 2MIN
DY MAX MIN AVG DEP HDD CDD  WTR  SNW DPTH SPD SPD DIR MIN PSBL S-S WX    SPD DR
================================================================================

 1  56  50  53   5  12   0    T  0.0    0 14.4 24 250   M    M   3        27 250
 2  55  49  52   4  13   0 0.00  0.0    0  9.2 16 260   M    M   6        19 250
 3  56  50  53   5  12   0 0.00  0.0    0  9.5 20 220   M    M   5        23 230
 4  55  51  53   6  12   0 0.00  0.0    0 18.0 25 240   M    M   7        30 240
 5  51  50  51   4  14   0 0.01  0.0    0 20.4 26 240   M    M  10 1      31 240
 6  53  45  49   2  16   0 0.01  0.0    0 11.8 22 310   M    M   4 1      24 310
 7  55  41  48   2  17   0 0.00  0.0    0  7.4 13 120   M    M   1        14 130
 8  57  43  50   4  15   0 0.00  0.0    0  9.4 14 120   M    M   0        16 120
 9  52  46  49   3  16   0 0.00  0.0    0  4.8 15 310   M    M   5 1      18 310
10  58  43  51   6  14   0 0.00  0.0    0  3.6 10 120   M    M   1 18     11 120
11  56  48  52   7  13   0 0.00  0.0    0  8.0 16 230   M    M   5 1      18 240
12  54  48  51   7  14   0 0.00  0.0    0  8.6 18 250   M    M  10 12     22 240
13  60  43  52   8  13   0 0.00  0.0    0  8.9 17 100   M    M   5 12     20 100
14  60  49  55  11  10   0 0.00  0.0    0 20.7 29 120   M    M   3        33 110
15  57  49  53  10  12   0    T  0.0    0 19.4 29 110   M    M   6        33 120
16  55  46  51   8  14   0    T  0.0    0 15.1 24 100   M    M   6        29 100
17  52  48  50   8  15   0 0.15  0.0    0  7.7 16 110   M    M  10 18     19 110
18  51  46  49   7  16   0 0.15  0.0    0  9.3 16 260   M    M   8 1      18 260
19  50  45  48   7  17   0 0.03  0.0    0  8.2 15 310   M    M  10        18 310
20  49  44  47   6  18   0    T  0.0    0  5.5 13 290   M    M   8        15 300
================================================================================
SM 1092  934       283   0  0.35     0.0 219.9          M      113
================================================================================
AV 54.6 46.7                              11.0 FASTST   M    M   6    MAX(MPH)
                                 MISC ---->  # 29 120               # 33  110
================================================================================
NOTES:
# LAST OF SEVERAL OCCURRENCES

COLUMN 17 PEAK WIND IN M.P.H.

PRELIMINARY LOCAL CLIMATOLOGICAL DATA (WS FORM: F-6) , PAGE 2

                                          STATION:  KOTZEBUE AK
                                          MONTH:    SEPTEMBER
                                          YEAR:     2018
                                          LATITUDE:   66 52 N
                                          LONGITUDE: 162 38 W

[TEMPERATURE DATA]      [PRECIPITATION DATA]       SYMBOLS USED IN COLUMN 16

AVERAGE MONTHLY: 50.7   TOTAL FOR MONTH:   0.35    1 = FOG OR MIST
DPTR FM NORMAL:   5.8   DPTR FM NORMAL:   -0.73    2 = FOG REDUCING VISIBILITY
HIGHEST:    60 ON 14,13 GRTST 24HR  0.15 ON 18-18      TO 1/4 MILE OR LESS
LOWEST:     41 ON  7                               3 = THUNDER
                        SNOW, ICE PELLETS, HAIL    4 = ICE PELLETS
                        TOTAL MONTH:   0.0 INCH    5 = HAIL
                        GRTST 24HR     0.0         6 = FREEZING RAIN OR DRIZZLE
                        GRTST DEPTH:   0           7 = DUSTSTORM OR SANDSTORM:
                                                       VSBY 1/2 MILE OR LESS
                                                   8 = SMOKE OR HAZE
[NO. OF DAYS WITH]      [WEATHER - DAYS WITH]      9 = BLOWING SNOW
                                                   X = TORNADO
MAX 32 OR BELOW:   0    0.01 INCH OR MORE:   5
MAX 90 OR ABOVE:   0    0.10 INCH OR MORE:   2
MIN 32 OR BELOW:   0    0.50 INCH OR MORE:   0
MIN  0 OR BELOW:   0    1.00 INCH OR MORE:   0

[HDD (BASE 65) ]
TOTAL THIS MO.   283    CLEAR  (SCALE 0-3)   4
DPTR FM NORMAL  -121    PTCLDY (SCALE 4-7)  11
TOTAL FM JUL 1   829    CLOUDY (SCALE 8-10)  5
DPTR FM NORMAL  -313

[CDD (BASE 65) ]
TOTAL THIS MO.     0
DPTR FM NORMAL     0    [PRESSURE DATA]
TOTAL FM JAN 1     4    HIGHEST SLP M ON M
DPTR FM NORMAL    -1    LOWEST  SLP 29.79 ON 15

[REMARKS]
