000
CXUS56 KLKN 241009
CF6P68
PRELIMINARY LOCAL CLIMATOLOGICAL DATA (WS FORM: F-6)

                                          STATION:   EUREKA AIRPORT NV
                                          MONTH:     JUNE
                                          YEAR:      2018
                                          LATITUDE:   39 30 N
                                          LONGITUDE: 115 58 W

  TEMPERATURE IN F:       :PCPN:    SNOW:  WIND      :SUNSHINE: SKY     :PK WND
================================================================================
1   2   3   4   5  6A  6B    7    8   9   10  11  12  13   14  15   16   17  18
                                     12Z  AVG MX 2MIN
DY MAX MIN AVG DEP HDD CDD  WTR  SNW DPTH SPD SPD DIR MIN PSBL S-S WX    SPD DR
================================================================================

 1  70  32  51  -5  14   0 0.00    M    M  4.9 15  20   M    M   M        18  20
 2  80  33  57   1   8   0 0.00    M    M  5.2 13 350   M    M   M        17 360
 3  87  41  64   8   1   0 0.00    M    M  5.6 21 280   M    M   M        26 270
 4  91  47  69  12   0   4 0.00    M    M  6.3 23 230   M    M   M        29 240
 5  86  43  65   8   0   0 0.00    M    M  5.9 15  10   M    M   M        19  10
 6  85  41  63   6   2   0 0.00    M    M 10.0 28 180   M    M   M        35 180
 7  84  40  62   4   3   0 0.00    M    M  8.6 25 160   M    M   M        33 160
 8  86  41  64   6   1   0 0.00    M    M  5.2 20 170   M    M   M        26 170
 9  88  41  65   7   0   0 0.00    M    M 11.6 28 200   M    M   M        40 220
10  71  33  52  -7  13   0 0.00    M    M  6.8 18 300   M    M   M        25 300
11  84  36  60   1   5   0 0.00    M    M  7.5 18 290   M    M   M        24 300
12  89  41  65   6   0   0 0.00    M    M  4.8 14 330   M    M   M        18 360
13  94  49  72  12   0   7 0.00    M    M  8.1 22 190   M    M   M        29 220
14  91  47  69   9   0   4 0.00    M    M  6.9 21 320   M    M   M        31 290
15  89  48  69   9   0   4 0.00    M    M  7.7 23 250   M    M   M        32 190
16  86  42  64   3   1   0 0.00    M    M  7.1 20 230   M    M   M        32 230
17  74  40  57  -4   8   0 0.06    M    M  8.3 33 290   M    M   M        44 300
18  73  37  55  -6  10   0 0.00    M    M  6.5 20 330   M    M   M        28 300
19  79  40  60  -2   5   0 0.00    M    M  7.0 21 270   M    M   M        29 270
20  90  42  66   4   0   1 0.00    M    M  5.5 14  30   M    M   M        19  40
21  90  46  68   6   0   3 0.00    M    M  7.8 23 290   M    M   M        31 310
22  87  42  65   2   0   0 0.00    M    M  5.0 16 330   M    M   M        20 340
23  88  45  67   4   0   2 0.00    M    M  8.5 24 310   M    M   M        32 320
================================================================================
SM 1942  947        71  25  0.06    M    160.8          M        M
================================================================================
AV 84.4 41.2                               7.0 FASTST   M    M   0    MAX(MPH)
                                 MISC ---->  # 33 290               # 44  300
================================================================================
NOTES:
# LAST OF SEVERAL OCCURRENCES

COLUMN 17 PEAK WIND IN M.P.H.

PRELIMINARY LOCAL CLIMATOLOGICAL DATA (WS FORM: F-6) , PAGE 2

                                          STATION:  EUREKA AIRPORT NV
                                          MONTH:    JUNE
                                          YEAR:     2018
                                          LATITUDE:   39 30 N
                                          LONGITUDE: 115 58 W

[TEMPERATURE DATA]      [PRECIPITATION DATA]       SYMBOLS USED IN COLUMN 16

AVERAGE MONTHLY: 62.8   TOTAL FOR MONTH:   0.06    1 = FOG OR MIST
DPTR FM NORMAL:   3.5   DPTR FM NORMAL:   -0.68    2 = FOG REDUCING VISIBILITY
HIGHEST:    94 ON 13    GRTST 24HR  0.06 ON 17-17      TO 1/4 MILE OR LESS
LOWEST:     32 ON  1                               3 = THUNDER
                        SNOW, ICE PELLETS, HAIL    4 = ICE PELLETS
                        TOTAL MONTH:    M          5 = HAIL
                        GRTST 24HR    M  ON   M    6 = FREEZING RAIN OR DRIZZLE
                        GRTST DEPTH:  M  ON   M    7 = DUSTSTORM OR SANDSTORM:
                                                       VSBY 1/2 MILE OR LESS
                                                   8 = SMOKE OR HAZE
[NO. OF DAYS WITH]      [WEATHER - DAYS WITH]      9 = BLOWING SNOW
                                                   X = TORNADO
MAX 32 OR BELOW:   0    0.01 INCH OR MORE:   1
MAX 90 OR ABOVE:   5    0.10 INCH OR MORE:   0
MIN 32 OR BELOW:   1    0.50 INCH OR MORE:   0
MIN  0 OR BELOW:   0    1.00 INCH OR MORE:   0

[HDD (BASE 65) ]
TOTAL THIS MO.    71    CLEAR  (SCALE 0-3)   0
DPTR FM NORMAL   -73    PTCLDY (SCALE 4-7)   0
TOTAL FM JUL 1  6667    CLOUDY (SCALE 8-10)  0
DPTR FM NORMAL  -693

[CDD (BASE 65) ]
TOTAL THIS MO.    25
DPTR FM NORMAL     9    [PRESSURE DATA]
TOTAL FM JAN 1    25    HIGHEST SLP M ON M
DPTR FM NORMAL     6    LOWEST  SLP 29.45 ON 16

[REMARKS]
