000
CXUS53 KPAH 210649
CF6PAH
PRELIMINARY LOCAL CLIMATOLOGICAL DATA (WS FORM: F-6)

                                          STATION:   PADUCAH KY
                                          MONTH:     AUGUST
                                          YEAR:      2018
                                          LATITUDE:   37  4 N
                                          LONGITUDE:  88 46 W

  TEMPERATURE IN F:       :PCPN:    SNOW:  WIND      :SUNSHINE: SKY     :PK WND
================================================================================
1   2   3   4   5  6A  6B    7    8   9   10  11  12  13   14  15   16   17  18
                                     12Z  AVG MX 2MIN
DY MAX MIN AVG DEP HDD CDD  WTR  SNW DPTH SPD SPD DIR MIN PSBL S-S WX    SPD DR
================================================================================

 1  86  63  75  -3   0  10 0.00  0.0    0  3.3 10 340   M    M   4 18     14  10
 2  90  60  75  -3   0  10 0.00  0.0    0  1.1  9  30   M    M   2 128    13  30
 3  94  62  78   0   0  13 0.00  0.0    0  2.2  8 260   M    M   1 1      11 270
 4  94  67  81   3   0  16 0.00  0.0    0  1.6 13 130   M    M   1 1      16 130
 5  93  69  81   3   0  16 0.59  0.0    0  3.4 16 130   M    M   1 138    22 130
 6  95  71  83   5   0  18 0.00  0.0    0  6.2 16 250   M    M   1        20 250
 7  94  75  85   7   0  20 0.00  0.0    0  5.3 15 310   M    M   3        22 310
 8  88  71  80   2   0  15 0.28  0.0    0  4.9 15 240   M    M   4 13     22 250
 9  84  72  78   0   0  13 0.24  0.0    0  1.9 10 230   M    M   3 13     18 210
10  91  70  81   3   0  16 0.00  0.0    0  1.9  6 350   M    M   4 128    10 260
11  92  68  80   2   0  15 0.00  0.0    0  4.2 12 350   M    M   2 1      15 250
12  89  66  78   0   0  13 0.00  0.0    0  3.4 13  10   M    M   0 1      17  10
13  90  63  77  -1   0  12 0.00  0.0    0  1.3  9  10   M    M   0 1      14  10
14  89  64  77  -1   0  12 0.16  0.0    0  2.6 17 250   M    M   4 128    31 240
15  87  71  79   1   0  14 0.06  0.0    0  4.2 16 290   M    M   6 13     25 270
16  89  73  81   3   0  16 0.07  0.0    0  7.1 20 230   M    M   5 13     36 210
17  85  70  78   0   0  13 0.05  0.0    0  7.5 21 290   M    M   3        31 260
18  88  71  80   2   0  15 0.00  0.0    0  3.7 13 350   M    M   5 1      16  20
19  88  68  78   0   0  13    T  0.0    0  2.3  8 160   M    M   3 12     11 170
20  84  68  76  -2   0  11 0.73  0.0    0  6.5 31 270   M    M   6 138    48 260
================================================================================
SM 1790 1362         0 281  2.18     0.0  74.6          M       58
================================================================================
AV 89.5 68.1                               3.7 FASTST   M    M   3    MAX(MPH)
                                 MISC ---->  # 31 270               # 48  260
================================================================================
NOTES:
# LAST OF SEVERAL OCCURRENCES

COLUMN 17 PEAK WIND IN M.P.H.

PRELIMINARY LOCAL CLIMATOLOGICAL DATA (WS FORM: F-6) , PAGE 2

                                          STATION:  PADUCAH KY
                                          MONTH:    AUGUST
                                          YEAR:     2018
                                          LATITUDE:   37  4 N
                                          LONGITUDE:  88 46 W

[TEMPERATURE DATA]      [PRECIPITATION DATA]       SYMBOLS USED IN COLUMN 16

AVERAGE MONTHLY: 78.8   TOTAL FOR MONTH:   2.18    1 = FOG OR MIST
DPTR FM NORMAL:   0.8   DPTR FM NORMAL:    0.35    2 = FOG REDUCING VISIBILITY
HIGHEST:    95 ON  6    GRTST 24HR  0.73 ON 20-20      TO 1/4 MILE OR LESS
LOWEST:     60 ON  2                               3 = THUNDER
                        SNOW, ICE PELLETS, HAIL    4 = ICE PELLETS
                        TOTAL MONTH:   0.0 INCH    5 = HAIL
                        GRTST 24HR     0.0         6 = FREEZING RAIN OR DRIZZLE
                        GRTST DEPTH:   0           7 = DUSTSTORM OR SANDSTORM:
                                                       VSBY 1/2 MILE OR LESS
                                                   8 = SMOKE OR HAZE
[NO. OF DAYS WITH]      [WEATHER - DAYS WITH]      9 = BLOWING SNOW
                                                   X = TORNADO
MAX 32 OR BELOW:   0    0.01 INCH OR MORE:   8
MAX 90 OR ABOVE:   9    0.10 INCH OR MORE:   5
MIN 32 OR BELOW:   0    0.50 INCH OR MORE:   2
MIN  0 OR BELOW:   0    1.00 INCH OR MORE:   0

[HDD (BASE 65) ]
TOTAL THIS MO.     0    CLEAR  (SCALE 0-3)  11
DPTR FM NORMAL     0    PTCLDY (SCALE 4-7)   9
TOTAL FM JUL 1     0    CLOUDY (SCALE 8-10)  0
DPTR FM NORMAL     0

[CDD (BASE 65) ]
TOTAL THIS MO.   281
DPTR FM NORMAL    21    [PRESSURE DATA]
TOTAL FM JAN 1  1550    HIGHEST SLP M ON M
DPTR FM NORMAL   367    LOWEST  SLP 29.88 ON 19

[REMARKS]
