000
CXUS52 KMFL 251000
CF6PBI
PRELIMINARY LOCAL CLIMATOLOGICAL DATA (WS FORM: F-6)

                                          STATION:   WEST PALM BEACH
                                          MONTH:     FEBRUARY
                                          YEAR:      2020
                                          LATITUDE:   26 40 N
                                          LONGITUDE:  80  7 W

  TEMPERATURE IN F:       :PCPN:    SNOW:  WIND      :SUNSHINE: SKY     :PK WND
================================================================================
1   2   3   4   5  6A  6B    7    8   9   10  11  12  13   14  15   16   17  18
                                     12Z  AVG MX 2MIN
DY MAX MIN AVG DEP HDD CDD  WTR  SNW DPTH SPD SPD DIR MIN PSBL S-S WX    SPD DR
================================================================================

 1  74  62  68   2   0   3 0.25  0.0    0  8.8 18 310   M    M   9 1      24 320
 2  68  51  60  -7   5   0 0.00  0.0    0 10.5 23 310   M    M   1        30 310
 3  72  47  60  -7   5   0 0.00  0.0    0  3.4 10 110   M    M   1        22  90
 4  80  55  68   1   0   3 0.00  0.0    0  6.9 20 140   M    M   4 8      24 160
 5  82  61  72   5   0   7 0.00  0.0    0  8.0 20 150   M    M   5        24 150
 6  86  74  80  13   0  15 0.00  0.0    0 16.1 24 170   M    M   6        32 160
 7  80  62  71   4   0   6 0.52  0.0    0 13.0 25 290   M    M   8 1      36 190
 8  77  54  66  -1   0   1 0.00  0.0    0 10.3 17  80   M    M   7        22  60
 9  79  72  76   9   0  11 0.00  0.0    0 16.1 24  80   M    M   4        30  90
10  83  73  78  11   0  13    T  0.0    0 15.4 22 100   M    M   7        27 100
11  85  74  80  12   0  15 0.00  0.0    0 11.0 20 150   M    M   5        26 150
12  85  76  81  13   0  16 0.00  0.0    0 11.6 23 130   M    M   5        28 130
13  86  77  82  14   0  17 0.00  0.0    0 12.3 22 160   M    M   5        27 160
14  88  71  80  12   0  15    T  0.0    0  6.9 17 360   M    M   7 1      22 360
15  81  70  76   8   0  11 0.01  0.0    0 14.5 23  70   M    M   8 1      30  70
16  82  74  78  10   0  13 0.27  0.0    0 13.9 23 110   M    M   8 1      27  90
17  85  70  78  10   0  13 0.00  0.0    0  5.9 16 130   M    M   5        22 150
18  85  74  80  12   0  15 0.00  0.0    0 11.6 20 130   M    M   5        26 130
19  86  75  81  13   0  16    T  0.0    0  8.1 15 150   M    M   4        23 120
20  87  71  79  11   0  14 0.00  0.0    0  7.5 18 140   M    M   4        23 140
21  76  61  69   1   0   4 0.03  0.0    0 15.8 28 340   M    M   7 1      36 350
22  76  58  67  -1   0   2 0.84  0.0    0 12.6 25  50   M    M   8 18     32  50
23  77  65  71   2   0   6 0.01  0.0    0 11.0 20  90   M    M   5 8      24  80
24  81  69  75   6   0  10 0.00  0.0    0 11.8 22 140   M    M   5        28 150
================================================================================
SM 1941 1596        10 226  1.93     0.0 263.0          M      133
================================================================================
AV 80.9 66.5                              11.0 FASTST   M    M   6    MAX(MPH)
                                 MISC ---->  # 28 340               # 36  190
================================================================================
NOTES:
# LAST OF SEVERAL OCCURRENCES

COLUMN 17 PEAK WIND IN M.P.H.

PRELIMINARY LOCAL CLIMATOLOGICAL DATA (WS FORM: F-6) , PAGE 2

                                          STATION:  WEST PALM BEACH
                                          MONTH:    FEBRUARY
                                          YEAR:     2020
                                          LATITUDE:   26 40 N
                                          LONGITUDE:  80  7 W

[TEMPERATURE DATA]      [PRECIPITATION DATA]       SYMBOLS USED IN COLUMN 16

AVERAGE MONTHLY: 73.7   TOTAL FOR MONTH:   1.93    1 = FOG OR MIST
DPTR FM NORMAL:   6.1   DPTR FM NORMAL:   -0.42    2 = FOG REDUCING VISIBILITY
HIGHEST:    88 ON 14    GRTST 24HR  0.84 ON 22-22      TO 1/4 MILE OR LESS
LOWEST:     47 ON  3                               3 = THUNDER
                        SNOW, ICE PELLETS, HAIL    4 = ICE PELLETS
                        TOTAL MONTH:   0.0 INCH    5 = HAIL
                        GRTST 24HR     0.0         6 = FREEZING RAIN OR DRIZZLE
                        GRTST DEPTH:   0           7 = DUSTSTORM OR SANDSTORM:
                                                       VSBY 1/2 MILE OR LESS
                                                   8 = SMOKE OR HAZE
[NO. OF DAYS WITH]      [WEATHER - DAYS WITH]      9 = BLOWING SNOW
                                                   X = TORNADO
MAX 32 OR BELOW:   0    0.01 INCH OR MORE:   7
MAX 90 OR ABOVE:   0    0.10 INCH OR MORE:   4
MIN 32 OR BELOW:   0    0.50 INCH OR MORE:   2
MIN  0 OR BELOW:   0    1.00 INCH OR MORE:   0

[HDD (BASE 65) ]
TOTAL THIS MO.    10    CLEAR  (SCALE 0-3)   2
DPTR FM NORMAL   -34    PTCLDY (SCALE 4-7)  18
TOTAL FM JUL 1    59    CLOUDY (SCALE 8-10)  4
DPTR FM NORMAL  -142

[CDD (BASE 65) ]
TOTAL THIS MO.   226
DPTR FM NORMAL   118    [PRESSURE DATA]
TOTAL FM JAN 1   422    HIGHEST SLP M ON M
DPTR FM NORMAL   206    LOWEST  SLP 29.76 ON  6

[REMARKS]
