000
CXUS56 KPDT 200013
CF6PDT
PRELIMINARY LOCAL CLIMATOLOGICAL DATA (WS FORM: F-6)

                                          STATION:   PENDLETON OR
                                          MONTH:     OCTOBER
                                          YEAR:      2019
                                          LATITUDE:   45 40 N
                                          LONGITUDE: 118 51 W

  TEMPERATURE IN F:       :PCPN:    SNOW:  WIND      :SUNSHINE: SKY     :PK WND
================================================================================
1   2   3   4   5  6A  6B    7    8   9   10  11  12  13   14  15   16   17  18
                                     12Z  AVG MX 2MIN
DY MAX MIN AVG DEP HDD CDD  WTR  SNW DPTH SPD SPD DIR MIN PSBL S-S WX    SPD DR
================================================================================

 1  56  35  46 -12  19   0 0.00  0.0    0  5.0 13 340   M    M   7        15 360
 2  64  29  47 -10  18   0 0.00  0.0    0  5.3 15 330   M    M   1        17 330
 3  63  45  54  -3  11   0    T  0.0    0  5.3 14 260   M    M   7 8      21 210
 4  64  44  54  -2  11   0    T  0.0    0 11.9 24 270   M    M   5 8      32 280
 5  65  43  54  -2  11   0 0.00  0.0    0  9.2 20 270   M    M   2        24 260
 6  73  34  54  -2  11   0 0.00  0.0    0  6.1 14  20   M    M   0        17  20
 7  77  38  58   3   7   0 0.00  0.0    0  9.6 25 280   M    M   0 8      32 290
 8  65  39  52  -3  13   0    T  0.0    0 21.6 36 280   M    M   8 8      44 280
 9  48  28  38 -16  27   0 0.05    T    0  8.0 23 340   M    M   7 8      28 340
10  54  22  38 -16  27   0 0.00  0.0    0  5.7 13  40   M    M   0        17  80
11  57  27  42 -12  23   0 0.00  0.0    0  5.8 15 350   M    M   0        20 340
12  59  27  43 -10  22   0 0.00  0.0    0  4.9 13 320   M    M   0        19 320
13  60  38  49  -4  16   0    T  0.0    0  4.3 13 250   M    M   7 8      16 260
14  63  37  50  -2  15   0 0.00  0.0    0  5.2 13  80   M    M   2 8      17 230
15  60  34  47  -5  18   0 0.00  0.0    0  5.6 16 290   M    M   1 8      19 290
16  64  43  54   2  11   0 0.00  0.0    0  5.0 15 270   M    M   3        18 260
17  62  48  55   4  10   0 0.14  0.0    0 12.7 28 260   M    M   6 1      31 260
18  60  43  52   1  13   0 0.01  0.0    0 10.9 26 280   M    M   6        33 270
================================================================================
SM 1114  654       283   0  0.20    T    142.1          M       62
================================================================================
AV 61.9 36.3                               7.9 FASTST   M    M   3    MAX(MPH)
                                 MISC ---->  # 36 280               # 44  280
================================================================================
NOTES:
# LAST OF SEVERAL OCCURRENCES

COLUMN 17 PEAK WIND IN M.P.H.

PRELIMINARY LOCAL CLIMATOLOGICAL DATA (WS FORM: F-6) , PAGE 2

                                          STATION:  PENDLETON OR
                                          MONTH:    OCTOBER
                                          YEAR:     2019
                                          LATITUDE:   45 40 N
                                          LONGITUDE: 118 51 W

[TEMPERATURE DATA]      [PRECIPITATION DATA]       SYMBOLS USED IN COLUMN 16

AVERAGE MONTHLY: 49.1   TOTAL FOR MONTH:   0.20    1 = FOG OR MIST
DPTR FM NORMAL:  -5.1   DPTR FM NORMAL:   -0.29    2 = FOG REDUCING VISIBILITY
HIGHEST:    77 ON  7    GRTST 24HR  0.14 ON 17-17      TO 1/4 MILE OR LESS
LOWEST:     22 ON 10                               3 = THUNDER
                        SNOW, ICE PELLETS, HAIL    4 = ICE PELLETS
                        TOTAL MONTH:    T          5 = HAIL
                        GRTST 24HR    T  ON  9- 9  6 = FREEZING RAIN OR DRIZZLE
                        GRTST DEPTH:   0           7 = DUSTSTORM OR SANDSTORM:
                                                       VSBY 1/2 MILE OR LESS
                                                   8 = SMOKE OR HAZE
[NO. OF DAYS WITH]      [WEATHER - DAYS WITH]      9 = BLOWING SNOW
                                                   X = TORNADO
MAX 32 OR BELOW:   0    0.01 INCH OR MORE:   3
MAX 90 OR ABOVE:   0    0.10 INCH OR MORE:   1
MIN 32 OR BELOW:   5    0.50 INCH OR MORE:   0
MIN  0 OR BELOW:   0    1.00 INCH OR MORE:   0

[HDD (BASE 65) ]
TOTAL THIS MO.   283    CLEAR  (SCALE 0-3)  10
DPTR FM NORMAL    88    PTCLDY (SCALE 4-7)   8
TOTAL FM JUL 1   411    CLOUDY (SCALE 8-10)  0
DPTR FM NORMAL    82

[CDD (BASE 65) ]
TOTAL THIS MO.     0
DPTR FM NORMAL     0    [PRESSURE DATA]
TOTAL FM JAN 1   640    HIGHEST SLP M ON M
DPTR FM NORMAL     6    LOWEST  SLP 29.64 ON 16

[REMARKS]
