000
CXUS56 KPDT 271832
CF6PDT
PRELIMINARY LOCAL CLIMATOLOGICAL DATA (WS FORM: F-6)

                                          STATION:   PENDLETON OR
                                          MONTH:     MAY
                                          YEAR:      2020
                                          LATITUDE:   45 40 N
                                          LONGITUDE: 118 51 W

  TEMPERATURE IN F:       :PCPN:    SNOW:  WIND      :SUNSHINE: SKY     :PK WND
================================================================================
1   2   3   4   5  6A  6B    7    8   9   10  11  12  13   14  15   16   17  18
                                     12Z  AVG MX 2MIN
DY MAX MIN AVG DEP HDD CDD  WTR  SNW DPTH SPD SPD DIR MIN PSBL S-S WX    SPD DR
================================================================================

 1  73  38  56   2   9   0 0.00  0.0    0  6.3 15  30   M    M   1        18  30
 2  82  44  63   9   2   0 0.14  0.0    0 10.2 40 240   M    M   4 13     47 240
 3  63  37  50  -4  15   0 0.00  0.0    0  9.2 21 270   M    M   1        26 270
 4  73  34  54  -1  11   0 0.00  0.0    0  6.7 17  50   M    M   1        21  50
 5  80  41  61   6   4   0 0.00  0.0    0  6.8 24 270   M    M   0 8      30 270
 6  64  42  53  -2  12   0 0.23  0.0    0 23.7 39 260   M    M   2 1      48 260
 7  68  36  52  -3  13   0 0.00  0.0    0  7.1 16  50   M    M   0        20  50
 8  75  39  57   1   8   0 0.00  0.0    0  7.4 15  30   M    M   0        20  30
 9  82  42  62   6   3   0 0.00  0.0    0  6.8 14  10   M    M   0        18  30
10  80  46  63   7   2   0 0.04  0.0    0  6.2 15  50   M    M   0        21  40
11  73  48  61   4   4   0    T  0.0    0  5.4 14 170   M    M   0        16 170
12  64  48  56  -1   9   0 0.39  0.0    0  9.5 29 250   M    M   7 13     36 240
13  68  47  58   1   7   0    T  0.0    0  7.1 20 270   M    M   6        23 280
14  66  50  58   1   7   0 0.06  0.0    0  6.9 29 270   M    M   8        36 270
15  70  47  59   1   6   0 0.00  0.0    0  9.1 18 260   M    M   5        22 270
16  79  47  63   5   2   0    T  0.0    0 11.2 29 210   M    M   4        36 220
17  68  49  59   1   6   0 0.18  0.0    0  8.3 28 280   M    M   7 1      34 290
18  65  44  55  -3  10   0 0.17  0.0    0  5.8 18 260   M    M   7 13     23 260
19  62  51  57  -2   8   0 0.00  0.0    0 12.4 26 260   M    M   8        32 260
20  59  49  54  -5  11   0 1.11  0.0    0 24.6 41 260   M    M   9 1      52 260
21  64  44  54  -5  11   0 0.00  0.0    0 19.0 32 250   M    M   4        37 250
22  64  44  54  -5  11   0    T  0.0    0 16.0 28 250   M    M   7        36 270
23  69  47  58  -2   7   0 0.00  0.0    0  8.6 22 260   M    M   3        30 260
24  76  41  59  -1   6   0 0.00  0.0    0  5.3 10 160   M    M   0        14 300
25  73  48  61   1   4   0 0.10  0.0    0  8.9 18 290   M    M   5 1      24 290
26  80  55  68   8   0   3 0.00  0.0    0  9.1 18 260   M    M   4        23 240
================================================================================
SM 1840 1158       188   3  2.42     0.0 257.6          M       93
================================================================================
AV 70.8 44.5                               9.9 FASTST   M    M   4    MAX(MPH)
                                 MISC ---->  # 41 260               # 52  260
================================================================================
NOTES:
# LAST OF SEVERAL OCCURRENCES

COLUMN 17 PEAK WIND IN M.P.H.

PRELIMINARY LOCAL CLIMATOLOGICAL DATA (WS FORM: F-6) , PAGE 2

                                          STATION:  PENDLETON OR
                                          MONTH:    MAY
                                          YEAR:     2020
                                          LATITUDE:   45 40 N
                                          LONGITUDE: 118 51 W

[TEMPERATURE DATA]      [PRECIPITATION DATA]       SYMBOLS USED IN COLUMN 16

AVERAGE MONTHLY: 57.7   TOTAL FOR MONTH:   2.42    1 = FOG OR MIST
DPTR FM NORMAL:   0.5   DPTR FM NORMAL:    1.31    2 = FOG REDUCING VISIBILITY
HIGHEST:    82 ON  9, 2 GRTST 24HR  1.11 ON 20-20      TO 1/4 MILE OR LESS
LOWEST:     34 ON  4                               3 = THUNDER
                        SNOW, ICE PELLETS, HAIL    4 = ICE PELLETS
                        TOTAL MONTH:   0.0 INCH    5 = HAIL
                        GRTST 24HR     0.0         6 = FREEZING RAIN OR DRIZZLE
                        GRTST DEPTH:   0           7 = DUSTSTORM OR SANDSTORM:
                                                       VSBY 1/2 MILE OR LESS
                                                   8 = SMOKE OR HAZE
[NO. OF DAYS WITH]      [WEATHER - DAYS WITH]      9 = BLOWING SNOW
                                                   X = TORNADO
MAX 32 OR BELOW:   0    0.01 INCH OR MORE:   9
MAX 90 OR ABOVE:   0    0.10 INCH OR MORE:   7
MIN 32 OR BELOW:   0    0.50 INCH OR MORE:   1
MIN  0 OR BELOW:   0    1.00 INCH OR MORE:   1

[HDD (BASE 65) ]
TOTAL THIS MO.   188    CLEAR  (SCALE 0-3)  12
DPTR FM NORMAL   -32    PTCLDY (SCALE 4-7)  12
TOTAL FM JUL 1  4901    CLOUDY (SCALE 8-10)  2
DPTR FM NORMAL  -266

[CDD (BASE 65) ]
TOTAL THIS MO.     3
DPTR FM NORMAL   -14    [PRESSURE DATA]
TOTAL FM JAN 1     3    HIGHEST SLP M ON M
DPTR FM NORMAL   -15    LOWEST  SLP 29.62 ON 11

[REMARKS]
