327
CXUS56 KPDT 192033
CF6PDT
PRELIMINARY LOCAL CLIMATOLOGICAL DATA (WS FORM: F-6)

                                          STATION:   PENDLETON OR
                                          MONTH:     APRIL
                                          YEAR:      2018
                                          LATITUDE:   45 40 N
                                          LONGITUDE: 118 51 W

  TEMPERATURE IN F:       :PCPN:    SNOW:  WIND      :SUNSHINE: SKY     :PK WND
================================================================================
1   2   3   4   5  6A  6B    7    8   9   10  11  12  13   14  15   16   17  18
                                     12Z  AVG MX 2MIN
DY MAX MIN AVG DEP HDD CDD  WTR  SNW DPTH SPD SPD DIR MIN PSBL S-S WX    SPD DR
================================================================================

 1  54  35  45  -3  20   0    T  0.0    0 14.5 30 260   M    M   6        39 260
 2  52  33  43  -6  22   0    T  0.0    0 20.0 32 260   M    M   3        39 260
 3  58  29  44  -5  21   0 0.00  0.0    0  7.2 23 290   M    M   4        26 290
 4  57  41  49   0  16   0 0.01  0.0    0  4.8 15 270   M    M   M        17 290
 5  54  47  51   2  14   0 0.13  0.0    0  6.4 13 320   M    M  10 1      15 290
 6  67  45  56   7   9   0    T  0.0    0  6.9 17  40   M    M   5 1      22  30
 7  60  44  52   3  13   0 0.34  0.0    0  8.0 44 280   M    M   8 1      61 260
 8  59  40  50   1  15   0    T  0.0    0 14.9 25 270   M    M   9        33 230
 9  66  35  51   1  14   0 0.00  0.0    0  6.5 15  80   M    M   0        16  80
10  61  45  53   3  12   0    T  0.0    0  9.4 24 300   M    M   5        30 290
11  64  41  53   3  12   0 0.41  0.0    0  8.3 29 190   M    M   7 13     37 270
12  56  39  48  -2  17   0 0.01  0.0    0 22.0 35 260   M    M   3        44 260
13  56  36  46  -4  19   0 0.05  0.0    0  9.4 20 190   M    M   8        24 200
14  62  45  54   4  11   0 0.01  0.0    0  5.9 20 250   M    M   5        24 250
15  62  44  53   3  12   0 0.32  0.0    0  8.2 39 250   M    M   7 13     50 260
16  56  37  47  -3  18   0 0.09    T    0 14.3 29 270   M    M   7 5      40 260
17  57  37  47  -4  18   0 0.00  0.0    0 19.0 33 270   M    M   3        42 270
18  61  33  47  -4  18   0 0.00  0.0    0  8.7 20  30   M    M   4        23  10
================================================================================
SM 1062  706       281   0  1.37    T    194.4          M       94
================================================================================
AV 59.0 39.2                              10.8 FASTST   M    M   6    MAX(MPH)
                                 MISC ---->  # 44 280               # 61  260
================================================================================
NOTES:
# LAST OF SEVERAL OCCURRENCES

COLUMN 17 PEAK WIND IN M.P.H.

PRELIMINARY LOCAL CLIMATOLOGICAL DATA (WS FORM: F-6) , PAGE 2

                                          STATION:  PENDLETON OR
                                          MONTH:    APRIL
                                          YEAR:     2018
                                          LATITUDE:   45 40 N
                                          LONGITUDE: 118 51 W

[TEMPERATURE DATA]      [PRECIPITATION DATA]       SYMBOLS USED IN COLUMN 16

AVERAGE MONTHLY: 49.1   TOTAL FOR MONTH:   1.37    1 = FOG OR MIST
DPTR FM NORMAL:  -0.5   DPTR FM NORMAL:    0.68    2 = FOG REDUCING VISIBILITY
HIGHEST:    67 ON  6    GRTST 24HR  0.41 ON 11-11      TO 1/4 MILE OR LESS
LOWEST:     29 ON  3                               3 = THUNDER
                        SNOW, ICE PELLETS, HAIL    4 = ICE PELLETS
                        TOTAL MONTH:    T          5 = HAIL
                        GRTST 24HR    T  ON 16-16  6 = FREEZING RAIN OR DRIZZLE
                        GRTST DEPTH:   0           7 = DUSTSTORM OR SANDSTORM:
                                                       VSBY 1/2 MILE OR LESS
                                                   8 = SMOKE OR HAZE
[NO. OF DAYS WITH]      [WEATHER - DAYS WITH]      9 = BLOWING SNOW
                                                   X = TORNADO
MAX 32 OR BELOW:   0    0.01 INCH OR MORE:   9
MAX 90 OR ABOVE:   0    0.10 INCH OR MORE:   4
MIN 32 OR BELOW:   1    0.50 INCH OR MORE:   0
MIN  0 OR BELOW:   0    1.00 INCH OR MORE:   0

[HDD (BASE 65) ]
TOTAL THIS MO.   281    CLEAR  (SCALE 0-3)   4
DPTR FM NORMAL     4    PTCLDY (SCALE 4-7)  11
TOTAL FM JUL 1  4696    CLOUDY (SCALE 8-10)  2
DPTR FM NORMAL   -97

[CDD (BASE 65) ]
TOTAL THIS MO.     0
DPTR FM NORMAL     0    [PRESSURE DATA]
TOTAL FM JAN 1     0    HIGHEST SLP 30.04 ON  1
DPTR FM NORMAL     0    LOWEST  SLP 29.40 ON  7

[REMARKS]
