846
CXUS54 KMAF 181110
CF6PEQ
PRELIMINARY LOCAL CLIMATOLOGICAL DATA (WS FORM: F-6)

                                          STATION:   PECOS MUNICIPAL AIRPORT
                                          MONTH:     OCTOBER
                                          YEAR:      2019
                                          LATITUDE:   31 22 N
                                          LONGITUDE: 103 31 W

  TEMPERATURE IN F:       :PCPN:    SNOW:  WIND      :SUNSHINE: SKY     :PK WND
================================================================================
1   2   3   4   5  6A  6B    7    8   9   10  11  12  13   14  15   16   17  18
                                     12Z  AVG MX 2MIN
DY MAX MIN AVG DEP HDD CDD  WTR  SNW DPTH SPD SPD DIR MIN PSBL S-S WX    SPD DR
================================================================================

 1  95  74  85   M   0  20    M    M    M 11.7 21 150   M    M   4        25 150
 2  89  68  79   M   0  14    M    M    M  4.7 10 320   M    M   2         M   M
 3  91  66  79   M   0  14    M    M    M  8.5 23 310   M    M   1        30 310
 4  90  61  76   M   0  11    M    M    M  6.7 13 100   M    M   1        17 170
 5  93  65  79   M   0  14    M    M    M  4.0  9 350   M    M   2        18 350
 6  96  66  81   M   0  16    M    M    M 10.3 31  40   M    M   1        39  40
 7  74  59  67   M   0   2    M    M    M  7.8 15  30   M    M   6        23  10
 8  91  53  72   M   0   7    M    M    M  6.1 12 150   M    M   1        37 150
 9  94  62  78   M   0  13    M    M    M  6.7 21 250   M    M   2        28 270
10  93  59  76   M   0  11    M    M    M  7.9 16 250   M    M   0        26 250
11  66  42  54   M  11   0    M    M    M  9.5 25  40   M    M   0 8      32 350
12  73  41  57   M   8   0    M    M    M  7.4 14 100   M    M   3        18 100
13  85  44  65   M   0   0    M    M    M  2.5  8 180   M    M   0         M   M
14  83  65  74   M   0   9    M    M    M  6.7 17 240   M    M   4        23 240
15  85  63  74   M   0   9    M    M    M  6.2 17  30   M    M   2        23 280
16  73  53  63   M   2   0    M    M    M  7.1 12  20   M    M   1         M   M
17  84  44  64   M   1   0    M    M    M  4.1 13 120   M    M   0        17 130
================================================================================
SM 1455  985        22 140     M    M    118.0          M       30
================================================================================
AV 85.6 57.9                               6.9 FASTST   M    M   2    MAX(MPH)
                                 MISC ---->    31  40                 39  40
================================================================================
NOTES:
# LAST OF SEVERAL OCCURRENCES

COLUMN 17 PEAK WIND IN M.P.H.

PRELIMINARY LOCAL CLIMATOLOGICAL DATA (WS FORM: F-6) , PAGE 2

                                          STATION:   PECOS MUNICIPAL AIRPORT
                                          MONTH:     OCTOBER
                                          YEAR:      2019
                                          LATITUDE:   31 22 N
                                          LONGITUDE: 103 31 W

[TEMPERATURE DATA]      [PRECIPITATION DATA]       SYMBOLS USED IN COLUMN 16

AVERAGE MONTHLY: 71.8   TOTAL FOR MONTH:      M    1 = FOG OR MIST
DPTR FM NORMAL:   0.0   DPTR FM NORMAL:       M    2 = FOG REDUCING VISIBILITY
HIGHEST:    96 ON  6    GRTST 24HR      M ON  M       TO 1/4 MILE OR LESS
LOWEST:     41 ON 12                               3 = THUNDER
                        SNOW, ICE PELLETS, HAIL    4 = ICE PELLETS
                        TOTAL MONTH:  M            5 = HAIL
                        GRTST 24HR    M  ON   M    6 = FREEZING RAIN OR DRIZZLE
                        GRTST DEPTH:  M  ON   M    7 = DUSTSTORM OR SANDSTORM:
                                                       VSBY 1/2 MILE OR LESS
                                                   8 = SMOKE OR HAZE
[NO. OF DAYS WITH]      [WEATHER - DAYS WITH]      9 = BLOWING SNOW
                                                   X = TORNADO
MAX 32 OR BELOW:   0    0.01 INCH OR MORE:   0
MAX 90 OR ABOVE:   8    0.10 INCH OR MORE:   0
MIN 32 OR BELOW:   0    0.50 INCH OR MORE:   0
MIN  0 OR BELOW:   0    1.00 INCH OR MORE:   0

[HDD (BASE 65) ]
TOTAL THIS MO.    22    CLEAR  (SCALE 0-3)  13
DPTR FM NORMAL     M    PTCLDY (SCALE 4-7)   4
TOTAL FM JUL 1    22    CLOUDY (SCALE 8-10)  0
DPTR FM NORMAL     M

[CDD (BASE 65) ]
TOTAL THIS MO.   140
DPTR FM NORMAL     M    [PRESSURE DATA]
TOTAL FM JAN 1  2948    HIGHEST SLP M ON M
DPTR FM NORMAL     M    LOWEST  SLP M ON M

[REMARKS]
