541
CXUS56 KFGZ 160900
CF6PGA
PRELIMINARY LOCAL CLIMATOLOGICAL DATA (WS FORM: F-6)

                                          STATION:   PAGE AZ AIRPORT
                                          MONTH:     OCTOBER
                                          YEAR:      2019
                                          LATITUDE:   36 55 N
                                          LONGITUDE: 111 27 W

  TEMPERATURE IN F:       :PCPN:    SNOW:  WIND      :SUNSHINE: SKY     :PK WND
================================================================================
1   2   3   4   5  6A  6B    7    8   9   10  11  12  13   14  15   16   17  18
                                     12Z  AVG MX 2MIN
DY MAX MIN AVG DEP HDD CDD  WTR  SNW DPTH SPD SPD DIR MIN PSBL S-S WX    SPD DR
================================================================================

 1  77  50  64  -2   1   0 0.00    M    M  6.3 15 230   M    M   0        26 230
 2  76  48  62  -3   3   0 0.00    M    M  4.1 10 360   M    M   0        14  40
 3  82  48  65   0   0   0 0.00    M    M  3.9 10 200   M    M   0        13 210
 4  85  59  72   8   0   7 0.00    M    M  5.4 17 290   M    M   0        27 280
 5  77  51  64   0   1   0 0.00    M    M  4.4  8  60   M    M   0        12  20
 6  75  52  64   1   1   0 0.00    M    M  5.6 14  40   M    M   0        16  50
 7  75  44  60  -3   5   0 0.00    M    M  2.9  9  30   M    M   0        14  50
 8  81  48  65   2   0   0 0.00    M    M  3.2  8  50   M    M   0        13 340
 9  85  53  69   7   0   4 0.00    M    M  6.7 20 300   M    M   0        32 300
10  59  43  51 -11  14   0 0.00    M    M  7.1 17 300   M    M   0        27 280
11  60  33  47 -14  18   0 0.00    M    M  4.0 10  10   M    M   0        16  40
12  65  35  50 -11  15   0 0.00    M    M  2.1  9 360   M    M   0        12  50
13  71  40  56  -4   9   0 0.00    M    M  3.0  8  40   M    M   0        10  10
14  75  46  61   1   4   0 0.00    M    M  3.6 12  20   M    M   0        21  10
15  76  50  63   4   2   0 0.00    M    M  2.8  8  20   M    M   0        12  20
================================================================================
SM 1119  700        73  11  0.00    M     65.1          M        0
================================================================================
AV 74.6 46.7                               4.3 FASTST   M    M   0    MAX(MPH)
                                 MISC ---->  # 20 300               # 32  300
================================================================================
NOTES:
# LAST OF SEVERAL OCCURRENCES

COLUMN 17 PEAK WIND IN M.P.H.

PRELIMINARY LOCAL CLIMATOLOGICAL DATA (WS FORM: F-6) , PAGE 2

                                          STATION:  PAGE AZ AIRPORT
                                          MONTH:    OCTOBER
                                          YEAR:     2019
                                          LATITUDE:   36 55 N
                                          LONGITUDE: 111 27 W

[TEMPERATURE DATA]      [PRECIPITATION DATA]       SYMBOLS USED IN COLUMN 16

AVERAGE MONTHLY: 60.6   TOTAL FOR MONTH:   0.00    1 = FOG OR MIST
DPTR FM NORMAL:  -1.9   DPTR FM NORMAL:   -0.58    2 = FOG REDUCING VISIBILITY
HIGHEST:    85 ON  9, 4 GRTST 24HR  0.00 ON 15-15      TO 1/4 MILE OR LESS
LOWEST:     33 ON 11                               3 = THUNDER
                        SNOW, ICE PELLETS, HAIL    4 = ICE PELLETS
                        TOTAL MONTH:    M          5 = HAIL
                        GRTST 24HR    M  ON   M    6 = FREEZING RAIN OR DRIZZLE
                        GRTST DEPTH:  M  ON   M    7 = DUSTSTORM OR SANDSTORM:
                                                       VSBY 1/2 MILE OR LESS
                                                   8 = SMOKE OR HAZE
[NO. OF DAYS WITH]      [WEATHER - DAYS WITH]      9 = BLOWING SNOW
                                                   X = TORNADO
MAX 32 OR BELOW:   0    0.01 INCH OR MORE:   0
MAX 90 OR ABOVE:   0    0.10 INCH OR MORE:   0
MIN 32 OR BELOW:   0    0.50 INCH OR MORE:   0
MIN  0 OR BELOW:   0    1.00 INCH OR MORE:   0

[HDD (BASE 65) ]
TOTAL THIS MO.    73    CLEAR  (SCALE 0-3)  15
DPTR FM NORMAL    14    PTCLDY (SCALE 4-7)   0
TOTAL FM JUL 1    73    CLOUDY (SCALE 8-10)  0
DPTR FM NORMAL    -4

[CDD (BASE 65) ]
TOTAL THIS MO.    11
DPTR FM NORMAL   -11    [PRESSURE DATA]
TOTAL FM JAN 1  2158    HIGHEST SLP M ON M
DPTR FM NORMAL   311    LOWEST  SLP 29.68 ON 10

[REMARKS]
