000
CXUS56 KFGZ 220900
CF6PGA
PRELIMINARY LOCAL CLIMATOLOGICAL DATA (WS FORM: F-6)

                                          STATION:   PAGE AZ AIRPORT
                                          MONTH:     MAY
                                          YEAR:      2018
                                          LATITUDE:   36 55 N
                                          LONGITUDE: 111 27 W

  TEMPERATURE IN F:       :PCPN:    SNOW:  WIND      :SUNSHINE: SKY     :PK WND
================================================================================
1   2   3   4   5  6A  6B    7    8   9   10  11  12  13   14  15   16   17  18
                                     12Z  AVG MX 2MIN
DY MAX MIN AVG DEP HDD CDD  WTR  SNW DPTH SPD SPD DIR MIN PSBL S-S WX    SPD DR
================================================================================

 1  67  52  60  -3   5   0    T    M    M  8.4 29 160   M    M   7        37 150
 2  54  46  50 -13  15   0 0.17    M    M  6.2 16 280   M    M  10 1      26 280
 3  70  48  59  -4   6   0 0.01    M    M  4.1 13  70   M    M   5        16  60
 4  77  50  64   0   1   0 0.00    M    M  3.0 12  40   M    M   0        15 350
 5  84  54  69   5   0   4 0.00    M    M  5.0 12 360   M    M   0        18  10
 6  87  59  73   8   0   8 0.00    M    M  4.7 14  10   M    M   0        16  10
 7  92  62  77  12   0  12 0.00    M    M  4.0 12 280   M    M   0        18 280
 8  95  60  78  13   0  13 0.00  0.0    0  4.3  9 140   M    M   0         M  M
 9  95  66  81  15   0  16 0.00  0.0    0  5.1 15 260   M    M   0        23 280
10  94  66  80  14   0  15 0.00  0.0    0  8.8 23 220   M    M   0        35 200
11  89  71  80  14   0  15 0.00  0.0    M 11.2 24 220   M    M   0        37 210
12  76  62  69   2   0   4 0.00  0.0    0 10.1 21 180   M    M   1        30 240
13  79  53  66  -1   0   1 0.00  0.0    0  4.7 17 210   M    M   2        27 250
14  83  54  69   1   0   4 0.00  0.0    0  5.1 16 200   M    M   0        25 230
15  85  55  70   2   0   5 0.00    M    M  4.9 17  30   M    M   0        22  20
16  90  57  74   6   0   9 0.00    M    M  5.1 17 200   M    M   0 8      31 150
17  88  59  74   5   0   9 0.00    M    M  5.5 20 180   M    M   0        28 140
18  84  56  70   1   0   5 0.00    M    0  5.4 16 290   M    M   0        25 270
19  86  60  73   4   0   8 0.00    M    0  5.1 13 330   M    M   0        19 240
20  84  62  73   3   0   8    T  0.0    0  5.7 25 140   M    M   0        36 160
21  85  59  72   2   0   7 0.00  0.0    0  5.6 23 150   M    M   0        27 160
================================================================================
SM 1744 1211        27 143  0.18     0.0 122.0          M       25
================================================================================
AV 83.1 57.7                               5.8 FASTST   M    M   1    MAX(MPH)
                                 MISC ---->  # 29 160               # 37  150
================================================================================
NOTES:
# LAST OF SEVERAL OCCURRENCES

COLUMN 17 PEAK WIND IN M.P.H.

PRELIMINARY LOCAL CLIMATOLOGICAL DATA (WS FORM: F-6) , PAGE 2

                                          STATION:  PAGE AZ AIRPORT
                                          MONTH:    MAY
                                          YEAR:     2018
                                          LATITUDE:   36 55 N
                                          LONGITUDE: 111 27 W

[TEMPERATURE DATA]      [PRECIPITATION DATA]       SYMBOLS USED IN COLUMN 16

AVERAGE MONTHLY: 70.4   TOTAL FOR MONTH:   0.18    1 = FOG OR MIST
DPTR FM NORMAL:   3.9   DPTR FM NORMAL:   -0.16    2 = FOG REDUCING VISIBILITY
HIGHEST:    95 ON  9, 8 GRTST 24HR  0.17 ON  2- 2      TO 1/4 MILE OR LESS
LOWEST:     46 ON  2                               3 = THUNDER
                        SNOW, ICE PELLETS, HAIL    4 = ICE PELLETS
                        TOTAL MONTH:   0.0 INCH    5 = HAIL
                        GRTST 24HR     0.0         6 = FREEZING RAIN OR DRIZZLE
                        GRTST DEPTH:   0           7 = DUSTSTORM OR SANDSTORM:
                                                       VSBY 1/2 MILE OR LESS
                                                   8 = SMOKE OR HAZE
[NO. OF DAYS WITH]      [WEATHER - DAYS WITH]      9 = BLOWING SNOW
                                                   X = TORNADO
MAX 32 OR BELOW:   0    0.01 INCH OR MORE:   2
MAX 90 OR ABOVE:   5    0.10 INCH OR MORE:   1
MIN 32 OR BELOW:   0    0.50 INCH OR MORE:   0
MIN  0 OR BELOW:   0    1.00 INCH OR MORE:   0

[HDD (BASE 65) ]
TOTAL THIS MO.    27    CLEAR  (SCALE 0-3)  18
DPTR FM NORMAL   -24    PTCLDY (SCALE 4-7)   2
TOTAL FM JUL 1  3102    CLOUDY (SCALE 8-10)  1
DPTR FM NORMAL  -834

[CDD (BASE 65) ]
TOTAL THIS MO.   143
DPTR FM NORMAL    64    [PRESSURE DATA]
TOTAL FM JAN 1   212    HIGHEST SLP M ON M
DPTR FM NORMAL   120    LOWEST  SLP 29.55 ON 11

[REMARKS]
