000
CXUS56 KFGZ 220900
CF6PGA
PRELIMINARY LOCAL CLIMATOLOGICAL DATA (WS FORM: F-6)

                                          STATION:   PAGE AZ AIRPORT
                                          MONTH:     FEBRUARY
                                          YEAR:      2019
                                          LATITUDE:   36 55 N
                                          LONGITUDE: 111 27 W

  TEMPERATURE IN F:       :PCPN:    SNOW:  WIND      :SUNSHINE: SKY     :PK WND
================================================================================
1   2   3   4   5  6A  6B    7    8   9   10  11  12  13   14  15   16   17  18
                                     12Z  AVG MX 2MIN
DY MAX MIN AVG DEP HDD CDD  WTR  SNW DPTH SPD SPD DIR MIN PSBL S-S WX    SPD DR
================================================================================

 1  53  34  44   5  21   0 0.00  0.0    0  1.7  9  30   M    M   2 8      12  30
 2  53  35  44   5  21   0 0.01    M    M  2.6 17 170   M    M   8 8      25 170
 3  59  42  51  12  14   0 0.01    M    M  6.5 22 180   M    M   5        31 200
 4  53  37  45   6  20   0    T    M    M  4.7 20 190   M    M   3        27 190
 5  53  33  43   3  22   0 0.01    M    M 11.8 25 200   M    M   4        43 210
 6  39  29  34  -6  31   0    T    M    M  9.8 21 280   M    M   7        35 280
 7  39  25  32  -8  33   0 0.00    M    M  3.9 10  50   M    M   0        17 220
 8  42  22  32  -8  33   0 0.00    M    M  2.0  9 350   M    M   0 8      13 360
 9  45  26  36  -4  29   0 0.00    M    M  3.5 12 320   M    M   0        15 320
10  54  26  40  -1  25   0    T    M    M  6.8 21 200   M    M   0 8      30 180
11  43  28  36  -5  29   0 0.02    M    M  8.5 20 280   M    M   1 1      30 270
12  45  23  34  -7  31   0 0.00    M    M  2.9  9 360   M    M   0 8      11  20
13  48  30  39  -2  26   0    T    M    M  3.6 14 330   M    M   5 8      19 330
14  43  39  41  -1  24   0 0.80    M    M  2.1 12 170   M    M   9 1      14 180
15  51  37  44   2  21   0    T    M    M  6.1 16 250   M    M   1 12     29 240
16  47  32  40  -2  25   0 0.03    M    M  7.7 29 270   M    M   3 1      47 290
17  43  28  36  -6  29   0 0.00    M    M  4.0 12 210   M    M   5        17 300
18  34  24  29 -14  36   0 0.56    M    M  3.0 13 280   M    M   9 12     18 270
19  37  24  31 -12  34   0 0.00  0.0    M  5.9 15 270   M    M   7        24 270
20  34  20  27 -16  38   0    T    M    0  4.5 10 130   M    M   5 18     12 140
21  39  29  34 -10  31   0 0.01    M    M  5.7 16 140   M    M   6 1      22 140
================================================================================
SM  954  623       573   0  1.45     0.0 107.3          M       80
================================================================================
AV 45.4 29.7                               5.1 FASTST   M    M   4    MAX(MPH)
                                 MISC ---->  # 29 270               # 47  290
================================================================================
NOTES:
# LAST OF SEVERAL OCCURRENCES

COLUMN 17 PEAK WIND IN M.P.H.

PRELIMINARY LOCAL CLIMATOLOGICAL DATA (WS FORM: F-6) , PAGE 2

                                          STATION:  PAGE AZ AIRPORT
                                          MONTH:    FEBRUARY
                                          YEAR:     2019
                                          LATITUDE:   36 55 N
                                          LONGITUDE: 111 27 W

[TEMPERATURE DATA]      [PRECIPITATION DATA]       SYMBOLS USED IN COLUMN 16

AVERAGE MONTHLY: 37.6   TOTAL FOR MONTH:   1.45    1 = FOG OR MIST
DPTR FM NORMAL:  -3.5   DPTR FM NORMAL:    0.98    2 = FOG REDUCING VISIBILITY
HIGHEST:    59 ON  3    GRTST 24HR  0.80 ON 14-14      TO 1/4 MILE OR LESS
LOWEST:     20 ON 20                               3 = THUNDER
                        SNOW, ICE PELLETS, HAIL    4 = ICE PELLETS
                        TOTAL MONTH:   0.0 INCH    5 = HAIL
                        GRTST 24HR     0.0         6 = FREEZING RAIN OR DRIZZLE
                        GRTST DEPTH:   0           7 = DUSTSTORM OR SANDSTORM:
                                                       VSBY 1/2 MILE OR LESS
                                                   8 = SMOKE OR HAZE
[NO. OF DAYS WITH]      [WEATHER - DAYS WITH]      9 = BLOWING SNOW
                                                   X = TORNADO
MAX 32 OR BELOW:   0    0.01 INCH OR MORE:   8
MAX 90 OR ABOVE:   0    0.10 INCH OR MORE:   2
MIN 32 OR BELOW:  14    0.50 INCH OR MORE:   2
MIN  0 OR BELOW:   0    1.00 INCH OR MORE:   0

[HDD (BASE 65) ]
TOTAL THIS MO.   573    CLEAR  (SCALE 0-3)  10
DPTR FM NORMAL    69    PTCLDY (SCALE 4-7)   9
TOTAL FM JUL 1  3098    CLOUDY (SCALE 8-10)  2
DPTR FM NORMAL    45

[CDD (BASE 65) ]
TOTAL THIS MO.     0
DPTR FM NORMAL     0    [PRESSURE DATA]
TOTAL FM JAN 1     0    HIGHEST SLP M ON M
DPTR FM NORMAL     0    LOWEST  SLP 29.51 ON 21

[REMARKS]
