000
CXUS51 KPBZ 230904
CF6PHD
PRELIMINARY LOCAL CLIMATOLOGICAL DATA (WS FORM: F-6)

                                          STATION:   NEW PHILADELPHIA OH
                                          MONTH:     JANUARY
                                          YEAR:      2019
                                          LATITUDE:   40 28 N
                                          LONGITUDE:  81 25 W

  TEMPERATURE IN F:       :PCPN:    SNOW:  WIND      :SUNSHINE: SKY     :PK WND
================================================================================
1   2   3   4   5  6A  6B    7    8   9   10  11  12  13   14  15   16   17  18
                                     12Z  AVG MX 2MIN
DY MAX MIN AVG DEP HDD CDD  WTR  SNW DPTH SPD SPD DIR MIN PSBL S-S WX    SPD DR
================================================================================

 1  60  38  49  20  16   0    T    M    M  7.7 25 250   M    M  10 1      41 270
 2  42  35  39  10  26   0    T    M    M  4.0 13 250   M    M   9 1      18 230
 3  41  30  36   7  29   0    T    M    0  5.8 16 300   M    M   6        24 290
 4  48  29  39  10  26   0 0.02    M    0  3.7  8  10   M    M   1 18     10  20
 5  50  34  42  13  23   0 0.02    M    0  5.7 13 260   M    M   3        17 250
 6  45  31  38   9  27   0 0.00  0.0    0  5.3 13 340   M    M   3        16 360
 7  58  31  45  16  20   0    T    M    0  9.2 18 240   M    M   4        34 210
 8  62  40  51  22  14   0 0.08    M    0 10.9 29 240   M    M   7        47 230
 9  40  23  32   3  33   0 0.01    M    0 11.6 22 300   M    M  10 1      30 290
10  25  21  23  -6  42   0    T    M    0  7.9 16 290   M    M  10 8      24 290
11  30  22  26  -3  39   0    T    M    0  3.5 10 330   M    M   6 8      13 300
12  28  23  26  -3  39   0 0.17    M    0  2.9 10  70   M    M   7 18     14  60
13  32  23  28  -1  37   0    T    M    0  5.9 15  30   M    M   8 1      19  20
14  31  14  23  -6  42   0 0.00    M    M  3.0 10 290   M    M   7 18     13 280
15  28  11  20  -9  45   0 0.00  0.0    0  4.5 14 230   M    M   8 18     21 220
16  33  28  31   2  34   0    T    M    0  5.8 13 290   M    M  10 16     18 290
17  33  27  30   1  35   0 0.02    M    0  4.9 10 120   M    M  10 18     13 120
18  36  32  34   5  31   0    T    M    0  3.5 10 290   M    M   9 1      14 320
19  34  27  31   2  34   0 0.57    M    0  6.8 18  20   M    M   9 168    31 320
20  27   4  16 -13  49   0 0.05    M    0 14.3 44 330   M    M   8 128     0   0
21  13  -4   5 -24  60   0 0.00  0.0    0  5.2 13 290   M    M   4        18 300
22  41  -6  18 -11  47   0 0.00  0.0    0  5.0 14 140   M    M   2        20 140
================================================================================
SM  837  513       748   0  0.94     0.0 137.1          M      151
================================================================================
AV 38.1 23.3                               6.2 FASTST   M    M   7    MAX(MPH)
                                 MISC ---->  # 44 330               # 47  230
================================================================================
NOTES:
# LAST OF SEVERAL OCCURRENCES

COLUMN 17 PEAK WIND IN M.P.H.

PRELIMINARY LOCAL CLIMATOLOGICAL DATA (WS FORM: F-6) , PAGE 2

                                          STATION:  NEW PHILADELPHIA OH
                                          MONTH:    JANUARY
                                          YEAR:     2019
                                          LATITUDE:   40 28 N
                                          LONGITUDE:  81 25 W

[TEMPERATURE DATA]      [PRECIPITATION DATA]       SYMBOLS USED IN COLUMN 16

AVERAGE MONTHLY: 30.7   TOTAL FOR MONTH:   0.94    1 = FOG OR MIST
DPTR FM NORMAL:   1.7   DPTR FM NORMAL:   -0.94    2 = FOG REDUCING VISIBILITY
HIGHEST:    62 ON  8    GRTST 24HR  0.78 ON 31- 1      TO 1/4 MILE OR LESS
LOWEST:     -6 ON 22                               3 = THUNDER
                        SNOW, ICE PELLETS, HAIL    4 = ICE PELLETS
                        TOTAL MONTH:   0.0 INCH    5 = HAIL
                        GRTST 24HR     0.0         6 = FREEZING RAIN OR DRIZZLE
                        GRTST DEPTH:   0           7 = DUSTSTORM OR SANDSTORM:
                                                       VSBY 1/2 MILE OR LESS
                                                   8 = SMOKE OR HAZE
[NO. OF DAYS WITH]      [WEATHER - DAYS WITH]      9 = BLOWING SNOW
                                                   X = TORNADO
MAX 32 OR BELOW:   8    0.01 INCH OR MORE:   8
MAX 90 OR ABOVE:   0    0.10 INCH OR MORE:   2
MIN 32 OR BELOW:  18    0.50 INCH OR MORE:   1
MIN  0 OR BELOW:   2    1.00 INCH OR MORE:   0

[HDD (BASE 65) ]
TOTAL THIS MO.   748    CLEAR  (SCALE 0-3)   4
DPTR FM NORMAL   -44    PTCLDY (SCALE 4-7)  10
TOTAL FM JUL 1  2884    CLOUDY (SCALE 8-10)  8
DPTR FM NORMAL   -69

[CDD (BASE 65) ]
TOTAL THIS MO.     0
DPTR FM NORMAL     0    [PRESSURE DATA]
TOTAL FM JAN 1     0    HIGHEST SLP M ON M
DPTR FM NORMAL     0    LOWEST  SLP 29.53 ON 19

[REMARKS]
