000
CXUS51 KPBZ 240830
CF6PHD
PRELIMINARY LOCAL CLIMATOLOGICAL DATA (WS FORM: F-6)

                                          STATION:   NEW PHILADELPHIA OH
                                          MONTH:     JANUARY
                                          YEAR:      2020
                                          LATITUDE:   40 28 N
                                          LONGITUDE:  81 25 W

  TEMPERATURE IN F:       :PCPN:    SNOW:  WIND      :SUNSHINE: SKY     :PK WND
================================================================================
1   2   3   4   5  6A  6B    7    8   9   10  11  12  13   14  15   16   17  18
                                     12Z  AVG MX 2MIN
DY MAX MIN AVG DEP HDD CDD  WTR  SNW DPTH SPD SPD DIR MIN PSBL S-S WX    SPD DR
================================================================================

 1  40  30  35   6  30   0    T    M    M  6.6 15 240   M    M   6 16     23 270
 2  49  30  40  11  25   0    T    M    M  6.7 14 200   M    M   6        22 210
 3  52  46  49  20  16   0 0.81    M    M  1.7  9 320   M    M  10 1      12 310
 4  47  33  40  11  25   0 0.16    M    M  7.6 20 320   M    M  10 1      29 340
 5  41  30  36   7  29   0 0.00    M    M  8.4 17 290   M    M  10        26 290
 6  43  31  37   8  28   0 0.00    M    M  7.3 18 280   M    M   5        27 270
 7  45  25  35   6  30   0 0.00    M    M  3.5 14 260   M    M   3        20 270
 8  37  18  28  -1  37   0    T    M    M  9.7 21 290   M    M   3        28 300
 9  50  17  34   5  31   0 0.00    M    M  6.2 14 160   M    M   0        22 160
10  55  44  50  21  15   0 0.15    M    M  7.0 16 180   M    M   9        23 160
11  71  50  61  32   4   0 0.36    M    M 10.7 23 180   M    M   8 1      34 160
12  63  37  50  21  15   0 0.07    M    M  7.7 26 230   M    M  10 1      45 230
13  49  31  40  11  25   0 0.00    M    M  2.2 10 260   M    M   5 1      16 270
14  53  31  42  13  23   0 0.00    M    M  4.0 12 250   M    M   5 18     17 260
15  52  30  41  12  24   0 0.03    M    M  4.8 15 260   M    M   9 12     24 270
16  49  27  38   9  27   0    T    M    M 12.5 24 340   M    M  10 1      33 290
17  30  22  26  -3  39   0    T    M    M  6.0 14  10   M    M   5        19 360
18  46  26  36   7  29   0 0.83    M    M  9.8 23 290   M    M  10 16     36 280
19  35  16  26  -3  39   0    T    M    M 10.3 22 290   M    M  10        33 280
20  26  15  21  -8  44   0    T    M    M  5.3 10 330   M    M  10 18     15 330
21  25  13  19 -10  46   0 0.00    M    M  1.5  9 330   M    M   6        11 340
22  36  10  23  -6  42   0 0.00    M    M  2.6  9 170   M    M   0 18     12 170
23  42  20  31   2  34   0 0.00    M    M  2.4  9 220   M    M   3        12 210
================================================================================
SM 1036  632       657   0  2.41    M    144.5          M      153
================================================================================
AV 45.0 27.5                               6.3 FASTST   M    M   7    MAX(MPH)
                                 MISC ---->    26 230                 45 230
================================================================================
NOTES:
# LAST OF SEVERAL OCCURRENCES

COLUMN 17 PEAK WIND IN M.P.H.

PRELIMINARY LOCAL CLIMATOLOGICAL DATA (WS FORM: F-6) , PAGE 2

                                          STATION:   NEW PHILADELPHIA OH
                                          MONTH:     JANUARY
                                          YEAR:      2020
                                          LATITUDE:   40 28 N
                                          LONGITUDE:  81 25 W

[TEMPERATURE DATA]      [PRECIPITATION DATA]       SYMBOLS USED IN COLUMN 16

AVERAGE MONTHLY: 36.3   TOTAL FOR MONTH:   2.41    1 = FOG OR MIST
DPTR FM NORMAL:   7.3   DPTR FM NORMAL:    0.46    2 = FOG REDUCING VISIBILITY
HIGHEST:    71 ON 11    GRTST 24HR  0.83 ON 18-18      TO 1/4 MILE OR LESS
LOWEST:     10 ON 22                               3 = THUNDER
                        SNOW, ICE PELLETS, HAIL    4 = ICE PELLETS
                        TOTAL MONTH:  M            5 = HAIL
                        GRTST 24HR    M  ON   M    6 = FREEZING RAIN OR DRIZZLE
                        GRTST DEPTH:  M  ON   M    7 = DUSTSTORM OR SANDSTORM:
                                                       VSBY 1/2 MILE OR LESS
                                                   8 = SMOKE OR HAZE
[NO. OF DAYS WITH]      [WEATHER - DAYS WITH]      9 = BLOWING SNOW
                                                   X = TORNADO
MAX 32 OR BELOW:   3    0.01 INCH OR MORE:   7
MAX 90 OR ABOVE:   0    0.10 INCH OR MORE:   5
MIN 32 OR BELOW:  18    0.50 INCH OR MORE:   2
MIN  0 OR BELOW:   0    1.00 INCH OR MORE:   0

[HDD (BASE 65) ]
TOTAL THIS MO.   657    CLEAR  (SCALE 0-3)   4
DPTR FM NORMAL  -171    PTCLDY (SCALE 4-7)   9
TOTAL FM JUL 1  2650    CLOUDY (SCALE 8-10) 10
DPTR FM NORMAL  -339

[CDD (BASE 65) ]
TOTAL THIS MO.     0
DPTR FM NORMAL     0    [PRESSURE DATA]
TOTAL FM JAN 1     0    HIGHEST SLP M ON M
DPTR FM NORMAL     0    LOWEST  SLP 29.62 ON 12

[REMARKS]
