005
CXUS51 KPBZ 270730
CF6PHD
PRELIMINARY LOCAL CLIMATOLOGICAL DATA (WS FORM: F-6)

                                          STATION:   NEW PHILADELPHIA OH
                                          MONTH:     MAY
                                          YEAR:      2024
                                          LATITUDE:   40 28 N
                                          LONGITUDE:  81 25 W

  TEMPERATURE IN F:       :PCPN:    SNOW:  WIND      :SUNSHINE: SKY     :PK WND
================================================================================
1   2   3   4   5  6A  6B    7    8   9   10  11  12  13   14  15   16   17  18
                                     12Z  AVG MX 2MIN
DY MAX MIN AVG DEP HDD CDD  WTR  SNW DPTH SPD SPD DIR MIN PSBL S-S WX    SPD DR
================================================================================

 1  81  45  63   6   2   0 0.00    M    M  4.6 15 190   M    M   2 12     25 210
 2  85  52  69  12   0   4 0.00    M    M  1.7  9 330   M    M   0 1      14 340
 3  78  57  68  11   0   3 0.11    M    M  1.7 13 260   M    M   4        20 290
 4  72  64  68  10   0   3 0.05    M    M  5.5 14 100   M    M  10 13     17 100
 5  78  64  71  13   0   6 0.47    M    M  4.6 13 310   M    M   8 13     18 210
 6  70  60  65   7   0   0 0.00    M    M  3.4  9  40   M    M   8 1      12  80
 7  78  59  69  11   0   4 0.02    M    M  3.4  8 180   M    M   8 3      16  99
 8  81  58  70  11   0   5    T    M    M  6.6 18 290   M    M   2 13     29 290
 9  62  52  57  -2   8   0 0.17    M    M  3.4 14  40   M    M   7 1      22  40
10  67  44  56  -3   9   0 0.01    M    M  5.9 15 330   M    M   6        23  30
11  63  42  53  -7  12   0 0.50    M    M  5.3 18 300   M    M   8 12     32 300
12  69  43  56  -4   9   0 0.00    M    M  4.9 15 300   M    M   1        22 290
13  81  46  64   4   1   0 0.00    M    M  6.0 15 170   M    M   0 1      22 180
14  69  55  62   2   3   0    T    M    M  3.2  9 170   M    M   7        14 160
15  74  59  67   6   0   2 0.64    M    M  2.5 16 360   M    M   7 123    21 350
16  77  55  66   5   0   1 0.00    M    M  1.8  7 230   M    M   4 1      10 170
17  71  58  65   4   0   0 0.74    M    M  2.9 12 220   M    M   8 13     19 190
18  82  60  71   9   0   6 0.00    M    M  2.4  9  90   M    M   5 12     14  70
19  86  56  71   9   0   6 0.00    M    M  1.4 10 320   M    M   1 12     14 330
20  87  57  72  10   0   7 0.00    M    M  2.7 12 140   M    M   0        17 190
21  88  61  75  12   0  10 0.00    M    M  4.4 12 250   M    M   0        19 260
22  83  64  74  11   0   9    T    M    M  7.0 16 200   M    M   3        29 260
23  80  63  72   9   0   7 0.01    M    M  3.2 12 320   M    M   5 3      20 190
24  85  61  73   9   0   8 0.00    M    M  2.5  9 190   M    M   2 12     15 200
25  86  62  74  10   0   9    T    M    M  5.3 14 300   M    M   2 1      24 270
26  84  61  73   9   0   8 0.14    M    M  6.0 23 180   M    M   4 13     34 170
================================================================================
SM 2017 1458        44  98  2.86    M    102.3          M      112
================================================================================
AV 77.6 56.1                               3.9 FASTST   M    M   4    MAX(MPH)
                                 MISC ---->    23 180                 34 170
================================================================================
NOTES:
# LAST OF SEVERAL OCCURRENCES

COLUMN 17 PEAK WIND IN M.P.H.

PRELIMINARY LOCAL CLIMATOLOGICAL DATA (WS FORM: F-6) , PAGE 2

                                          STATION:   NEW PHILADELPHIA OH
                                          MONTH:     MAY
                                          YEAR:      2024
                                          LATITUDE:   40 28 N
                                          LONGITUDE:  81 25 W

[TEMPERATURE DATA]      [PRECIPITATION DATA]       SYMBOLS USED IN COLUMN 16

AVERAGE MONTHLY: 66.8   TOTAL FOR MONTH:   2.86    1 = FOG OR MIST
DPTR FM NORMAL:   6.4   DPTR FM NORMAL:   -0.29    2 = FOG REDUCING VISIBILITY
HIGHEST:    88 ON 21    GRTST 24HR  0.74 ON 17-17      TO 1/4 MILE OR LESS
LOWEST:     42 ON 11                               3 = THUNDER
                        SNOW, ICE PELLETS, HAIL    4 = ICE PELLETS
                        TOTAL MONTH:  M            5 = HAIL
                        GRTST 24HR    M  ON   M    6 = FREEZING RAIN OR DRIZZLE
                        GRTST DEPTH:  M  ON   M    7 = DUSTSTORM OR SANDSTORM:
                                                       VSBY 1/2 MILE OR LESS
                                                   8 = SMOKE OR HAZE
[NO. OF DAYS WITH]      [WEATHER - DAYS WITH]      9 = BLOWING SNOW
                                                   X = TORNADO
MAX 32 OR BELOW:   0    0.01 INCH OR MORE:  11
MAX 90 OR ABOVE:   0    0.10 INCH OR MORE:   7
MIN 32 OR BELOW:   0    0.50 INCH OR MORE:   3
MIN  0 OR BELOW:   0    1.00 INCH OR MORE:   0

[HDD (BASE 65) ]
TOTAL THIS MO.    44    CLEAR  (SCALE 0-3)  11
DPTR FM NORMAL  -116    PTCLDY (SCALE 4-7)  10
TOTAL FM JUL 1  4479    CLOUDY (SCALE 8-10)  5
DPTR FM NORMAL -1047

[CDD (BASE 65) ]
TOTAL THIS MO.    98
DPTR FM NORMAL    59    [PRESSURE DATA]
TOTAL FM JAN 1   117    HIGHEST SLP M ON M
DPTR FM NORMAL    70    LOWEST  SLP 29.62 ON  8

[REMARKS]