000
CXUS51 KPBZ 210730
CF6PHD
PRELIMINARY LOCAL CLIMATOLOGICAL DATA (WS FORM: F-6)

                                          STATION:   NEW PHILADELPHIA OH
                                          MONTH:     OCTOBER
                                          YEAR:      2019
                                          LATITUDE:   40 28 N
                                          LONGITUDE:  81 25 W

  TEMPERATURE IN F:       :PCPN:    SNOW:  WIND      :SUNSHINE: SKY     :PK WND
================================================================================
1   2   3   4   5  6A  6B    7    8   9   10  11  12  13   14  15   16   17  18
                                     12Z  AVG MX 2MIN
DY MAX MIN AVG DEP HDD CDD  WTR  SNW DPTH SPD SPD DIR MIN PSBL S-S WX    SPD DR
================================================================================

 1  91  65  78  20   0  13 0.00    M    M  3.3 14 260   M    M   3 1      20 290
 2  91  64  78  20   0  13 0.06    M    M  3.9 13 250   M    M   3 1      19 240
 3  91  62  77  20   0  12    T    M    M  6.6 16 310   M    M   5 12     26 270
 4  67  47  57   0   8   0 0.00    M    M  5.8 13 360   M    M   6        18 350
 5  71  43  57   1   8   0 0.00    M    M  5.4 14 130   M    M   0        20 120
 6  72  56  64   8   1   0 0.72    M    M  5.0 13 330   M    M   8 1      18 310
 7  60  52  56   0   9   0 0.36    M    M  1.0  7 330   M    M   7 12     10 330
 8  69  46  58   3   7   0 0.00    M    M  2.5 12 100   M    M   4 12     16  50
 9  73  41  57   2   8   0 0.00    M    M  2.4 10  60   M    M   1 1      13 110
10  76  45  61   7   4   0 0.00    M    M  1.3  9  90   M    M   0 1      12 110
11  79  49  64  10   1   0 0.00    M    M  4.2 12 140   M    M   2        15 150
12  67  37  52  -2  13   0 0.10    M    M  6.8 15 290   M    M   4 1      23 300
13  67  35  51  -2  14   0 0.00    M    M  5.5 16 210   M    M   0 1      23 230
14  65  39  52  -1  13   0 0.00    M    M  3.1 14 290   M    M   0        21 290
15  71  35  53   0  12   0 0.00    M    M  2.8 12 160   M    M   2 12     17 170
16  63  47  55   3  10   0 0.82    M    M  8.0 21 290   M    M   9 13     31 290
17  56  43  50  -2  15   0 0.01    M    M 10.1 17 290   M    M   9        29 290
18  58  37  48  -4  17   0 0.00    M    M  1.2 14 340   M    M   3 18     19 350
19  66  32  49  -3  16   0 0.00    M    M  2.0 10 120   M    M   3 12     15 120
20   M   M   M   M   M   M    M    M    M    M  M   M   M    M   M         M   M
================================================================================
SM 1353  875       156  38  2.07    M     80.9          M       69
================================================================================
AV 71.2 46.1                               4.3 FASTST   M    M   4    MAX(MPH)
                                 MISC ---->    21 290                 31 290
================================================================================
NOTES:
# LAST OF SEVERAL OCCURRENCES

COLUMN 17 PEAK WIND IN M.P.H.

PRELIMINARY LOCAL CLIMATOLOGICAL DATA (WS FORM: F-6) , PAGE 2

                                          STATION:   NEW PHILADELPHIA OH
                                          MONTH:     OCTOBER
                                          YEAR:      2019
                                          LATITUDE:   40 28 N
                                          LONGITUDE:  81 25 W

[TEMPERATURE DATA]      [PRECIPITATION DATA]       SYMBOLS USED IN COLUMN 16

AVERAGE MONTHLY: 58.6   TOTAL FOR MONTH:   2.07    1 = FOG OR MIST
DPTR FM NORMAL:   4.2   DPTR FM NORMAL:    0.29    2 = FOG REDUCING VISIBILITY
HIGHEST:    91 ON  3, 2  GRTST 24HR  1.07 ON  6- 7      TO 1/4 MILE OR LESS
LOWEST:     32 ON 19                               3 = THUNDER
                        SNOW, ICE PELLETS, HAIL    4 = ICE PELLETS
                        TOTAL MONTH:  M            5 = HAIL
                        GRTST 24HR    M  ON   M    6 = FREEZING RAIN OR DRIZZLE
                        GRTST DEPTH:  M  ON   M    7 = DUSTSTORM OR SANDSTORM:
                                                       VSBY 1/2 MILE OR LESS
                                                   8 = SMOKE OR HAZE
[NO. OF DAYS WITH]      [WEATHER - DAYS WITH]      9 = BLOWING SNOW
                                                   X = TORNADO
MAX 32 OR BELOW:   0    0.01 INCH OR MORE:   6
MAX 90 OR ABOVE:   3    0.10 INCH OR MORE:   4
MIN 32 OR BELOW:   1    0.50 INCH OR MORE:   2
MIN  0 OR BELOW:   0    1.00 INCH OR MORE:   0

[HDD (BASE 65) ]
TOTAL THIS MO.   156    CLEAR  (SCALE 0-3)  10
DPTR FM NORMAL   -65    PTCLDY (SCALE 4-7)   7
TOTAL FM JUL 1   165    CLOUDY (SCALE 8-10)  2
DPTR FM NORMAL  -162

[CDD (BASE 65) ]
TOTAL THIS MO.    38
DPTR FM NORMAL    29    [PRESSURE DATA]
TOTAL FM JAN 1   962    HIGHEST SLP M ON M
DPTR FM NORMAL   265    LOWEST  SLP 29.63 ON 16

[REMARKS]
