000
CXUS51 KPHI 180915
CF6PHL
PRELIMINARY LOCAL CLIMATOLOGICAL DATA (WS FORM: F-6)

                                          STATION:   PHILADELPHIA PA
                                          MONTH:     FEBRUARY
                                          YEAR:      2020
                                          LATITUDE:   39 52 N
                                          LONGITUDE:  75 15 W

  TEMPERATURE IN F:       :PCPN:    SNOW:  WIND      :SUNSHINE: SKY     :PK WND
================================================================================
1   2   3   4   5  6A  6B    7    8   9   10  11  12  13   14  15   16   17  18
                                     12Z  AVG MX 2MIN
DY MAX MIN AVG DEP HDD CDD  WTR  SNW DPTH SPD SPD DIR MIN PSBL S-S WX    SPD DR
================================================================================

 1  44  35  40   6  25   0 0.05  0.0    0  3.6  8 270   M    M  10 128    17 330
 2  43  34  39   5  26   0    T  0.0    0  8.4 20 270   M    M   8 18     23 270
 3  61  33  47  13  18   0 0.00  0.0    0  6.8 20 250   M    M   5        23 250
 4  64  43  54  20  11   0 0.10  0.0    0  4.9 13 200   M    M  10 1      16 220
 5  56  36  46  12  19   0 0.05  0.0    0  9.4 24  10   M    M  10 18     30  10
 6  47  36  42   8  23   0 0.47  0.0    0  4.5 17 340   M    M  10 1      21 330
 7  60  35  48  14  17   0 0.23  0.0    0 17.8 43 260   M    M  10 12     52 280
 8  45  30  38   4  27   0 0.00  0.0    0 10.6 22 250   M    M   4        28 250
 9  48  29  39   4  26   0 0.00  0.0    0  6.0 16 180   M    M   5        22 200
10  46  42  44   9  21   0 0.26  0.0    0 11.2 24 220   M    M  10 18     32 240
11  51  45  48  13  17   0 0.43  0.0    0  6.3 20 300   M    M  10 1      28 310
12  47  37  42   7  23   0 0.06  0.0    0  7.3 20 310   M    M   9 1      27 320
13  48  36  42   7  23   0 0.22  0.0    0  7.1 22 290   M    M  10 1      27 270
14  41  20  31  -5  34   0 0.00  0.0    0 14.2 28 300   M    M   4        34 320
15  32  14  23 -13  42   0 0.00  0.0    0  7.0 17  10   M    M   4        21 180
16  49  29  39   3  26   0 0.00  0.0    M  6.3 12 240   M    M   9        16 190
17  53  36  45   9  20   0 0.00  0.0    0  5.1 14  10   M    M   6        25  10
================================================================================
SM  835  570       398   0  1.87  0.0    136.5          M      134
================================================================================
AV 49.1 33.5                               8.0 FASTST   M    M   8    MAX(MPH)
                                 MISC ---->    43 260                 52 280
================================================================================
NOTES:
# LAST OF SEVERAL OCCURRENCES

COLUMN 17 PEAK WIND IN M.P.H.

PRELIMINARY LOCAL CLIMATOLOGICAL DATA (WS FORM: F-6) , PAGE 2

                                          STATION:   PHILADELPHIA PA
                                          MONTH:     FEBRUARY
                                          YEAR:      2020
                                          LATITUDE:   39 52 N
                                          LONGITUDE:  75 15 W

[TEMPERATURE DATA]      [PRECIPITATION DATA]       SYMBOLS USED IN COLUMN 16

AVERAGE MONTHLY: 41.3   TOTAL FOR MONTH:   1.87    1 = FOG OR MIST
DPTR FM NORMAL:   6.6   DPTR FM NORMAL:    0.27    2 = FOG REDUCING VISIBILITY
HIGHEST:    64 ON  4    GRTST 24HR  0.67 ON 10-11      TO 1/4 MILE OR LESS
LOWEST:     14 ON 15                               3 = THUNDER
                        SNOW, ICE PELLETS, HAIL    4 = ICE PELLETS
                        TOTAL MONTH:   0.0 INCH    5 = HAIL
                        GRTST 24HR  0.0            6 = FREEZING RAIN OR DRIZZLE
                        GRTST DEPTH:  0            7 = DUSTSTORM OR SANDSTORM:
                                                       VSBY 1/2 MILE OR LESS
                                                   8 = SMOKE OR HAZE
[NO. OF DAYS WITH]      [WEATHER - DAYS WITH]      9 = BLOWING SNOW
                                                   X = TORNADO
MAX 32 OR BELOW:   1    0.01 INCH OR MORE:   9
MAX 90 OR ABOVE:   0    0.10 INCH OR MORE:   6
MIN 32 OR BELOW:   5    0.50 INCH OR MORE:   0
MIN  0 OR BELOW:   0    1.00 INCH OR MORE:   0

[HDD (BASE 65) ]
TOTAL THIS MO.   398    CLEAR  (SCALE 0-3)   0
DPTR FM NORMAL  -118    PTCLDY (SCALE 4-7)   6
TOTAL FM JUL 1  2806    CLOUDY (SCALE 8-10) 11
DPTR FM NORMAL  -373

[CDD (BASE 65) ]
TOTAL THIS MO.     0
DPTR FM NORMAL     0    [PRESSURE DATA]
TOTAL FM JAN 1     0    HIGHEST SLP M ON M
DPTR FM NORMAL     0    LOWEST  SLP 28.89 ON  7

[REMARKS]
