000
CXUS51 KPHI 190816
CF6PHL
PRELIMINARY LOCAL CLIMATOLOGICAL DATA (WS FORM: F-6)

                                          STATION:   PHILADELPHIA PA
                                          MONTH:     JUNE
                                          YEAR:      2021
                                          LATITUDE:   39 52 N
                                          LONGITUDE:  75 15 W

  TEMPERATURE IN F:       :PCPN:    SNOW:  WIND      :SUNSHINE: SKY     :PK WND
================================================================================
1   2   3   4   5  6A  6B    7    8   9   10  11  12  13   14  15   16   17  18
                                     12Z  AVG MX 2MIN
DY MAX MIN AVG DEP HDD CDD  WTR  SNW DPTH SPD SPD DIR MIN PSBL S-S WX    SPD DR
================================================================================

 1  77  55  66  -3   0   1 0.00  0.0    0  6.4 14 240   M    M   8        19 230
 2  79  61  70   1   0   5 0.00  0.0    0  5.6 14 190   M    M   9        20 160
 3  81  63  72   2   0   7 0.31  0.0    0  5.4 18 290   M    M  10 13     26 250
 4  82  69  76   6   0  11 0.76  0.0    0  7.5 25 220   M    M   8 38     35 230
 5  93  66  80  10   0  15 0.00  0.0    0 10.3 18 250   M    M   3        22 230
 6  93  69  81  10   0  16 0.00  0.0    0  7.1 16 240   M    M   2 8      21 210
 7  94  72  83  12   0  18    T  0.0    0  7.8 18 250   M    M   6        23 250
 8  88  73  81  10   0  16 0.44  0.0    0  6.1 26 310   M    M   8 13     32 310
 9  89  71  80   8   0  15    T  0.0    0  5.3 17 230   M    M   8 138    26 220
10  84  65  75   3   0  10 0.00  0.0    0 10.8 21  80   M    M   7        27  80
11  67  63  65  -7   0   0 0.31  0.0    0 10.8 17  50   M    M  10 18     26  40
12  80  64  72  -1   0   7 0.00  0.0    0  6.7 12 130   M    M   8        23  20
13  79  63  71  -2   0   6 0.00  0.0    0  6.0 14 190   M    M   9        18 190
14  85  66  76   3   0  11 0.79  0.0    0  8.6 21 320   M    M   8 13     28 290
15  81  65  73  -1   0   8 0.04  0.0    0  9.5 21 300   M    M   5        28 330
16  79  63  71  -3   0   6 0.00  0.0    0  9.6 20 320   M    M   4        26 330
17  78  58  68  -6   0   3 0.00  0.0    0  7.0 16 310   M    M   3        24 360
18  85  60  73  -1   0   8 0.00  0.0    0 10.0 20 230   M    M   4        25 190
================================================================================
SM 1494 1166         0 163  2.65  0.0    140.5          M      120
================================================================================
AV 83.0 64.8                               7.8 FASTST   M    M   7    MAX(MPH)
                                 MISC ---->    26 310                 35 230
================================================================================
NOTES:
# LAST OF SEVERAL OCCURRENCES

COLUMN 17 PEAK WIND IN M.P.H.

PRELIMINARY LOCAL CLIMATOLOGICAL DATA (WS FORM: F-6) , PAGE 2

                                          STATION:   PHILADELPHIA PA
                                          MONTH:     JUNE
                                          YEAR:      2021
                                          LATITUDE:   39 52 N
                                          LONGITUDE:  75 15 W

[TEMPERATURE DATA]      [PRECIPITATION DATA]       SYMBOLS USED IN COLUMN 16

AVERAGE MONTHLY: 73.9   TOTAL FOR MONTH:   2.65    1 = FOG OR MIST
DPTR FM NORMAL:   2.1   DPTR FM NORMAL:    0.12    2 = FOG REDUCING VISIBILITY
HIGHEST:    94 ON  7    GRTST 24HR  0.83 ON 14-15      TO 1/4 MILE OR LESS
LOWEST:     55 ON  1                               3 = THUNDER
                        SNOW, ICE PELLETS, HAIL    4 = ICE PELLETS
                        TOTAL MONTH:   0.0 INCH    5 = HAIL
                        GRTST 24HR  0.0            6 = FREEZING RAIN OR DRIZZLE
                        GRTST DEPTH:  0            7 = DUSTSTORM OR SANDSTORM:
                                                       VSBY 1/2 MILE OR LESS
                                                   8 = SMOKE OR HAZE
[NO. OF DAYS WITH]      [WEATHER - DAYS WITH]      9 = BLOWING SNOW
                                                   X = TORNADO
MAX 32 OR BELOW:   0    0.01 INCH OR MORE:   6
MAX 90 OR ABOVE:   3    0.10 INCH OR MORE:   5
MIN 32 OR BELOW:   0    0.50 INCH OR MORE:   2
MIN  0 OR BELOW:   0    1.00 INCH OR MORE:   0

[HDD (BASE 65) ]
TOTAL THIS MO.     0    CLEAR  (SCALE 0-3)   3
DPTR FM NORMAL    -7    PTCLDY (SCALE 4-7)   9
TOTAL FM JUL 1  4108    CLOUDY (SCALE 8-10)  6
DPTR FM NORMAL  -399

[CDD (BASE 65) ]
TOTAL THIS MO.   163
DPTR FM NORMAL    31    [PRESSURE DATA]
TOTAL FM JAN 1   278    HIGHEST SLP M ON M
DPTR FM NORMAL    48    LOWEST  SLP 29.72 ON 14

[REMARKS]
