000
CXUS51 KPHI 220800
CF6PHL
PRELIMINARY LOCAL CLIMATOLOGICAL DATA (WS FORM: F-6)

                                          STATION:   PHILADELPHIA PA
                                          MONTH:     SEPTEMBER
                                          YEAR:      2018
                                          LATITUDE:   39 52 N
                                          LONGITUDE:  75 15 W

  TEMPERATURE IN F:       :PCPN:    SNOW:  WIND      :SUNSHINE: SKY     :PK WND
================================================================================
1   2   3   4   5  6A  6B    7    8   9   10  11  12  13   14  15   16   17  18
                                     12Z  AVG MX 2MIN
DY MAX MIN AVG DEP HDD CDD  WTR  SNW DPTH SPD SPD DIR MIN PSBL S-S WX    SPD DR
================================================================================

 1  79  69  74   0   0   9 0.08  0.0    0  8.1 14  80   M    M   9 1      20  30
 2  87  70  79   5   0  14    T  0.0    0  5.1 13 150   M    M   8        16 150
 3  93  74  84  10   0  19 0.00  0.0    0  4.5 15 240   M    M   6 128    19 240
 4  93  74  84  11   0  19 0.00  0.0    0  4.5 14 300   M    M   3        19 320
 5  95  75  85  12   0  20 0.00  0.0    0  4.7 13 180   M    M   3 1      17 160
 6  95  77  86  13   0  21 0.01  0.0    0  7.9 20 320   M    M   7 138    24 220
 7  87  71  79   7   0  14 4.54  0.0    0  8.0 25  40   M    M   9 13     32  70
 8  72  61  67  -5   0   2 0.63  0.0    0 13.4 21  40   M    M  10 1      27  10
 9  61  56  59 -13   6   0 1.84  0.0    0 13.8 23  80   M    M  10 1      28  70
10  71  55  63  -8   2   0 0.23  0.0    0 11.0 24  90   M    M  10 1      35 100
11  77  63  70  -1   0   5    T  0.0    0  5.1  9 350   M    M  10 1      17 360
12  85  71  78   7   0  13    T  0.0    0  5.0 13  60   M    M  10 12     21  30
13  78  70  74   4   0   9    T  0.0    0  9.1 16  80   M    M  10 1      21  40
14  76  68  72   2   0   7 0.00  0.0    0  9.7 17  60   M    M  10 1      31  20
15  81  66  74   4   0   9 0.00  0.0    0  5.5 12  40   M    M   7        18  70
16  86  65  76   7   0  11 0.00  0.0    0  4.3 10 150   M    M   6 1      15  30
17  80  65  73   4   0   8 0.01  0.0    0  7.2 15 160   M    M   9 1      20 160
18  82  68  75   7   0  10 0.26  0.0    0  9.5 22 210   M    M   8 13     26 200
19  84  67  76   8   0  11 0.00  0.0    0  6.7 15  10   M    M   4        25 350
20  76  66  71   3   0   6 0.00  0.0    0  6.5 13 130   M    M  10        17 140
21  76  66  71   4   0   6 0.00  0.0    0  8.1 17 200   M    M  10        25 180
================================================================================
SM 1714 1417         8 213  7.60     0.0 157.7          M      169
================================================================================
AV 81.6 67.5                               7.5 FASTST   M    M   8    MAX(MPH)
                                 MISC ---->  # 25  40               # 35  100
================================================================================
NOTES:
# LAST OF SEVERAL OCCURRENCES

COLUMN 17 PEAK WIND IN M.P.H.

PRELIMINARY LOCAL CLIMATOLOGICAL DATA (WS FORM: F-6) , PAGE 2

                                          STATION:  PHILADELPHIA PA
                                          MONTH:    SEPTEMBER
                                          YEAR:     2018
                                          LATITUDE:   39 52 N
                                          LONGITUDE:  75 15 W

[TEMPERATURE DATA]      [PRECIPITATION DATA]       SYMBOLS USED IN COLUMN 16

AVERAGE MONTHLY: 74.6   TOTAL FOR MONTH:   7.60    1 = FOG OR MIST
DPTR FM NORMAL:   3.6   DPTR FM NORMAL:    5.01    2 = FOG REDUCING VISIBILITY
HIGHEST:    95 ON  6, 5 GRTST 24HR  4.54 ON  7- 7      TO 1/4 MILE OR LESS
LOWEST:     55 ON 10                               3 = THUNDER
                        SNOW, ICE PELLETS, HAIL    4 = ICE PELLETS
                        TOTAL MONTH:   0.0 INCH    5 = HAIL
                        GRTST 24HR     0.0         6 = FREEZING RAIN OR DRIZZLE
                        GRTST DEPTH:   0           7 = DUSTSTORM OR SANDSTORM:
                                                       VSBY 1/2 MILE OR LESS
                                                   8 = SMOKE OR HAZE
[NO. OF DAYS WITH]      [WEATHER - DAYS WITH]      9 = BLOWING SNOW
                                                   X = TORNADO
MAX 32 OR BELOW:   0    0.01 INCH OR MORE:   8
MAX 90 OR ABOVE:   4    0.10 INCH OR MORE:   5
MIN 32 OR BELOW:   0    0.50 INCH OR MORE:   3
MIN  0 OR BELOW:   0    1.00 INCH OR MORE:   2

[HDD (BASE 65) ]
TOTAL THIS MO.     8    CLEAR  (SCALE 0-3)   2
DPTR FM NORMAL    -3    PTCLDY (SCALE 4-7)   7
TOTAL FM JUL 1     8    CLOUDY (SCALE 8-10) 12
DPTR FM NORMAL    -4

[CDD (BASE 65) ]
TOTAL THIS MO.   213
DPTR FM NORMAL    76    [PRESSURE DATA]
TOTAL FM JAN 1  1476    HIGHEST SLP M ON M
DPTR FM NORMAL   222    LOWEST  SLP 29.70 ON 18

[REMARKS]
