000
CXUS51 KPHI 190800
CF6PHL
PRELIMINARY LOCAL CLIMATOLOGICAL DATA (WS FORM: F-6)

                                          STATION:   PHILADELPHIA PA
                                          MONTH:     JUNE
                                          YEAR:      2018
                                          LATITUDE:   39 52 N
                                          LONGITUDE:  75 15 W

  TEMPERATURE IN F:       :PCPN:    SNOW:  WIND      :SUNSHINE: SKY     :PK WND
================================================================================
1   2   3   4   5  6A  6B    7    8   9   10  11  12  13   14  15   16   17  18
                                     12Z  AVG MX 2MIN
DY MAX MIN AVG DEP HDD CDD  WTR  SNW DPTH SPD SPD DIR MIN PSBL S-S WX    SPD DR
================================================================================

 1  85  70  78   9   0  13 0.06  0.0    0  5.6 13 230   M    M   7 128    15 240
 2  87  71  79  10   0  14 0.25  0.0    0  6.5 18  50   M    M   9 13     27  50
 3  71  53  62  -8   3   0 0.61  0.0    0 14.7 28  80   M    M  10 1      36  80
 4  74  52  63  -7   2   0 0.24  0.0    0  9.9 17 270   M    M   5 1      23 300
 5  80  57  69  -1   0   4 0.00  0.0    0 11.6 31 260   M    M   4 3      38 250
 6  72  59  66  -4   0   1 0.00  0.0    0  6.3 14  70   M    M   9        19  30
 7  76  60  68  -3   0   3 0.00  0.0    0  5.8 14 220   M    M   7        24 270
 8  82  59  71   0   0   6 0.00  0.0    0  7.1 15 230   M    M   7        19 170
 9  85  66  76   4   0  11 0.01  0.0    0  4.8 16 150   M    M   8 1      21 140
10  73  56  65  -7   0   0 0.77  0.0    0  9.3 16  40   M    M  10 1      24  30
11  70  55  63  -9   2   0 0.69  0.0    0  9.8 18 100   M    M   9 1      23  20
12  76  53  65  -7   0   0 0.00  0.0    0  6.8 17 220   M    M   4        21 180
13  81  65  73   0   0   8    T  0.0    0  9.7 17 230   M    M  10        23 210
14  86  70  78   5   0  13 0.00  0.0    0 12.4 26 270   M    M   4        33 260
15  80  63  72  -1   0   7 0.00  0.0    0  8.9 24 330   M    M   3        30 330
16  84  59  72  -2   0   7 0.00  0.0    0  4.2 16 210   M    M   5        21 200
17  90  65  78   4   0  13 0.00  0.0    0  4.4 14 200   M    M   6        18 200
18  93  69  81   7   0  16 0.00  0.0    0  9.9 18 220   M    M   7        29 210
================================================================================
SM 1445 1102         7 116  2.63     0.0 147.7          M      124
================================================================================
AV 80.3 61.2                               8.2 FASTST   M    M   7    MAX(MPH)
                                 MISC ---->  # 31 260               # 38  250
================================================================================
NOTES:
# LAST OF SEVERAL OCCURRENCES

COLUMN 17 PEAK WIND IN M.P.H.

PRELIMINARY LOCAL CLIMATOLOGICAL DATA (WS FORM: F-6) , PAGE 2

                                          STATION:  PHILADELPHIA PA
                                          MONTH:    JUNE
                                          YEAR:     2018
                                          LATITUDE:   39 52 N
                                          LONGITUDE:  75 15 W

[TEMPERATURE DATA]      [PRECIPITATION DATA]       SYMBOLS USED IN COLUMN 16

AVERAGE MONTHLY: 70.8   TOTAL FOR MONTH:   2.63    1 = FOG OR MIST
DPTR FM NORMAL:  -0.9   DPTR FM NORMAL:    0.53    2 = FOG REDUCING VISIBILITY
HIGHEST:    93 ON 18    GRTST 24HR  0.77 ON 10-10      TO 1/4 MILE OR LESS
LOWEST:     52 ON  4                               3 = THUNDER
                        SNOW, ICE PELLETS, HAIL    4 = ICE PELLETS
                        TOTAL MONTH:   0.0 INCH    5 = HAIL
                        GRTST 24HR     0.0         6 = FREEZING RAIN OR DRIZZLE
                        GRTST DEPTH:   0           7 = DUSTSTORM OR SANDSTORM:
                                                       VSBY 1/2 MILE OR LESS
                                                   8 = SMOKE OR HAZE
[NO. OF DAYS WITH]      [WEATHER - DAYS WITH]      9 = BLOWING SNOW
                                                   X = TORNADO
MAX 32 OR BELOW:   0    0.01 INCH OR MORE:   7
MAX 90 OR ABOVE:   2    0.10 INCH OR MORE:   5
MIN 32 OR BELOW:   0    0.50 INCH OR MORE:   3
MIN  0 OR BELOW:   0    1.00 INCH OR MORE:   0

[HDD (BASE 65) ]
TOTAL THIS MO.     7    CLEAR  (SCALE 0-3)   1
DPTR FM NORMAL    -2    PTCLDY (SCALE 4-7)  10
TOTAL FM JUL 1  4405    CLOUDY (SCALE 8-10)  7
DPTR FM NORMAL  -206

[CDD (BASE 65) ]
TOTAL THIS MO.   116
DPTR FM NORMAL   -13    [PRESSURE DATA]
TOTAL FM JAN 1   252    HIGHEST SLP M ON M
DPTR FM NORMAL    32    LOWEST  SLP 29.63 ON  5

[REMARKS]
