000
CXUS51 KPHI 210800
CF6PHL
PRELIMINARY LOCAL CLIMATOLOGICAL DATA (WS FORM: F-6)

                                          STATION:   PHILADELPHIA PA
                                          MONTH:     JANUARY
                                          YEAR:      2019
                                          LATITUDE:   39 52 N
                                          LONGITUDE:  75 15 W

  TEMPERATURE IN F:       :PCPN:    SNOW:  WIND      :SUNSHINE: SKY     :PK WND
================================================================================
1   2   3   4   5  6A  6B    7    8   9   10  11  12  13   14  15   16   17  18
                                     12Z  AVG MX 2MIN
DY MAX MIN AVG DEP HDD CDD  WTR  SNW DPTH SPD SPD DIR MIN PSBL S-S WX    SPD DR
================================================================================

 1  61  43  52  18  13   0 0.09    T    0 15.6 28 300   M    M   9 1      39 310
 2  43  37  40   6  25   0 0.00  0.0    0  6.0 12 140   M    M  10        15 140
 3  46  34  40   7  25   0 0.00  0.0    0  9.7 23 320   M    M   9        30 310
 4  45  31  38   5  27   0 0.04  0.0    0  6.1 14 240   M    M   9 1      22 220
 5  47  40  44  11  21   0 0.53  0.0    0 10.3 18 310   M    M   8 1      24 350
 6  52  35  44  11  21   0 0.00  0.0    0 13.8 30 330   M    M   4        38 320
 7  35  28  32  -1  33   0 0.02    T    0  6.8 16 350   M    M   7 4      22 350
 8  46  33  40   7  25   0 0.24    T    0  3.9 26 290   M    M   9 14     36 290
 9  47  34  41   8  24   0 0.01    T    0 18.2 33 290   M    M   6        44 280
10  39  30  35   2  30   0    T    T    0 19.1 31 320   M    M   6        42 330
11  34  26  30  -3  35   0 0.00  0.0    0 13.4 29 330   M    M   3        33 330
12  35  22  29  -4  36   0 0.05  0.3    0  4.6 12 360   M    M   7 1      14 350
13  30  27  29  -4  36   0 0.07  1.1    1 10.0 18  40   M    M   9 1      25  40
14  35  21  28  -5  37   0 0.00  0.0    0  9.7 17  10   M    M   5        26 350
15  38  23  31  -2  34   0 0.00  0.0    0  6.7 14 340   M    M   3        18 350
16  39  25  32  -1  33   0 0.00  0.0    0  9.9 18 300   M    M   7        25 290
17  35  26  31  -2  34   0 0.01  0.1    0  6.6 13 350   M    M   9        20 360
18  38  29  34   1  31   0 0.05  0.9    1  4.9 13 250   M    M  10 18     16  90
19  39  32  36   3  29   0 0.61  0.0    0  6.8 15  80   M    M  10 18     21  70
20  50  17  34   1  31   0 0.75    M    0 16.9 36 310   M    M   8 1      46 320
================================================================================
SM  834  593       580   0  2.47     2.4 199.0          M      148
================================================================================
AV 41.7 29.7                               9.9 FASTST   M    M   7    MAX(MPH)
                                 MISC ---->  # 36 310               # 46  320
================================================================================
NOTES:
# LAST OF SEVERAL OCCURRENCES

COLUMN 17 PEAK WIND IN M.P.H.

PRELIMINARY LOCAL CLIMATOLOGICAL DATA (WS FORM: F-6) , PAGE 2

                                          STATION:  PHILADELPHIA PA
                                          MONTH:    JANUARY
                                          YEAR:     2019
                                          LATITUDE:   39 52 N
                                          LONGITUDE:  75 15 W

[TEMPERATURE DATA]      [PRECIPITATION DATA]       SYMBOLS USED IN COLUMN 16

AVERAGE MONTHLY: 35.7   TOTAL FOR MONTH:   2.47    1 = FOG OR MIST
DPTR FM NORMAL:   2.6   DPTR FM NORMAL:    0.52    2 = FOG REDUCING VISIBILITY
HIGHEST:    61 ON  1    GRTST 24HR  0.75 ON 20-20      TO 1/4 MILE OR LESS
LOWEST:     17 ON 20                               3 = THUNDER
                        SNOW, ICE PELLETS, HAIL    4 = ICE PELLETS
                        TOTAL MONTH:   2.4 INCHES  5 = HAIL
                        GRTST 24HR   1.1 ON 13-13  6 = FREEZING RAIN OR DRIZZLE
                        GRTST DEPTH:   1 ON 18,13  7 = DUSTSTORM OR SANDSTORM:
                                                       VSBY 1/2 MILE OR LESS
                                                   8 = SMOKE OR HAZE
[NO. OF DAYS WITH]      [WEATHER - DAYS WITH]      9 = BLOWING SNOW
                                                   X = TORNADO
MAX 32 OR BELOW:   1    0.01 INCH OR MORE:  12
MAX 90 OR ABOVE:   0    0.10 INCH OR MORE:   4
MIN 32 OR BELOW:  13    0.50 INCH OR MORE:   3
MIN  0 OR BELOW:   0    1.00 INCH OR MORE:   0

[HDD (BASE 65) ]
TOTAL THIS MO.   580    CLEAR  (SCALE 0-3)   2
DPTR FM NORMAL   -58    PTCLDY (SCALE 4-7)   9
TOTAL FM JUL 1  2240    CLOUDY (SCALE 8-10)  9
DPTR FM NORMAL   -68

[CDD (BASE 65) ]
TOTAL THIS MO.     0
DPTR FM NORMAL     0    [PRESSURE DATA]
TOTAL FM JAN 1     0    HIGHEST SLP M ON M
DPTR FM NORMAL     0    LOWEST  SLP 29.25 ON 20

[REMARKS]
