000
CXUS51 KPHI 170815
CF6PHL
PRELIMINARY LOCAL CLIMATOLOGICAL DATA (WS FORM: F-6)

                                          STATION:   PHILADELPHIA PA
                                          MONTH:     APRIL
                                          YEAR:      2024
                                          LATITUDE:   39 52 N
                                          LONGITUDE:  75 15 W

  TEMPERATURE IN F:       :PCPN:    SNOW:  WIND      :SUNSHINE: SKY     :PK WND
================================================================================
1   2   3   4   5  6A  6B    7    8   9   10  11  12  13   14  15   16   17  18
                                     12Z  AVG MX 2MIN
DY MAX MIN AVG DEP HDD CDD  WTR  SNW DPTH SPD SPD DIR MIN PSBL S-S WX    SPD DR
================================================================================

 1  54  46  50   1  15   0 0.46  0.0    0  5.3 14  10   M    M  10 1      20  20
 2  49  46  48  -1  17   0 1.38  0.0    0  9.7 26  80   M    M  10 13     32  80
 3  46  43  45  -5  20   0 1.49  0.0    0 17.7 30  80   M    M  10 13     40  80
 4  53  39  46  -4  19   0 0.05  0.0    0 10.5 23 230   M    M   8 1      27  10
 5  53  41  47  -3  18   0    T  0.0    0 14.2 25 310   M    M   7        33 270
 6  56  41  49  -2  16   0    T  0.0    0 15.0 31 340   M    M   7        41 340
 7  63  41  52   1  13   0 0.00  0.0    0 10.3 24 360   M    M   5        32 350
 8  66  36  51  -1  14   0 0.00  0.0    0  4.0 13 250   M    M   5        17 200
 9  79  45  62  10   3   0 0.00  0.0    0  3.4 15 220   M    M   7        22 200
10  74  53  64  12   1   0 0.00  0.0    0  4.3 12  80   M    M   8        14 250
11  74  53  64  11   1   0 0.05  0.0    0 12.6 24 160   M    M  10 13     36 160
12  67  56  62   9   3   0 0.33  0.0    0 19.1 35 240   M    M   8 1      48 240
13  61  48  55   1  10   0    T  0.0    0 19.5 35 270   M    M   6        45 280
14  76  45  61   7   4   0 0.01  0.0    0 14.4 30 230   M    M   4        39 220
15  84  59  72  18   0   7    T  0.0    0  9.1 21  20   M    M   6        27  20
16  74  53  64   9   1   0 0.00  0.0    0  8.5 24  30   M    M   3        31  30
================================================================================
SM 1029  745       155   7  3.77  0.0    177.6          M      114
================================================================================
AV 64.3 46.6                              11.1 FASTST   M    M   7    MAX(MPH)
                                 MISC ---->  # 35 240                 48 240
================================================================================
NOTES:
# LAST OF SEVERAL OCCURRENCES

COLUMN 17 PEAK WIND IN M.P.H.

PRELIMINARY LOCAL CLIMATOLOGICAL DATA (WS FORM: F-6) , PAGE 2

                                          STATION:   PHILADELPHIA PA
                                          MONTH:     APRIL
                                          YEAR:      2024
                                          LATITUDE:   39 52 N
                                          LONGITUDE:  75 15 W

[TEMPERATURE DATA]      [PRECIPITATION DATA]       SYMBOLS USED IN COLUMN 16

AVERAGE MONTHLY: 55.4   TOTAL FOR MONTH:   3.77    1 = FOG OR MIST
DPTR FM NORMAL:   3.6   DPTR FM NORMAL:    1.89    2 = FOG REDUCING VISIBILITY
HIGHEST:    84 ON 15    GRTST 24HR  1.73 ON  2- 3      TO 1/4 MILE OR LESS
LOWEST:     36 ON  8                               3 = THUNDER
                        SNOW, ICE PELLETS, HAIL    4 = ICE PELLETS
                        TOTAL MONTH:   0.0 INCH    5 = HAIL
                        GRTST 24HR  0.0            6 = FREEZING RAIN OR DRIZZLE
                        GRTST DEPTH:  0            7 = DUSTSTORM OR SANDSTORM:
                                                       VSBY 1/2 MILE OR LESS
                                                   8 = SMOKE OR HAZE
[NO. OF DAYS WITH]      [WEATHER - DAYS WITH]      9 = BLOWING SNOW
                                                   X = TORNADO
MAX 32 OR BELOW:   0    0.01 INCH OR MORE:   7
MAX 90 OR ABOVE:   0    0.10 INCH OR MORE:   4
MIN 32 OR BELOW:   0    0.50 INCH OR MORE:   2
MIN  0 OR BELOW:   0    1.00 INCH OR MORE:   2

[HDD (BASE 65) ]
TOTAL THIS MO.   155    CLEAR  (SCALE 0-3)   0
DPTR FM NORMAL   -59    PTCLDY (SCALE 4-7)  11
TOTAL FM JUL 1  3613    CLOUDY (SCALE 8-10)  5
DPTR FM NORMAL  -667

[CDD (BASE 65) ]
TOTAL THIS MO.     7
DPTR FM NORMAL     7    [PRESSURE DATA]
TOTAL FM JAN 1     7    HIGHEST SLP M ON M
DPTR FM NORMAL     6    LOWEST  SLP 29.28 ON  4

[REMARKS]
