000
CXUS51 KPHI 230815
CF6PHL
PRELIMINARY LOCAL CLIMATOLOGICAL DATA (WS FORM: F-6)

                                          STATION:   PHILADELPHIA PA
                                          MONTH:     MAY
                                          YEAR:      2022
                                          LATITUDE:   39 52 N
                                          LONGITUDE:  75 15 W

  TEMPERATURE IN F:       :PCPN:    SNOW:  WIND      :SUNSHINE: SKY     :PK WND
================================================================================
1   2   3   4   5  6A  6B    7    8   9   10  11  12  13   14  15   16   17  18
                                     12Z  AVG MX 2MIN
DY MAX MIN AVG DEP HDD CDD  WTR  SNW DPTH SPD SPD DIR MIN PSBL S-S WX    SPD DR
================================================================================

 1  73  45  59  -1   6   0    T  0.0    0  4.3 18 210   M    M   7        23 210
 2  75  54  65   5   0   0 0.02  0.0    0  6.1 12  80   M    M   7        17  60
 3  75  52  64   3   1   0 0.00  0.0    0  9.1 17  90   M    M   8 18     23 100
 4  68  52  60  -1   5   0 0.11  0.0    0  4.1 18 340   M    M   9 18     22 340
 5  75  59  67   6   0   2 0.00  0.0    0  7.3 15 220   M    M   8        27 350
 6  61  51  56  -6   9   0 0.74  0.0    0  9.0 23  80   M    M  10 1      29  80
 7  54  45  50 -12  15   0 0.88  0.0    0 19.9 29  40   M    M  10 1      41  70
 8  60  44  52 -10  13   0 0.08  0.0    0 14.5 26  40   M    M   9        35  40
 9  73  49  61  -1   4   0    T  0.0    0 13.3 24  40   M    M   3        32  30
10  74  53  64   1   1   0 0.00  0.0    0 13.6 29  40   M    M   3        35  40
11  74  54  64   1   1   0 0.00  0.0    0 11.7 24  40   M    M   4        30  40
12  77  57  67   4   0   2 0.00  0.0    0  9.5 16  20   M    M   6 1      20 100
13  76  61  69   6   0   4 0.27  0.0    0  7.7 15 100   M    M  10 1      21  40
14  71  65  68   4   0   3 0.12  0.0    0  4.9  9 100   M    M  10 128    14  20
15  80  64  72   8   0   7 0.00  0.0    0  5.5 13 210   M    M   9 12     23 220
16  81  63  72   8   0   7 0.05  0.0    M  8.6 31 320   M    M   7 1238   38 330
17  82  57  70   5   0   5 0.00  0.0    0 13.2 29 260   M    M   2        36 260
18  74  57  66   1   0   1 0.05  0.0    0  7.7 16 290   M    M   6        23 270
19  79  57  68   3   0   3 0.41  0.0    0  6.1 15 280   M    M   7 1      21 300
20  87  61  74   9   0   9 0.08  0.0    0  5.9 21 180   M    M   8 3      29 180
21  95  67  81  15   0  16 0.00  0.0    0  6.8 16 240   M    M   6 128    20 210
22  91  71  81  15   0  16 0.02  0.0    0  9.3 22 300   M    M   6 3      31 310
================================================================================
SM 1655 1238        55  75  2.83  0.0    198.1          M      155
================================================================================
AV 75.2 56.3                               9.0 FASTST   M    M   7    MAX(MPH)
                                 MISC ---->    31 320                 41  70
================================================================================
NOTES:
# LAST OF SEVERAL OCCURRENCES

COLUMN 17 PEAK WIND IN M.P.H.

PRELIMINARY LOCAL CLIMATOLOGICAL DATA (WS FORM: F-6) , PAGE 2

                                          STATION:   PHILADELPHIA PA
                                          MONTH:     MAY
                                          YEAR:      2022
                                          LATITUDE:   39 52 N
                                          LONGITUDE:  75 15 W

[TEMPERATURE DATA]      [PRECIPITATION DATA]       SYMBOLS USED IN COLUMN 16

AVERAGE MONTHLY: 65.8   TOTAL FOR MONTH:   2.83    1 = FOG OR MIST
DPTR FM NORMAL:   2.7   DPTR FM NORMAL:    0.53    2 = FOG REDUCING VISIBILITY
HIGHEST:    95 ON 21    GRTST 24HR  1.30 ON  6- 7      TO 1/4 MILE OR LESS
LOWEST:     44 ON  8                               3 = THUNDER
                        SNOW, ICE PELLETS, HAIL    4 = ICE PELLETS
                        TOTAL MONTH:   0.0 INCH    5 = HAIL
                        GRTST 24HR  0.0            6 = FREEZING RAIN OR DRIZZLE
                        GRTST DEPTH:  0            7 = DUSTSTORM OR SANDSTORM:
                                                       VSBY 1/2 MILE OR LESS
                                                   8 = SMOKE OR HAZE
[NO. OF DAYS WITH]      [WEATHER - DAYS WITH]      9 = BLOWING SNOW
                                                   X = TORNADO
MAX 32 OR BELOW:   0    0.01 INCH OR MORE:  12
MAX 90 OR ABOVE:   2    0.10 INCH OR MORE:   6
MIN 32 OR BELOW:   0    0.50 INCH OR MORE:   2
MIN  0 OR BELOW:   0    1.00 INCH OR MORE:   0

[HDD (BASE 65) ]
TOTAL THIS MO.    55    CLEAR  (SCALE 0-3)   1
DPTR FM NORMAL   -33    PTCLDY (SCALE 4-7)  12
TOTAL FM JUL 1  3852    CLOUDY (SCALE 8-10)  9
DPTR FM NORMAL  -632

[CDD (BASE 65) ]
TOTAL THIS MO.    75
DPTR FM NORMAL    32    [PRESSURE DATA]
TOTAL FM JAN 1    82    HIGHEST SLP M ON M
DPTR FM NORMAL    23    LOWEST  SLP 29.57 ON 16

[REMARKS]
