000
CXUS53 KUNR 180945
CF6PHP
PRELIMINARY LOCAL CLIMATOLOGICAL DATA (WS FORM: F-6)

                                          STATION:   PHILIP SD
                                          MONTH:     OCTOBER
                                          YEAR:      2018
                                          LATITUDE:   44  3 N
                                          LONGITUDE: 101 36 W

  TEMPERATURE IN F:       :PCPN:    SNOW:  WIND      :SUNSHINE: SKY     :PK WND
================================================================================
1   2   3   4   5  6A  6B    7    8   9   10  11  12  13   14  15   16   17  18
                                     12Z  AVG MX 2MIN
DY MAX MIN AVG DEP HDD CDD  WTR  SNW DPTH SPD SPD DIR MIN PSBL S-S WX    SPD DR
================================================================================

 1  66  41  54  -1  11   0 0.04    M    M  8.0 16 110   M    M   5 1      20 120
 2  78  37  58   3   7   0 0.00    M    M  5.2 20 360   M    M   2 12     23 350
 3  78  27  53  -1  12   0    T    M    M 16.3 48 330   M    M   2        64 320
 4  38  23  31 -23  34   0 0.08    M    M 11.3 28 130   M    M   7 1      36 130
 5  48  29  39 -14  26   0 0.04    M    M 10.1 23 320   M    M   7 1      29 330
 6  55  22  39 -14  26   0 0.00    M    M  8.9 17 100   M    M   3        29 140
 7  40  37  39 -13  26   0 0.14    M    M 10.3 16  80   M    M  10 1      19  80
 8  40  35  38 -14  27   0 0.26    M    M 10.5 17 360   M    M  10 1      21  10
 9  42  33  38 -14  27   0 0.17    M    M 13.9 21 360   M    M  10 1      25 350
10  37  24  31 -20  34   0 0.06    M    M 15.7 29 340   M    M   8 1      34 340
11  46  19  33 -18  32   0 0.08    M    M  4.7 10 270   M    M   3 1      20 310
12  57  33  45  -5  20   0 0.07    M    M  5.3 14 260   M    M   5 1      19 260
13  51  32  42  -8  23   0 0.03    M    M 13.5 29 340   M    M   8 1      35 330
14  33  19  26 -23  39   0 0.00    M    M 13.9 24 310   M    M   8        31 330
15  53  17  35 -14  30   0 0.00    M    M 11.3 22 230   M    M   0        29 240
16  65  34  50   2  15   0 0.00    M    M 10.8 25 320   M    M   6        37 310
17  71  35  53   5  12   0 0.00    M    M  7.8 16 260   M    M   0        22 230
================================================================================
SM  898  497       401   0  0.97    M    177.5          M       94
================================================================================
AV 52.8 29.2                              10.4 FASTST   M    M   6    MAX(MPH)
                                 MISC ---->  # 48 330               # 64  320
================================================================================
NOTES:
# LAST OF SEVERAL OCCURRENCES

COLUMN 17 PEAK WIND IN M.P.H.

PRELIMINARY LOCAL CLIMATOLOGICAL DATA (WS FORM: F-6) , PAGE 2

                                          STATION:  PHILIP SD
                                          MONTH:    OCTOBER
                                          YEAR:     2018
                                          LATITUDE:   44  3 N
                                          LONGITUDE: 101 36 W

[TEMPERATURE DATA]      [PRECIPITATION DATA]       SYMBOLS USED IN COLUMN 16

AVERAGE MONTHLY: 41.0   TOTAL FOR MONTH:   0.97    1 = FOG OR MIST
DPTR FM NORMAL: -10.5   DPTR FM NORMAL:    0.11    2 = FOG REDUCING VISIBILITY
HIGHEST:    78 ON  3, 2 GRTST 24HR  0.26 ON  8- 8      TO 1/4 MILE OR LESS
LOWEST:     17 ON 15                               3 = THUNDER
                        SNOW, ICE PELLETS, HAIL    4 = ICE PELLETS
                        TOTAL MONTH:    M          5 = HAIL
                        GRTST 24HR    M  ON   M    6 = FREEZING RAIN OR DRIZZLE
                        GRTST DEPTH:  M  ON   M    7 = DUSTSTORM OR SANDSTORM:
                                                       VSBY 1/2 MILE OR LESS
                                                   8 = SMOKE OR HAZE
[NO. OF DAYS WITH]      [WEATHER - DAYS WITH]      9 = BLOWING SNOW
                                                   X = TORNADO
MAX 32 OR BELOW:   0    0.01 INCH OR MORE:  10
MAX 90 OR ABOVE:   0    0.10 INCH OR MORE:   3
MIN 32 OR BELOW:   9    0.50 INCH OR MORE:   0
MIN  0 OR BELOW:   0    1.00 INCH OR MORE:   0

[HDD (BASE 65) ]
TOTAL THIS MO.   401    CLEAR  (SCALE 0-3)   6
DPTR FM NORMAL   169    PTCLDY (SCALE 4-7)   6
TOTAL FM JUL 1   571    CLOUDY (SCALE 8-10)  5
DPTR FM NORMAL   153

[CDD (BASE 65) ]
TOTAL THIS MO.     0
DPTR FM NORMAL     0    [PRESSURE DATA]
TOTAL FM JAN 1   946    HIGHEST SLP M ON M
DPTR FM NORMAL   132    LOWEST  SLP 29.17 ON  3

[REMARKS]
