000
CXUS53 KUNR 190945
CF6PHP
PRELIMINARY LOCAL CLIMATOLOGICAL DATA (WS FORM: F-6)

                                          STATION:   PHILIP SD
                                          MONTH:     OCTOBER
                                          YEAR:      2019
                                          LATITUDE:   44  3 N
                                          LONGITUDE: 101 36 W

  TEMPERATURE IN F:       :PCPN:    SNOW:  WIND      :SUNSHINE: SKY     :PK WND
================================================================================
1   2   3   4   5  6A  6B    7    8   9   10  11  12  13   14  15   16   17  18
                                     12Z  AVG MX 2MIN
DY MAX MIN AVG DEP HDD CDD  WTR  SNW DPTH SPD SPD DIR MIN PSBL S-S WX    SPD DR
================================================================================

 1  47  42  45 -10  20   0    T    M    M 12.0 16  10   M    M  10        22 360
 2  43  36  40 -15  25   0 0.07    M    M  7.1 16  20   M    M   9 1      20  20
 3  58  30  44 -10  21   0 0.00    M    M  8.6 16  90   M    M   3 1      21  90
 4  58  38  48  -6  17   0 0.05    M    M 13.8 28 160   M    M   8 1      37 150
 5  63  45  54   1  11   0    T    M    M 20.2 39 290   M    M   3        57 300
 6  65  34  50  -3  15   0 0.00    M    M 12.2 28 280   M    M   0 8      39 280
 7  72  27  50  -2  15   0 0.00    M    M  5.5 16 200   M    M   0        22 200
 8  83  31  57   5   8   0 0.00    M    M  6.9 20 220   M    M   0        27 230
 9  57  33  45  -7  20   0 0.01    M    M 18.4 29 320   M    M   8 1      39 330
10  33  26  30 -21  35   0 0.31    M    M 23.2 32 320   M    M  10 13     44 320
11  33  23  28 -23  37   0 0.03    M    M 19.8 36 300   M    M   4 1      44 300
12  47  29  38 -12  27   0 0.00    M    M 19.7 36 290   M    M   0        46 300
13  56  22  39 -11  26   0 0.00    M    M  7.3 18 300   M    M   0        24 300
14  62  21  42  -7  23   0 0.00    M    M  5.1 22 330   M    M   0 8      29 320
15  52  24  38 -11  27   0 0.00    M    M 14.1 33 310   M    M   4        46 300
16  63  25  44  -4  21   0 0.00    M    M  4.6  9 280   M    M   0 18     13 130
17  78  27  53   5  12   0 0.00    M    M  6.4 15 170   M    M   0        22 170
18  61  34  48   0  17   0 0.00    M    M 14.9 36 310   M    M   1        49 310
================================================================================
SM 1031  547       377   0  0.47    M    219.8          M       60
================================================================================
AV 57.3 30.4                              12.2 FASTST   M    M   3    MAX(MPH)
                                 MISC ---->  # 39 290               # 57  300
================================================================================
NOTES:
# LAST OF SEVERAL OCCURRENCES

COLUMN 17 PEAK WIND IN M.P.H.

PRELIMINARY LOCAL CLIMATOLOGICAL DATA (WS FORM: F-6) , PAGE 2

                                          STATION:  PHILIP SD
                                          MONTH:    OCTOBER
                                          YEAR:     2019
                                          LATITUDE:   44  3 N
                                          LONGITUDE: 101 36 W

[TEMPERATURE DATA]      [PRECIPITATION DATA]       SYMBOLS USED IN COLUMN 16

AVERAGE MONTHLY: 43.8   TOTAL FOR MONTH:   0.47    1 = FOG OR MIST
DPTR FM NORMAL:  -7.5   DPTR FM NORMAL:   -0.44    2 = FOG REDUCING VISIBILITY
HIGHEST:    83 ON  8    GRTST 24HR  0.31 ON 10-10      TO 1/4 MILE OR LESS
LOWEST:     21 ON 14                               3 = THUNDER
                        SNOW, ICE PELLETS, HAIL    4 = ICE PELLETS
                        TOTAL MONTH:    M          5 = HAIL
                        GRTST 24HR    M  ON   M    6 = FREEZING RAIN OR DRIZZLE
                        GRTST DEPTH:  M  ON   M    7 = DUSTSTORM OR SANDSTORM:
                                                       VSBY 1/2 MILE OR LESS
                                                   8 = SMOKE OR HAZE
[NO. OF DAYS WITH]      [WEATHER - DAYS WITH]      9 = BLOWING SNOW
                                                   X = TORNADO
MAX 32 OR BELOW:   0    0.01 INCH OR MORE:   5
MAX 90 OR ABOVE:   0    0.10 INCH OR MORE:   1
MIN 32 OR BELOW:  11    0.50 INCH OR MORE:   0
MIN  0 OR BELOW:   0    1.00 INCH OR MORE:   0

[HDD (BASE 65) ]
TOTAL THIS MO.   377    CLEAR  (SCALE 0-3)  11
DPTR FM NORMAL   128    PTCLDY (SCALE 4-7)   3
TOTAL FM JUL 1   495    CLOUDY (SCALE 8-10)  4
DPTR FM NORMAL    60

[CDD (BASE 65) ]
TOTAL THIS MO.     0
DPTR FM NORMAL     0    [PRESSURE DATA]
TOTAL FM JAN 1   669    HIGHEST SLP M ON M
DPTR FM NORMAL  -145    LOWEST  SLP 29.15 ON 17

[REMARKS]
