570
CXUS55 KPSR 201005
CF6PHX
PRELIMINARY LOCAL CLIMATOLOGICAL DATA (WS FORM: F-6)

                                          STATION:   PHOENIX AZ
                                          MONTH:     JULY
                                          YEAR:      2018
                                          LATITUDE:   33 25 N
                                          LONGITUDE: 112  1 W

  TEMPERATURE IN F:       :PCPN:    SNOW:  WIND      :SUNSHINE: SKY     :PK WND
================================================================================
1   2   3   4   5  6A  6B    7    8   9   10  11  12  13   14  15   16   17  18
                                     12Z  AVG MX 2MIN
DY MAX MIN AVG DEP HDD CDD  WTR  SNW DPTH SPD SPD DIR MIN PSBL S-S WX    SPD DR
================================================================================

 1 104  77  91  -3   0  26 0.00  0.0    0  6.7 14 290   M    M   1        20 270
 2 108  79  94   0   0  29 0.00  0.0    0  7.5 21 280   M    M   1        26 270
 3 110  82  96   2   0  31 0.00  0.0    0  9.4 22 290   M    M   1        26 270
 4 107  87  97   2   0  32 0.00  0.0    0  6.1 16 280   M    M   4        20 280
 5 115  88 102   7   0  37 0.00  0.0    0  7.7 29 110   M    M   4        36 100
 6 111  94 103   8   0  38 0.00  0.0    0 12.8 24 140   M    M   4        35 110
 7 113  91 102   7   0  37 0.00  0.0    0  5.8 21  10   M    M   5        25 360
 8 111  90 101   6   0  36 0.00  0.0    0  6.7 25 160   M    M   7 78     32 180
 9 107  74  91  -4   0  26 0.56  0.0    0  5.8 52  70   M    M   6 37     71  50
10  98  78  88  -7   0  23 0.09  0.0    0  6.2 31 120   M    M   7 3      41 150
11 101  79  90  -5   0  25    T  0.0    0  8.4 23 330   M    M   8 38     28 190
12 102  78  90  -5   0  25 0.00  0.0    0  6.1 23 330   M    M   7 3      32 340
13 106  86  96   1   0  31 0.00  0.0    0  7.9 22 360   M    M   8        31 360
14 103  87  95   0   0  30 0.00  0.0    0  8.2 22  10   M    M   8        29  10
15 100  88  94  -1   0  29 0.00  0.0    0  8.4 17 160   M    M   8        23 160
16 105  84  95   0   0  30    T  0.0    0  7.9 21 150   M    M   8        28 170
17 107  84  96   1   0  31 0.00  0.0    0  7.5 20 270   M    M   6        23 260
18 103  85  94  -1   0  29 0.00  0.0    0  9.4 20 260   M    M   5        24 270
19 106  87  97   2   0  32 0.00  0.0    0 12.2 20 270   M    M   5 3      24 260
================================================================================
SM 2017 1598         0 577  0.65     0.0 150.7          M      103
================================================================================
AV106.2 84.1                               7.9 FASTST   M    M   5    MAX(MPH)
                                 MISC ---->  # 52  70               # 71   50
================================================================================
NOTES:
# LAST OF SEVERAL OCCURRENCES

COLUMN 17 PEAK WIND IN M.P.H.

PRELIMINARY LOCAL CLIMATOLOGICAL DATA (WS FORM: F-6) , PAGE 2

                                          STATION:  PHOENIX AZ
                                          MONTH:    JULY
                                          YEAR:     2018
                                          LATITUDE:   33 25 N
                                          LONGITUDE: 112  1 W

[TEMPERATURE DATA]      [PRECIPITATION DATA]       SYMBOLS USED IN COLUMN 16

AVERAGE MONTHLY: 95.1   TOTAL FOR MONTH:   0.65    1 = FOG OR MIST
DPTR FM NORMAL:   0.3   DPTR FM NORMAL:    0.11    2 = FOG REDUCING VISIBILITY
HIGHEST:   115 ON  5    GRTST 24HR  0.56 ON  9- 9      TO 1/4 MILE OR LESS
LOWEST:     74 ON  9                               3 = THUNDER
                        SNOW, ICE PELLETS, HAIL    4 = ICE PELLETS
                        TOTAL MONTH:   0.0 INCH    5 = HAIL
                        GRTST 24HR     0.0         6 = FREEZING RAIN OR DRIZZLE
                        GRTST DEPTH:   0           7 = DUSTSTORM OR SANDSTORM:
                                                       VSBY 1/2 MILE OR LESS
                                                   8 = SMOKE OR HAZE
[NO. OF DAYS WITH]      [WEATHER - DAYS WITH]      9 = BLOWING SNOW
                                                   X = TORNADO
MAX 32 OR BELOW:   0    0.01 INCH OR MORE:   2
MAX 90 OR ABOVE:  19    0.10 INCH OR MORE:   1
MIN 32 OR BELOW:   0    0.50 INCH OR MORE:   1
MIN  0 OR BELOW:   0    1.00 INCH OR MORE:   0

[HDD (BASE 65) ]
TOTAL THIS MO.     0    CLEAR  (SCALE 0-3)   3
DPTR FM NORMAL     0    PTCLDY (SCALE 4-7)  16
TOTAL FM JUL 1     0    CLOUDY (SCALE 8-10)  0
DPTR FM NORMAL     0

[CDD (BASE 65) ]
TOTAL THIS MO.   577
DPTR FM NORMAL    10    [PRESSURE DATA]
TOTAL FM JAN 1  2489    HIGHEST SLP M ON M
DPTR FM NORMAL   262    LOWEST  SLP 29.65 ON  8

[REMARKS]
