000
CXUS55 KPSR 251005
CF6PHX
PRELIMINARY LOCAL CLIMATOLOGICAL DATA (WS FORM: F-6)

                                          STATION:   PHOENIX AZ
                                          MONTH:     FEBRUARY
                                          YEAR:      2020
                                          LATITUDE:   33 25 N
                                          LONGITUDE: 112  1 W

  TEMPERATURE IN F:       :PCPN:    SNOW:  WIND      :SUNSHINE: SKY     :PK WND
================================================================================
1   2   3   4   5  6A  6B    7    8   9   10  11  12  13   14  15   16   17  18
                                     12Z  AVG MX 2MIN
DY MAX MIN AVG DEP HDD CDD  WTR  SNW DPTH SPD SPD DIR MIN PSBL S-S WX    SPD DR
================================================================================

 1  78  46  62   4   3   0 0.00  0.0    0  3.4 13  80   M    M   1        14  80
 2  79  49  64   6   1   0 0.00  0.0    0  5.0 14 160   M    M   1        17 160
 3  65  45  55  -3  10   0 0.00  0.0    0 11.1 24 280   M    M   6        32 320
 4  55  35  45 -13  20   0 0.00  0.0    0  6.6 15 240   M    M   2        20 270
 5  55  35  45 -13  20   0 0.00  0.0    0  6.1 14 260   M    M   4        19  10
 6  61  36  49  -9  16   0 0.00  0.0    0  5.9 10 100   M    M   5        14  10
 7  67  41  54  -5  11   0 0.00  0.0    0  4.7 10  80   M    M   2        13 140
 8  72  44  58  -1   7   0 0.00  0.0    0  4.1 12  90   M    M   1        13 120
 9  76  47  62   3   3   0 0.00  0.0    0  8.5 21 210   M    M   7        26 190
10  72  52  62   3   3   0 0.06  0.0    0  5.9 26 270   M    M   8 1      31 270
11  60  47  54  -5  11   0 0.24  0.0    0  6.2 17  40   M    M   7 1      20  40
12  64  43  54  -5  11   0 0.00  0.0    0  4.9 12 290   M    M   2        18 270
13  68  43  56  -3   9   0 0.00  0.0    0  4.1 12  80   M    M   0        14  70
14  72  48  60   0   5   0 0.00  0.0    0  3.9 12 270   M    M   5        16 300
15  73  46  60   0   5   0 0.00  0.0    0  4.7 12 270   M    M   2        14 270
16  74  46  60   0   5   0 0.00  0.0    0  4.2 10 110   M    M   1        16 360
17  76  49  63   3   2   0 0.00  0.0    0  4.7 10  90   M    M   1        14 300
18  79  51  65   5   0   0 0.00  0.0    0  5.0  9 120   M    M   4        13 270
19  79  53  66   6   0   1 0.00  0.0    0  4.0 12 290   M    M   5        17 290
20  82  51  67   7   0   2 0.00  0.0    0  4.8 15  90   M    M   3        17  80
21  77  62  70   9   0   5 0.00  0.0    0 10.2 22  80   M    M   8        26  70
22  69  56  63   2   2   0 1.04  0.0    0 10.2 22 210   M    M   9 1      27 260
23  64  49  57  -4   8   0    T  0.0    0  4.9 16 220   M    M   6        22 220
24  71  49  60  -1   5   0 0.00  0.0    M  5.1 13 360   M    M   1        18  10
================================================================================
SM 1688 1123       157   8  1.34  0.0    138.2          M       91
================================================================================
AV 70.3 46.8                               5.8 FASTST   M    M   4    MAX(MPH)
                                 MISC ---->    26 270                 32 320
================================================================================
NOTES:
# LAST OF SEVERAL OCCURRENCES

COLUMN 17 PEAK WIND IN M.P.H.

PRELIMINARY LOCAL CLIMATOLOGICAL DATA (WS FORM: F-6) , PAGE 2

                                          STATION:   PHOENIX AZ
                                          MONTH:     FEBRUARY
                                          YEAR:      2020
                                          LATITUDE:   33 25 N
                                          LONGITUDE: 112  1 W

[TEMPERATURE DATA]      [PRECIPITATION DATA]       SYMBOLS USED IN COLUMN 16

AVERAGE MONTHLY: 58.6   TOTAL FOR MONTH:   1.34    1 = FOG OR MIST
DPTR FM NORMAL:  -0.8   DPTR FM NORMAL:    0.57    2 = FOG REDUCING VISIBILITY
HIGHEST:    82 ON 20    GRTST 24HR  1.04 ON 22-22      TO 1/4 MILE OR LESS
LOWEST:     35 ON  5, 4                             3 = THUNDER
                        SNOW, ICE PELLETS, HAIL    4 = ICE PELLETS
                        TOTAL MONTH:   0.0 INCH    5 = HAIL
                        GRTST 24HR  0.0            6 = FREEZING RAIN OR DRIZZLE
                        GRTST DEPTH:  0            7 = DUSTSTORM OR SANDSTORM:
                                                       VSBY 1/2 MILE OR LESS
                                                   8 = SMOKE OR HAZE
[NO. OF DAYS WITH]      [WEATHER - DAYS WITH]      9 = BLOWING SNOW
                                                   X = TORNADO
MAX 32 OR BELOW:   0    0.01 INCH OR MORE:   3
MAX 90 OR ABOVE:   0    0.10 INCH OR MORE:   2
MIN 32 OR BELOW:   0    0.50 INCH OR MORE:   1
MIN  0 OR BELOW:   0    1.00 INCH OR MORE:   1

[HDD (BASE 65) ]
TOTAL THIS MO.   157    CLEAR  (SCALE 0-3)  11
DPTR FM NORMAL    12    PTCLDY (SCALE 4-7)  12
TOTAL FM JUL 1   760    CLOUDY (SCALE 8-10)  1
DPTR FM NORMAL   -55

[CDD (BASE 65) ]
TOTAL THIS MO.     8
DPTR FM NORMAL     1    [PRESSURE DATA]
TOTAL FM JAN 1     8    HIGHEST SLP M ON M
DPTR FM NORMAL    -1    LOWEST  SLP 29.61 ON  3

[REMARKS]
