000
CXUS55 KPSR 211005
CF6PHX
PRELIMINARY LOCAL CLIMATOLOGICAL DATA (WS FORM: F-6)

                                          STATION:   PHOENIX AZ
                                          MONTH:     JANUARY
                                          YEAR:      2019
                                          LATITUDE:   33 25 N
                                          LONGITUDE: 112  1 W

  TEMPERATURE IN F:       :PCPN:    SNOW:  WIND      :SUNSHINE: SKY     :PK WND
================================================================================
1   2   3   4   5  6A  6B    7    8   9   10  11  12  13   14  15   16   17  18
                                     12Z  AVG MX 2MIN
DY MAX MIN AVG DEP HDD CDD  WTR  SNW DPTH SPD SPD DIR MIN PSBL S-S WX    SPD DR
================================================================================

 1  51  38  45 -10  20   0 0.00  0.0    0  3.5 12  10   M    M   6 1      18  10
 2  52  30  41 -14  24   0 0.00  0.0    0  3.3  8 180   M    M   1        11 210
 3  57  33  45 -10  20   0 0.00  0.0    0  3.5 10  90   M    M   0        15 110
 4  67  37  52  -3  13   0 0.00  0.0    0  4.1 10  90   M    M   0        15  80
 5  67  45  56   1   9   0 0.07  0.0    0  6.1 15 160   M    M   7 1      21 150
 6  55  47  51  -4  14   0 0.48  0.0    0  3.9 10 130   M    M   8 1      12 130
 7  63  43  53  -3  12   0 0.00  0.0    0  4.0  9  80   M    M   2        11 280
 8  72  43  58   2   7   0 0.00  0.0    0  2.4  9 270   M    M   2        10 270
 9  73  48  61   5   4   0 0.00  0.0    0  4.5 14 100   M    M   7        17  80
10  67  50  59   3   6   0 0.00  0.0    0  3.9  9 120   M    M   6        11 120
11  66  45  56   0   9   0 0.00  0.0    0  5.8 12  90   M    M   3        12  90
12  69  47  58   2   7   0 0.03  0.0    0  7.6 25 240   M    M   8        31 250
13  63  47  55  -1  10   0 0.01  0.0    0  2.1 10 280   M    M   7 1      12 290
14  70  51  61   5   4   0 0.03  0.0    0  4.6 15 140   M    M   7        19 140
15  65  53  59   3   6   0 0.12  0.0    0  5.8 17 180   M    M   9 18     23 190
16  69  50  60   4   5   0 0.00  0.0    0  3.0  9 310   M    M   5 1      13 290
17  69  48  59   3   6   0 0.00  0.0    0  3.3 10 100   M    M   6        13 100
18  70  51  61   4   4   0 0.00  0.0    0  6.1 16 280   M    M   6        21 280
19  71  44  58   1   7   0 0.00  0.0    0  3.7 13  40   M    M   2        15  50
20  74  46  60   3   5   0 0.00  0.0    0  3.4 10 290   M    M   6        12 340
================================================================================
SM 1310  896       192   0  0.74     0.0  84.6          M       98
================================================================================
AV 65.5 44.8                               4.2 FASTST   M    M   5    MAX(MPH)
                                 MISC ---->  # 25 240               # 31  250
================================================================================
NOTES:
# LAST OF SEVERAL OCCURRENCES

COLUMN 17 PEAK WIND IN M.P.H.

PRELIMINARY LOCAL CLIMATOLOGICAL DATA (WS FORM: F-6) , PAGE 2

                                          STATION:  PHOENIX AZ
                                          MONTH:    JANUARY
                                          YEAR:     2019
                                          LATITUDE:   33 25 N
                                          LONGITUDE: 112  1 W

[TEMPERATURE DATA]      [PRECIPITATION DATA]       SYMBOLS USED IN COLUMN 16

AVERAGE MONTHLY: 55.2   TOTAL FOR MONTH:   0.74    1 = FOG OR MIST
DPTR FM NORMAL:  -0.7   DPTR FM NORMAL:    0.13    2 = FOG REDUCING VISIBILITY
HIGHEST:    74 ON 20    GRTST 24HR  0.48 ON  6- 6      TO 1/4 MILE OR LESS
LOWEST:     30 ON  2                               3 = THUNDER
                        SNOW, ICE PELLETS, HAIL    4 = ICE PELLETS
                        TOTAL MONTH:   0.0 INCH    5 = HAIL
                        GRTST 24HR     0.0         6 = FREEZING RAIN OR DRIZZLE
                        GRTST DEPTH:   0           7 = DUSTSTORM OR SANDSTORM:
                                                       VSBY 1/2 MILE OR LESS
                                                   8 = SMOKE OR HAZE
[NO. OF DAYS WITH]      [WEATHER - DAYS WITH]      9 = BLOWING SNOW
                                                   X = TORNADO
MAX 32 OR BELOW:   0    0.01 INCH OR MORE:   6
MAX 90 OR ABOVE:   0    0.10 INCH OR MORE:   2
MIN 32 OR BELOW:   1    0.50 INCH OR MORE:   0
MIN  0 OR BELOW:   0    1.00 INCH OR MORE:   0

[HDD (BASE 65) ]
TOTAL THIS MO.   192    CLEAR  (SCALE 0-3)   7
DPTR FM NORMAL     9    PTCLDY (SCALE 4-7)  10
TOTAL FM JUL 1   547    CLOUDY (SCALE 8-10)  3
DPTR FM NORMAL   -37

[CDD (BASE 65) ]
TOTAL THIS MO.     0
DPTR FM NORMAL     0    [PRESSURE DATA]
TOTAL FM JAN 1     0    HIGHEST SLP M ON M
DPTR FM NORMAL     0    LOWEST  SLP 29.87 ON 20

[REMARKS]
