000
CXUS53 KILX 172300
CF6PIA
PRELIMINARY LOCAL CLIMATOLOGICAL DATA (WS FORM: F-6)

                                          STATION:   PEORIA IL
                                          MONTH:     JUNE
                                          YEAR:      2018
                                          LATITUDE:   40 40 N
                                          LONGITUDE:  89 41 W

  TEMPERATURE IN F:       :PCPN:    SNOW:  WIND      :SUNSHINE: SKY     :PK WND
================================================================================
1   2   3   4   5  6A  6B    7    8   9   10  11  12  13   14  15   16   17  18
                                     12Z  AVG MX 2MIN
DY MAX MIN AVG DEP HDD CDD  WTR  SNW DPTH SPD SPD DIR MIN PSBL S-S WX    SPD DR
================================================================================

 1  92  65  79  12   0  14 0.00  0.0    0  6.2 20  80   M    M   3        28  90
 2  85  59  72   4   0   7 0.00  0.0    0  6.8 17  80   M    M   3        23  80
 3  83  62  73   5   0   8 0.00  0.0    0 10.3 25 300   M    M   0        41 280
 4  82  54  68   0   0   3 0.00  0.0    0  4.6 13 270   M    M   0        17 280
 5  89  59  74   5   0   9 0.00  0.0    0  8.6 20  70   M    M   1        29 250
 6  86  56  71   2   0   6 0.00  0.0    0  5.7 15 200   M    M   1        21 210
 7  92  69  81  12   0  16 0.00  0.0    0  4.9 17  90   M    M   0        23 230
 8  85  67  76   6   0  11 0.00  0.0    0  9.0 18  80   M    M   2 3      26  80
 9  85  69  77   7   0  12 0.00  0.0    0  7.1 17  40   M    M   2 138    29  50
10  77  66  72   2   0   7 0.54  0.0    0  6.8 23 330   M    M   7 13     38 320
11  78  66  72   1   0   7 0.00  0.0    0  7.0 15  60   M    M   9 1      19  90
12  85  69  77   6   0  12 0.29  0.0    0  5.5 16 150   M    M   6 13     23 150
13  82  61  72   1   0   7 0.00  0.0    0  5.3 15 340   M    M   1 1      23 340
14  80  60  70  -2   0   5 0.01  0.0    0  5.0 20 280   M    M   1        36 270
15  92  67  80   8   0  15 0.01  0.0    0  7.9 15 210   M    M   1 3      20 180
16  93  73  83  11   0  18 0.00  0.0    0  7.9 15 190   M    M   0        21 220
================================================================================
SM 1366 1022         0 157  0.85     0.0 108.6          M       37
================================================================================
AV 85.4 63.9                               6.8 FASTST   M    M   2    MAX(MPH)
                                 MISC ---->  # 25 300               # 41  280
================================================================================
NOTES:
# LAST OF SEVERAL OCCURRENCES

COLUMN 17 PEAK WIND IN M.P.H.

PRELIMINARY LOCAL CLIMATOLOGICAL DATA (WS FORM: F-6) , PAGE 2

                                          STATION:  PEORIA IL
                                          MONTH:    JUNE
                                          YEAR:     2018
                                          LATITUDE:   40 40 N
                                          LONGITUDE:  89 41 W

[TEMPERATURE DATA]      [PRECIPITATION DATA]       SYMBOLS USED IN COLUMN 16

AVERAGE MONTHLY: 74.6   TOTAL FOR MONTH:   0.85    1 = FOG OR MIST
DPTR FM NORMAL:   4.8   DPTR FM NORMAL:   -1.03    2 = FOG REDUCING VISIBILITY
HIGHEST:    93 ON 16    GRTST 24HR  0.54 ON 10-10      TO 1/4 MILE OR LESS
LOWEST:     54 ON  4                               3 = THUNDER
                        SNOW, ICE PELLETS, HAIL    4 = ICE PELLETS
                        TOTAL MONTH:   0.0 INCH    5 = HAIL
                        GRTST 24HR     0.0         6 = FREEZING RAIN OR DRIZZLE
                        GRTST DEPTH:   0           7 = DUSTSTORM OR SANDSTORM:
                                                       VSBY 1/2 MILE OR LESS
                                                   8 = SMOKE OR HAZE
[NO. OF DAYS WITH]      [WEATHER - DAYS WITH]      9 = BLOWING SNOW
                                                   X = TORNADO
MAX 32 OR BELOW:   0    0.01 INCH OR MORE:   4
MAX 90 OR ABOVE:   4    0.10 INCH OR MORE:   2
MIN 32 OR BELOW:   0    0.50 INCH OR MORE:   1
MIN  0 OR BELOW:   0    1.00 INCH OR MORE:   0

[HDD (BASE 65) ]
TOTAL THIS MO.     0    CLEAR  (SCALE 0-3)  12
DPTR FM NORMAL   -17    PTCLDY (SCALE 4-7)   3
TOTAL FM JUL 1  5769    CLOUDY (SCALE 8-10)  1
DPTR FM NORMAL   -61

[CDD (BASE 65) ]
TOTAL THIS MO.   157
DPTR FM NORMAL    64    [PRESSURE DATA]
TOTAL FM JAN 1   380    HIGHEST SLP M ON M
DPTR FM NORMAL   206    LOWEST  SLP 29.75 ON M

[REMARKS]
