000
CXUS51 KPBZ 270730
CF6PIT
PRELIMINARY LOCAL CLIMATOLOGICAL DATA (WS FORM: F-6)

                                          STATION:   PITTSBURGH PA
                                          MONTH:     MAY
                                          YEAR:      2020
                                          LATITUDE:   40 30 N
                                          LONGITUDE:  80 13 W

  TEMPERATURE IN F:       :PCPN:    SNOW:  WIND      :SUNSHINE: SKY     :PK WND
================================================================================
1   2   3   4   5  6A  6B    7    8   9   10  11  12  13   14  15   16   17  18
                                     12Z  AVG MX 2MIN
DY MAX MIN AVG DEP HDD CDD  WTR  SNW DPTH SPD SPD DIR MIN PSBL S-S WX    SPD DR
================================================================================

 1  54  43  49  -7  16   0    T  0.0    0  9.7 22 310   M    M   9 8      27 320
 2  70  37  54  -2  11   0    T  0.0    0  7.8 18 200   M    M   7 1      26 240
 3  75  57  66  10   0   1    T  0.0    0  7.3 18 320   M    M   9        24 320
 4  60  42  51  -6  14   0 0.00  0.0    0 12.4 22 320   M    M   4        29 310
 5  53  35  44 -13  21   0 0.07  0.0    0  5.3 13  70   M    M   9        17  60
 6  54  38  46 -11  19   0 0.28  0.0    0 10.9 25 310   M    M   8 1      32 310
 7  63  32  48 -10  17   0    T  0.0    0  8.9 31 290   M    M   4        41 290
 8  49  30  40 -18  25   0 0.15    T    0  9.9 25 360   M    M   9 1      31 360
 9  43  28  36 -22  29   0    T    T    0 11.7 28 300   M    M   7        36 270
10  61  35  48 -10  17   0 0.07  0.0    0  9.4 32 280   M    M   7 1      42 290
11  43  38  41 -18  24   0 0.05  0.0    0 13.1 24 290   M    M  10        30 300
12  55  37  46 -13  19   0 0.00  0.0    0  8.9 22 290   M    M   7        28 260
13  64  34  49 -10  16   0 0.00  0.0    0  3.5 21 310   M    M   1        28 310
14  70  42  56  -3   9   0 0.08  0.0    0  5.8 16 230   M    M   8 1      22 230
15  79  59  69   9   0   4 0.16  0.0    0 10.3 25 240   M    M   9 1      35 210
16  75  56  66   6   0   1 0.00  0.0    0  4.6 13  50   M    M   8 1      16  40
17  81  61  71  11   0   6    T  0.0    0  9.7 17 110   M    M   9        23 100
18  80  61  71  11   0   6    T  0.0    0 11.8 22 110   M    M   9        27 100
19  69  57  63   2   2   0 0.23  0.0    0 16.6 30 130   M    M  10 1      40 130
20  68  52  60  -1   5   0    T  0.0    0 12.7 23 120   M    M   9        30 110
21  72  50  61   0   4   0    T  0.0    0 11.4 22 150   M    M   7        29 150
22  70  56  63   1   2   0 0.34  0.0    0  4.5  9 110   M    M   8 1      13 110
23  77  54  66   4   0   1 0.00  0.0    0  2.1  9 300   M    M   8 12     14 320
24  81  57  69   7   0   4 0.00  0.0    0  5.8 14 140   M    M   7        17 150
25  86  61  74  11   0   9    T  0.0    0  5.0 12 180   M    M   4 3      15 150
26  88  62  75  12   0  10 0.00  0.0    0  6.8 18 110   M    M   3        23 100
================================================================================
SM 1740 1214       250  42  1.43    T    225.9          M      190
================================================================================
AV 66.9 46.7                               8.7 FASTST   M    M   7    MAX(MPH)
                                 MISC ---->    32 280                 42 290
================================================================================
NOTES:
# LAST OF SEVERAL OCCURRENCES

COLUMN 17 PEAK WIND IN M.P.H.

PRELIMINARY LOCAL CLIMATOLOGICAL DATA (WS FORM: F-6) , PAGE 2

                                          STATION:   PITTSBURGH PA
                                          MONTH:     MAY
                                          YEAR:      2020
                                          LATITUDE:   40 30 N
                                          LONGITUDE:  80 13 W

[TEMPERATURE DATA]      [PRECIPITATION DATA]       SYMBOLS USED IN COLUMN 16

AVERAGE MONTHLY: 56.8   TOTAL FOR MONTH:   1.43    1 = FOG OR MIST
DPTR FM NORMAL:  -2.5   DPTR FM NORMAL:   -1.80    2 = FOG REDUCING VISIBILITY
HIGHEST:    88 ON 26    GRTST 24HR  0.35 ON  5- 6      TO 1/4 MILE OR LESS
LOWEST:     28 ON  9                               3 = THUNDER
                        SNOW, ICE PELLETS, HAIL    4 = ICE PELLETS
                        TOTAL MONTH:  T            5 = HAIL
                        GRTST 24HR   T   ON  8- 8  6 = FREEZING RAIN OR DRIZZLE
                        GRTST DEPTH:  0            7 = DUSTSTORM OR SANDSTORM:
                                                       VSBY 1/2 MILE OR LESS
                                                   8 = SMOKE OR HAZE
[NO. OF DAYS WITH]      [WEATHER - DAYS WITH]      9 = BLOWING SNOW
                                                   X = TORNADO
MAX 32 OR BELOW:   0    0.01 INCH OR MORE:   9
MAX 90 OR ABOVE:   0    0.10 INCH OR MORE:   5
MIN 32 OR BELOW:   3    0.50 INCH OR MORE:   0
MIN  0 OR BELOW:   0    1.00 INCH OR MORE:   0

[HDD (BASE 65) ]
TOTAL THIS MO.   250    CLEAR  (SCALE 0-3)   2
DPTR FM NORMAL    72    PTCLDY (SCALE 4-7)  11
TOTAL FM JUL 1  5216    CLOUDY (SCALE 8-10) 13
DPTR FM NORMAL  -434

[CDD (BASE 65) ]
TOTAL THIS MO.    42
DPTR FM NORMAL    10    [PRESSURE DATA]
TOTAL FM JAN 1    44    HIGHEST SLP M ON M
DPTR FM NORMAL     2    LOWEST  SLP 29.73 ON  8

[REMARKS]
