000
CXUS51 KPBZ 190730
CF6PIT
PRELIMINARY LOCAL CLIMATOLOGICAL DATA (WS FORM: F-6)

                                          STATION:   PITTSBURGH PA
                                          MONTH:     OCTOBER
                                          YEAR:      2019
                                          LATITUDE:   40 30 N
                                          LONGITUDE:  80 13 W

  TEMPERATURE IN F:       :PCPN:    SNOW:  WIND      :SUNSHINE: SKY     :PK WND
================================================================================
1   2   3   4   5  6A  6B    7    8   9   10  11  12  13   14  15   16   17  18
                                     12Z  AVG MX 2MIN
DY MAX MIN AVG DEP HDD CDD  WTR  SNW DPTH SPD SPD DIR MIN PSBL S-S WX    SPD DR
================================================================================

 1  88  67  78  20   0  13 0.00  0.0    0  5.0 16 280   M    M   5 1      23 260
 2  85  69  77  19   0  12    T  0.0    0  6.0 16 310   M    M   6 1      22 240
 3  89  64  77  20   0  12 0.48  0.0    0  8.9 21 340   M    M   8 1      27 290
 4  64  46  55  -2  10   0 0.00  0.0    0 10.3 22 360   M    M   6        26 360
 5  68  43  56   0   9   0 0.00  0.0    0 10.7 18 130   M    M   4        22 120
 6  67  54  61   5   4   0 0.34  0.0    0  5.2 14 340   M    M   9 1      17 200
 7  62  50  56   0   9   0 1.12  0.0    0  3.5 15 360   M    M  10 1      20 350
 8  66  48  57   2   8   0 0.00  0.0    0  5.5 15  90   M    M   7 12     21  90
 9  68  46  57   2   8   0 0.00  0.0    0  5.4 12 120   M    M   2        16 130
10  72  45  59   5   6   0 0.00  0.0    0  3.9  9 130   M    M   3        12  90
11  74  50  62   8   3   0 0.00  0.0    0  5.8 13 120   M    M   5        19 130
12  63  39  51  -3  14   0 0.03  0.0    0  8.0 21 300   M    M   6 1      26 290
13  65  34  50  -4  15   0 0.00  0.0    0  5.2 14 210   M    M   2        18 150
14  62  45  54   1  11   0 0.00  0.0    M  7.4 17 290   M    M   2        21 290
15  67  37  52  -1  13   0 0.00  0.0    M  3.7 14 140   M    M   4        17 130
16  59  45  52  -1  13   0 1.20  0.0    M 10.1 23 290   M    M  10 13     29 280
17  51  42  47  -5  18   0 0.03    M    M 14.5 28 310   M    M  10 1      34 300
18  56  38  47  -5  18   0 0.00  0.0    M  5.7 16 320   M    M   5        22 310
================================================================================
SM 1226  862       159  37  3.20  0.0    124.8          M      104
================================================================================
AV 68.1 47.9                               6.9 FASTST   M    M   6    MAX(MPH)
                                 MISC ---->    28 310                 34 300
================================================================================
NOTES:
# LAST OF SEVERAL OCCURRENCES

COLUMN 17 PEAK WIND IN M.P.H.

PRELIMINARY LOCAL CLIMATOLOGICAL DATA (WS FORM: F-6) , PAGE 2

                                          STATION:   PITTSBURGH PA
                                          MONTH:     OCTOBER
                                          YEAR:      2019
                                          LATITUDE:   40 30 N
                                          LONGITUDE:  80 13 W

[TEMPERATURE DATA]      [PRECIPITATION DATA]       SYMBOLS USED IN COLUMN 16

AVERAGE MONTHLY: 58.0   TOTAL FOR MONTH:   3.20    1 = FOG OR MIST
DPTR FM NORMAL:   3.2   DPTR FM NORMAL:    1.91    2 = FOG REDUCING VISIBILITY
HIGHEST:    89 ON  3    GRTST 24HR  1.44 ON  6- 7      TO 1/4 MILE OR LESS
LOWEST:     34 ON 13                               3 = THUNDER
                        SNOW, ICE PELLETS, HAIL    4 = ICE PELLETS
                        TOTAL MONTH:   0.0 INCH    5 = HAIL
                        GRTST 24HR  0.0            6 = FREEZING RAIN OR DRIZZLE
                        GRTST DEPTH:  0            7 = DUSTSTORM OR SANDSTORM:
                                                       VSBY 1/2 MILE OR LESS
                                                   8 = SMOKE OR HAZE
[NO. OF DAYS WITH]      [WEATHER - DAYS WITH]      9 = BLOWING SNOW
                                                   X = TORNADO
MAX 32 OR BELOW:   0    0.01 INCH OR MORE:   6
MAX 90 OR ABOVE:   0    0.10 INCH OR MORE:   4
MIN 32 OR BELOW:   0    0.50 INCH OR MORE:   2
MIN  0 OR BELOW:   0    1.00 INCH OR MORE:   2

[HDD (BASE 65) ]
TOTAL THIS MO.   159    CLEAR  (SCALE 0-3)   4
DPTR FM NORMAL   -33    PTCLDY (SCALE 4-7)  10
TOTAL FM JUL 1   167    CLOUDY (SCALE 8-10)  4
DPTR FM NORMAL  -139

[CDD (BASE 65) ]
TOTAL THIS MO.    37
DPTR FM NORMAL    31    [PRESSURE DATA]
TOTAL FM JAN 1   934    HIGHEST SLP M ON M
DPTR FM NORMAL   200    LOWEST  SLP 29.64 ON 16

[REMARKS]
