000
CXUS52 KMFL 261000
CF6PMP
PRELIMINARY LOCAL CLIMATOLOGICAL DATA (WS FORM: F-6)

                                          STATION:   POMPANO BEACH ARPK
                                          MONTH:     MAY
                                          YEAR:      2020
                                          LATITUDE:   26 14 N
                                          LONGITUDE:  80  7 W

  TEMPERATURE IN F:       :PCPN:    SNOW:  WIND      :SUNSHINE: SKY     :PK WND
================================================================================
1   2   3   4   5  6A  6B    7    8   9   10  11  12  13   14  15   16   17  18
                                     12Z  AVG MX 2MIN
DY MAX MIN AVG DEP HDD CDD  WTR  SNW DPTH SPD SPD DIR MIN PSBL S-S WX    SPD DR
================================================================================

 1  80  61  71  -5   0   6 0.00  0.0    0  8.2 16  30   M    M   0        20  50
 2  82  65  74  -2   0   9 0.00  0.0    0  8.3 15  50   M    M   2        20  90
 3  81  72  77   0   0  12 0.00  0.0    0  7.7 14  90   M    M   2        19  90
 4  84  66  75  -2   0  10 0.00  0.0    0  6.3 13 120   M    M   1        17 100
 5  86  69  78   1   0  13 0.00  0.0    0  7.9 18 140   M    M   0        23 150
 6  90  73  82   5   0  17 0.00  0.0    0  8.9 22 160   M    M   3        27 160
 7  84  68  76  -1   0  11 0.00  0.0    0 12.7 23  40   M    M   1        27  40
 8  82  70  76  -1   0  11 0.00  0.0    0  9.5 16 140   M    M   1        20 120
 9  85  67  76  -1   0  11 0.00  0.0    0  8.3 16  80   M    M   1        20  70
10  79  70  75  -3   0  10 0.18  0.0    0  8.2 16 100   M    M   7 1      20  90
11  84  69  77  -1   0  12    T  0.0    0 11.9 23  40   M    M   6        27  40
12  84  75  80   2   0  15 0.00  0.0    0 14.7 23  50   M    M   3        29  50
13  84  75  80   2   0  15 0.00  0.0    0 16.9 26  70   M    M   5        34  60
14  79  74  77  -1   0  12 0.17  0.0    0 18.4 25  70   M    M   9 1      33  70
15  79  73  76  -2   0  11 2.90  0.0    0 13.3 24  70   M    M   9 1      33 100
16  88  72  80   2   0  15 1.21  0.0    0  9.5 26 240   M    M   6 13     35 240
17  87  71  79   0   0  14 0.15  0.0    0  6.3 23 220   M    M   5 123    27 240
18  86  69  78  -1   0  13 2.26  0.0    0  5.5 31 240   M    M   6 138    43 230
19  88  74  81   2   0  16 0.28  0.0    0  9.6 24 220   M    M   5 138    30 230
20  86  75  81   2   0  16 0.01  0.0    0  6.0 16 160   M    M   5 138    20 140
21  86  72  79   0   0  14 0.01  0.0    0  6.3 16 110   M    M   2 3      20 160
22  86  76  81   2   0  16    T  0.0    0 10.4 18  90   M    M   2 3      24 110
23  86  79  83   4   0  18 0.00  0.0    0 12.1 20 110   M    M   4        23 120
24  80  73  77  -3   0  12 0.90  0.0    0 13.7 26 100   M    M   8 1      35 110
25  78  71  75  -5   0  10 4.56  0.0    0 12.0 26 160   M    M  10 123    38 160
================================================================================
SM 2094 1779         0 319 12.63     0.0 252.6          M      103
================================================================================
AV 83.8 71.2                              10.1 FASTST   M    M   4    MAX(MPH)
                                 MISC ---->  # 31 240               # 43  230
================================================================================
NOTES:
# LAST OF SEVERAL OCCURRENCES

COLUMN 17 PEAK WIND IN M.P.H.

PRELIMINARY LOCAL CLIMATOLOGICAL DATA (WS FORM: F-6) , PAGE 2

                                          STATION:  POMPANO BEACH ARPK
                                          MONTH:    MAY
                                          YEAR:     2020
                                          LATITUDE:   26 14 N
                                          LONGITUDE:  80  7 W

[TEMPERATURE DATA]      [PRECIPITATION DATA]       SYMBOLS USED IN COLUMN 16

AVERAGE MONTHLY: 77.5   TOTAL FOR MONTH:  12.63    1 = FOG OR MIST
DPTR FM NORMAL:  -0.5   DPTR FM NORMAL:    9.12    2 = FOG REDUCING VISIBILITY
HIGHEST:    90 ON  6    GRTST 24HR  4.56 ON 25-25      TO 1/4 MILE OR LESS
LOWEST:     61 ON  1                               3 = THUNDER
                        SNOW, ICE PELLETS, HAIL    4 = ICE PELLETS
                        TOTAL MONTH:   0.0 INCH    5 = HAIL
                        GRTST 24HR     0.0         6 = FREEZING RAIN OR DRIZZLE
                        GRTST DEPTH:   0           7 = DUSTSTORM OR SANDSTORM:
                                                       VSBY 1/2 MILE OR LESS
                                                   8 = SMOKE OR HAZE
[NO. OF DAYS WITH]      [WEATHER - DAYS WITH]      9 = BLOWING SNOW
                                                   X = TORNADO
MAX 32 OR BELOW:   0    0.01 INCH OR MORE:  11
MAX 90 OR ABOVE:   1    0.10 INCH OR MORE:   9
MIN 32 OR BELOW:   0    0.50 INCH OR MORE:   5
MIN  0 OR BELOW:   0    1.00 INCH OR MORE:   4

[HDD (BASE 65) ]
TOTAL THIS MO.     0    CLEAR  (SCALE 0-3)  12
DPTR FM NORMAL     0    PTCLDY (SCALE 4-7)  10
TOTAL FM JUL 1    78    CLOUDY (SCALE 8-10)  3
DPTR FM NORMAL   -96

[CDD (BASE 65) ]
TOTAL THIS MO.   319
DPTR FM NORMAL    -7    [PRESSURE DATA]
TOTAL FM JAN 1  1595    HIGHEST SLP M ON M
DPTR FM NORMAL   493    LOWEST  SLP 29.81 ON 16

[REMARKS]
