000
CXUS54 KMOB 261551
CF6PNS
PRELIMINARY LOCAL CLIMATOLOGICAL DATA (WS FORM: F-6)

                                          STATION:   PENSACOLA
                                          MONTH:     MAY
                                          YEAR:      2018
                                          LATITUDE:   30 28 N
                                          LONGITUDE:  87 12 W

  TEMPERATURE IN F:       :PCPN:    SNOW:  WIND      :SUNSHINE: SKY     :PK WND
================================================================================
1   2   3   4   5  6A  6B    7    8   9   10  11  12  13   14  15   16   17  18
                                     12Z  AVG MX 2MIN
DY MAX MIN AVG DEP HDD CDD  WTR  SNW DPTH SPD SPD DIR MIN PSBL S-S WX    SPD DR
================================================================================

 1  80  66  73   2   0   8 0.00  0.0    0  9.2 20 140   M    M   2 1      24 140
 2  81  63  72   1   0   7 0.00  0.0    0  7.1 15 150   M    M   1        19 150
 3  79  64  72   1   0   7 0.00  0.0    0  8.5 18 130   M    M   1        22 140
 4  83  61  72   0   0   7 0.00  0.0    0  7.4 17 140   M    M   1 1      21 150
 5  84  66  75   3   0  10 0.01  0.0    0  8.4 20 170   M    M   0 1      24 160
 6  88  65  77   5   0  12 0.00  0.0    0  9.8 18 310   M    M   0        23 310
 7  91  62  77   5   0  12 0.00  0.0    0  6.6 17 330   M    M   1        30 350
 8  90  65  78   5   0  13 0.00  0.0    0  8.2 16 190   M    M   1        21 170
 9  89  68  79   6   0  14 0.00  0.0    0  7.1 20 170   M    M   1        26 190
10  90  66  78   5   0  13 0.00  0.0    0  6.3 18 170   M    M   0        22 170
11  90  66  78   5   0  13 0.00  0.0    0  4.9 13 170   M    M   0        20 170
12  89  67  78   4   0  13 0.00  0.0    0  6.4 14 170   M    M   0        17 170
13  98  69  84  10   0  19 0.04  0.0    0  5.8 25 140   M    M   1 3      32 130
14  91  70  81   7   0  16 0.01  0.0    0  4.4 15 140   M    M   1 138    19 130
15  89  74  82   8   0  17 0.01  0.0    0  5.5 15 120   M    M   4        23  40
16  92  72  82   7   0  17    T  0.0    0  5.8 17 210   M    M   2 3      21 210
17  88  69  79   4   0  14 0.28  0.0    0  6.9 18 320   M    M   1 13     26 320
18  90  72  81   6   0  16 0.02  0.0    0  8.5 23 180   M    M   2 3      27 190
19  89  75  82   6   0  17    T  0.0    0  8.7 18 170   M    M   3        23 160
20  89  73  81   5   0  16    T  0.0    0  6.1 15 160   M    M   3 13     20 130
21  86  71  79   3   0  14 1.76  0.0    0  6.3 18 130   M    M   8 13     22 130
22  86  74  80   4   0  15 0.63  0.0    0  4.7 21 210   M    M   4 38     25 220
23  86  70  78   2   0  13 0.57  0.0    0  6.0 22 360   M    M   5 13     28 350
24  87  69  78   1   0  13 0.10  0.0    0  5.5 20 340   M    M   2 13     26 340
25  86  71  79   2   0  14 0.00  0.0    0  5.7 16 170   M    M   3        21 170
================================================================================
SM 2191 1708         0 330  3.43     0.0 169.8          M       47
================================================================================
AV 87.6 68.3                               6.8 FASTST   M    M   2    MAX(MPH)
                                 MISC ---->  # 25 140               # 32  130
================================================================================
NOTES:
# LAST OF SEVERAL OCCURRENCES

COLUMN 17 PEAK WIND IN M.P.H.

PRELIMINARY LOCAL CLIMATOLOGICAL DATA (WS FORM: F-6) , PAGE 2

                                          STATION:  PENSACOLA
                                          MONTH:    MAY
                                          YEAR:     2018
                                          LATITUDE:   30 28 N
                                          LONGITUDE:  87 12 W

[TEMPERATURE DATA]      [PRECIPITATION DATA]       SYMBOLS USED IN COLUMN 16

AVERAGE MONTHLY: 78.0   TOTAL FOR MONTH:   3.43    1 = FOG OR MIST
DPTR FM NORMAL:   4.1   DPTR FM NORMAL:    0.11    2 = FOG REDUCING VISIBILITY
HIGHEST:    98 ON 13    GRTST 24HR  1.76 ON 21-21      TO 1/4 MILE OR LESS
LOWEST:     61 ON  4                               3 = THUNDER
                        SNOW, ICE PELLETS, HAIL    4 = ICE PELLETS
                        TOTAL MONTH:   0.0 INCH    5 = HAIL
                        GRTST 24HR     0.0         6 = FREEZING RAIN OR DRIZZLE
                        GRTST DEPTH:   0           7 = DUSTSTORM OR SANDSTORM:
                                                       VSBY 1/2 MILE OR LESS
                                                   8 = SMOKE OR HAZE
[NO. OF DAYS WITH]      [WEATHER - DAYS WITH]      9 = BLOWING SNOW
                                                   X = TORNADO
MAX 32 OR BELOW:   0    0.01 INCH OR MORE:  10
MAX 90 OR ABOVE:   8    0.10 INCH OR MORE:   5
MIN 32 OR BELOW:   0    0.50 INCH OR MORE:   3
MIN  0 OR BELOW:   0    1.00 INCH OR MORE:   1

[HDD (BASE 65) ]
TOTAL THIS MO.     0    CLEAR  (SCALE 0-3)  21
DPTR FM NORMAL     0    PTCLDY (SCALE 4-7)   4
TOTAL FM JUL 1  1193    CLOUDY (SCALE 8-10)  0
DPTR FM NORMAL  -342

[CDD (BASE 65) ]
TOTAL THIS MO.   330
DPTR FM NORMAL   108    [PRESSURE DATA]
TOTAL FM JAN 1   583    HIGHEST SLP M ON M
DPTR FM NORMAL   213    LOWEST  SLP 29.82 ON M

[REMARKS]
