000
CXUS54 KLIX 221000
CF6PQL
PRELIMINARY LOCAL CLIMATOLOGICAL DATA (WS FORM: F-6)

                                          STATION:   PASCAGOULA/LOTT ASOS
                                          MONTH:     OCTOBER
                                          YEAR:      2019
                                          LATITUDE:   30 28 N
                                          LONGITUDE:  88 32 W

  TEMPERATURE IN F:       :PCPN:    SNOW:  WIND      :SUNSHINE: SKY     :PK WND
================================================================================
1   2   3   4   5  6A  6B    7    8   9   10  11  12  13   14  15   16   17  18
                                     12Z  AVG MX 2MIN
DY MAX MIN AVG DEP HDD CDD  WTR  SNW DPTH SPD SPD DIR MIN PSBL S-S WX    SPD DR
================================================================================

 1  97  69  83  10   0  18 0.00  0.0    0  2.7  9 150   M    M   0 12     13  70
 2  96  71  84  11   0  19 0.00  0.0    0  3.0 13 160   M    M   1 128    16 150
 3  98  69  84  12   0  19 0.00  0.0    0  2.4 13 160   M    M   1 128    16 180
 4  98  71  85  13   0  20 0.00  0.0    0  2.5 14 350   M    M   1 1      16 350
 5  92  67  80   8   0  15 0.00  0.0    0  3.5 14 160   M    M   0        18 140
 6  89  70  80   8   0  15 0.00  0.0    0  5.8 15 100   M    M   1        20 100
 7  92  69  81  10   0  16 0.27  0.0    0  4.1 21 360   M    M   2 13     26 360
 8  89  68  79   8   0  14 0.00  0.0    0  6.3 16 360   M    M   1        20  20
 9  91  67  79   9   0  14 0.00  0.0    0  5.2 16 160   M    M   2 18     20 150
10  88  68  78   8   0  13 0.00  0.0    0  6.1 17 130   M    M   1 18     24 150
11  88  69  79   9   0  14 0.55  0.0    0  6.0 20 150   M    M   5 13     23 140
12  77  63  70   1   0   5 1.72  0.0    0  9.7 17 360   M    M  10 13     24 360
13  85  63  74   5   0   9 0.00  0.0    0  6.1 12 350   M    M   5 18     16 360
14  83  64  74   5   0   9 0.01  0.0    0  4.5 13 360   M    M   5 1      15 360
15  89  70  80  12   0  15 2.07  0.0    0  3.1 15 350   M    M   6 13     19 360
16  80  60  70   2   0   5 0.79  0.0    0  5.5 16 360   M    M   7 1      21  10
17  73  53  63  -5   2   0 0.00  0.0    0  6.1 14  10   M    M   0        18  10
18  66  60  63  -4   2   0 0.06  0.0    0  7.8 16  10   M    M   6        21  10
19  84  62  73   6   0   8 0.02  0.0    0  5.6 13 360   M    M   5 128    19 360
20  85  60  73   6   0   8 0.00  0.0    0  2.1 12 150   M    M   2 18     16 140
21  85  67  76  10   0  11 0.78  0.0    0  4.0 14 160   M    M   4 138    18 170
================================================================================
SM 1825 1380         4 247  6.27     0.0 102.1          M       65
================================================================================
AV 86.9 65.7                               4.9 FASTST   M    M   3    MAX(MPH)
                                 MISC ---->  # 21 360               # 26  360
================================================================================
NOTES:
# LAST OF SEVERAL OCCURRENCES

COLUMN 17 PEAK WIND IN M.P.H.

PRELIMINARY LOCAL CLIMATOLOGICAL DATA (WS FORM: F-6) , PAGE 2

                                          STATION:  PASCAGOULA/LOTT ASOS
                                          MONTH:    OCTOBER
                                          YEAR:     2019
                                          LATITUDE:   30 28 N
                                          LONGITUDE:  88 32 W

[TEMPERATURE DATA]      [PRECIPITATION DATA]       SYMBOLS USED IN COLUMN 16

AVERAGE MONTHLY: 76.3   TOTAL FOR MONTH:   6.27    1 = FOG OR MIST
DPTR FM NORMAL:   6.6   DPTR FM NORMAL:    3.64    2 = FOG REDUCING VISIBILITY
HIGHEST:    98 ON  4, 3 GRTST 24HR  2.07 ON 15-15      TO 1/4 MILE OR LESS
LOWEST:     53 ON 17                               3 = THUNDER
                        SNOW, ICE PELLETS, HAIL    4 = ICE PELLETS
                        TOTAL MONTH:   0.0 INCH    5 = HAIL
                        GRTST 24HR     0.0         6 = FREEZING RAIN OR DRIZZLE
                        GRTST DEPTH:   0           7 = DUSTSTORM OR SANDSTORM:
                                                       VSBY 1/2 MILE OR LESS
                                                   8 = SMOKE OR HAZE
[NO. OF DAYS WITH]      [WEATHER - DAYS WITH]      9 = BLOWING SNOW
                                                   X = TORNADO
MAX 32 OR BELOW:   0    0.01 INCH OR MORE:   9
MAX 90 OR ABOVE:   7    0.10 INCH OR MORE:   6
MIN 32 OR BELOW:   0    0.50 INCH OR MORE:   5
MIN  0 OR BELOW:   0    1.00 INCH OR MORE:   2

[HDD (BASE 65) ]
TOTAL THIS MO.     4    CLEAR  (SCALE 0-3)  12
DPTR FM NORMAL   -18    PTCLDY (SCALE 4-7)   8
TOTAL FM JUL 1     4    CLOUDY (SCALE 8-10)  1
DPTR FM NORMAL   -20

[CDD (BASE 65) ]
TOTAL THIS MO.   247
DPTR FM NORMAL   124    [PRESSURE DATA]
TOTAL FM JAN 1  3073    HIGHEST SLP M ON M
DPTR FM NORMAL   752    LOWEST  SLP 29.73 ON 19

[REMARKS]
