000
CXUS56 KFGZ 220900
CF6PRC
PRELIMINARY LOCAL CLIMATOLOGICAL DATA (WS FORM: F-6)

                                          STATION:   PRESCOTT AZ AIRPORT
                                          MONTH:     OCTOBER
                                          YEAR:      2019
                                          LATITUDE:   34 39 N
                                          LONGITUDE: 112 26 W

  TEMPERATURE IN F:       :PCPN:    SNOW:  WIND      :SUNSHINE: SKY     :PK WND
================================================================================
1   2   3   4   5  6A  6B    7    8   9   10  11  12  13   14  15   16   17  18
                                     12Z  AVG MX 2MIN
DY MAX MIN AVG DEP HDD CDD  WTR  SNW DPTH SPD SPD DIR MIN PSBL S-S WX    SPD DR
================================================================================

 1  69  47  58  -4   7   0 0.00    M    M  9.4 21 190   M    M   0        30 200
 2  75  41  58  -4   7   0 0.00    M    M  5.0 13 130   M    M   0        17 120
 3  78  41  60  -1   5   0 0.00    M    M  5.4 16 200   M    M   0        21 200
 4  76  51  64   3   1   0 0.00    M    M  9.4 24 230   M    M   0 8      30 240
 5  78  41  60   0   5   0 0.00    M    M  6.7 15 220   M    M   0        20 220
 6  82  40  61   1   4   0 0.00    M    M  3.5 10 200   M    M   0        14 110
 7  82  43  63   3   2   0 0.00    M    M  5.5 17 140   M    M   0        22 130
 8  80  45  63   4   2   0 0.00    M    M  6.0 16 230   M    M   0        21 230
 9  76  47  62   3   3   0 0.00    M    M 10.1 28 230   M    M   0        37 210
10  66  37  52  -7  13   0 0.00    M    M  9.1 17 350   M    M   0        25 330
11  68  29  49  -9  16   0 0.00    M    M  6.0 17 140   M    M   0        22 130
12  73  35  54  -4  11   0 0.00    M    M  5.0 14 220   M    M   0        23  60
13  74  37  56  -2   9   0 0.00    M    M  6.6 18 230   M    M   0        24 230
14  72  43  58   1   7   0 0.00    M    M  7.0 17 190   M    M   1        23 170
15  78  41  60   3   5   0 0.00    M    M  3.9 14 140   M    M   0        18 130
16  79  42  61   5   4   0 0.00    M    M  6.8 17 140   M    M   0 8      22 150
17  76  48  62   6   3   0 0.00    M    M  9.8 26 230   M    M   0 8      34 180
18  72  45  59   3   6   0 0.00    M    M  6.1 17 210   M    M   1        25 220
19  72  36  54  -1  11   0 0.00    M    M  5.7 18 250   M    M   0        22 240
20  69  40  55   0  10   0 0.00    M    M  7.3 20 320   M    M   0        25 310
21  72  36  54  -1  11   0 0.00  0.0    0  7.4 17 320   M    M   0 8      22 320
================================================================================
SM 1567  865       142   0  0.00     0.0 141.7          M        2
================================================================================
AV 74.6 41.2                               6.7 FASTST   M    M   0    MAX(MPH)
                                 MISC ---->  # 28 230               # 37  210
================================================================================
NOTES:
# LAST OF SEVERAL OCCURRENCES

COLUMN 17 PEAK WIND IN M.P.H.

PRELIMINARY LOCAL CLIMATOLOGICAL DATA (WS FORM: F-6) , PAGE 2

                                          STATION:  PRESCOTT AZ AIRPORT
                                          MONTH:    OCTOBER
                                          YEAR:     2019
                                          LATITUDE:   34 39 N
                                          LONGITUDE: 112 26 W

[TEMPERATURE DATA]      [PRECIPITATION DATA]       SYMBOLS USED IN COLUMN 16

AVERAGE MONTHLY: 57.9   TOTAL FOR MONTH:   0.00    1 = FOG OR MIST
DPTR FM NORMAL:  -0.4   DPTR FM NORMAL:   -0.65    2 = FOG REDUCING VISIBILITY
HIGHEST:    82 ON  7, 6 GRTST 24HR  0.00 ON 21-21      TO 1/4 MILE OR LESS
LOWEST:     29 ON 11                               3 = THUNDER
                        SNOW, ICE PELLETS, HAIL    4 = ICE PELLETS
                        TOTAL MONTH:   0.0 INCH    5 = HAIL
                        GRTST 24HR     0.0         6 = FREEZING RAIN OR DRIZZLE
                        GRTST DEPTH:   0           7 = DUSTSTORM OR SANDSTORM:
                                                       VSBY 1/2 MILE OR LESS
                                                   8 = SMOKE OR HAZE
[NO. OF DAYS WITH]      [WEATHER - DAYS WITH]      9 = BLOWING SNOW
                                                   X = TORNADO
MAX 32 OR BELOW:   0    0.01 INCH OR MORE:   0
MAX 90 OR ABOVE:   0    0.10 INCH OR MORE:   0
MIN 32 OR BELOW:   1    0.50 INCH OR MORE:   0
MIN  0 OR BELOW:   0    1.00 INCH OR MORE:   0

[HDD (BASE 65) ]
TOTAL THIS MO.   142    CLEAR  (SCALE 0-3)  21
DPTR FM NORMAL    -5    PTCLDY (SCALE 4-7)   0
TOTAL FM JUL 1   169    CLOUDY (SCALE 8-10)  0
DPTR FM NORMAL   -16

[CDD (BASE 65) ]
TOTAL THIS MO.     0
DPTR FM NORMAL    -5    [PRESSURE DATA]
TOTAL FM JAN 1  1130    HIGHEST SLP M ON M
DPTR FM NORMAL   190    LOWEST  SLP 29.61 ON 18

[REMARKS]
