000
CXUS56 KFGZ 160900
CF6PRC
PRELIMINARY LOCAL CLIMATOLOGICAL DATA (WS FORM: F-6)

                                          STATION:   PRESCOTT AZ AIRPORT
                                          MONTH:     JANUARY
                                          YEAR:      2019
                                          LATITUDE:   34 39 N
                                          LONGITUDE: 112 26 W

  TEMPERATURE IN F:       :PCPN:    SNOW:  WIND      :SUNSHINE: SKY     :PK WND
================================================================================
1   2   3   4   5  6A  6B    7    8   9   10  11  12  13   14  15   16   17  18
                                     12Z  AVG MX 2MIN
DY MAX MIN AVG DEP HDD CDD  WTR  SNW DPTH SPD SPD DIR MIN PSBL S-S WX    SPD DR
================================================================================

 1  31   6  19 -19  46   0 0.00    M    M  6.6 15 330   M    M   2        18 330
 2  39   8  24 -14  41   0 0.00    M    M  7.6 17 350   M    M   0        21 360
 3  51  11  31  -7  34   0 0.00    M    M  4.3  9 190   M    M   0        11 190
 4  59  19  39   1  26   0 0.00    M    M  4.5 10 140   M    M   0        15 130
 5  57  26  42   4  23   0 0.06    M    M  5.2 18 140   M    M   4 1      24 130
 6  45  30  38   0  27   0 0.20    M    M  6.0 20 230   M    M   8 1      23 250
 7  48  29  39   1  26   0 0.00    M    M  6.1 13 130   M    M   2 12     18 130
 8  60  25  43   5  22   0 0.00    M    M  5.1 15 150   M    M   0        19 130
 9  59  29  44   6  21   0 0.00    M    M  4.2 14 130   M    M   2        19 110
10  58  31  45   7  20   0 0.00    M    M  3.8 12 210   M    M   2        15 140
11  54  26  40   2  25   0 0.00    M    M  5.2 13 320   M    M   0        17 280
12  52  25  39   1  26   0    T    M    M  5.8 21 150   M    M   3        26 150
13  44  29  37  -1  28   0 0.35    M    M  2.1 12 140   M    M   8 12     14 150
14  52  27  40   1  25   0    T    M    M  7.1 21 150   M    M   7        24 140
15  46  39  43   4  22   0 0.89    M    M  8.5 23 160   M    M  10 1      27 160
================================================================================
SM  755  360       412   0  1.50    M     82.1          M       48
================================================================================
AV 50.3 24.0                               5.5 FASTST   M    M   3    MAX(MPH)
                                 MISC ---->  # 23 160               # 27  160
================================================================================
NOTES:
# LAST OF SEVERAL OCCURRENCES

COLUMN 17 PEAK WIND IN M.P.H.

PRELIMINARY LOCAL CLIMATOLOGICAL DATA (WS FORM: F-6) , PAGE 2

                                          STATION:  PRESCOTT AZ AIRPORT
                                          MONTH:    JANUARY
                                          YEAR:     2019
                                          LATITUDE:   34 39 N
                                          LONGITUDE: 112 26 W

[TEMPERATURE DATA]      [PRECIPITATION DATA]       SYMBOLS USED IN COLUMN 16

AVERAGE MONTHLY: 37.2   TOTAL FOR MONTH:   1.50    1 = FOG OR MIST
DPTR FM NORMAL:  -1.0   DPTR FM NORMAL:    0.92    2 = FOG REDUCING VISIBILITY
HIGHEST:    60 ON  8    GRTST 24HR  0.89 ON 15-15      TO 1/4 MILE OR LESS
LOWEST:      6 ON  1                               3 = THUNDER
                        SNOW, ICE PELLETS, HAIL    4 = ICE PELLETS
                        TOTAL MONTH:    M          5 = HAIL
                        GRTST 24HR    M  ON   M    6 = FREEZING RAIN OR DRIZZLE
                        GRTST DEPTH:  M  ON   M    7 = DUSTSTORM OR SANDSTORM:
                                                       VSBY 1/2 MILE OR LESS
                                                   8 = SMOKE OR HAZE
[NO. OF DAYS WITH]      [WEATHER - DAYS WITH]      9 = BLOWING SNOW
                                                   X = TORNADO
MAX 32 OR BELOW:   1    0.01 INCH OR MORE:   4
MAX 90 OR ABOVE:   0    0.10 INCH OR MORE:   3
MIN 32 OR BELOW:  14    0.50 INCH OR MORE:   1
MIN  0 OR BELOW:   0    1.00 INCH OR MORE:   0

[HDD (BASE 65) ]
TOTAL THIS MO.   412    CLEAR  (SCALE 0-3)  10
DPTR FM NORMAL    10    PTCLDY (SCALE 4-7)   4
TOTAL FM JUL 1  2056    CLOUDY (SCALE 8-10)  1
DPTR FM NORMAL   -49

[CDD (BASE 65) ]
TOTAL THIS MO.     0
DPTR FM NORMAL     0    [PRESSURE DATA]
TOTAL FM JAN 1     0    HIGHEST SLP M ON M
DPTR FM NORMAL     0    LOWEST  SLP 29.85 ON  1

[REMARKS]
