000
CXUS56 KFGZ 170900
CF6PRC
PRELIMINARY LOCAL CLIMATOLOGICAL DATA (WS FORM: F-6)

                                          STATION:   PRESCOTT AZ AIRPORT
                                          MONTH:     OCTOBER
                                          YEAR:      2018
                                          LATITUDE:   34 39 N
                                          LONGITUDE: 112 26 W

  TEMPERATURE IN F:       :PCPN:    SNOW:  WIND      :SUNSHINE: SKY     :PK WND
================================================================================
1   2   3   4   5  6A  6B    7    8   9   10  11  12  13   14  15   16   17  18
                                     12Z  AVG MX 2MIN
DY MAX MIN AVG DEP HDD CDD  WTR  SNW DPTH SPD SPD DIR MIN PSBL S-S WX    SPD DR
================================================================================

 1  72  60  66   4   0   1 0.02  0.0    0  9.4 21 140   M    M   7 18     25 120
 2  72  59  66   4   0   1 0.49    M    M  6.1 18 140   M    M   9 18     25 200
 3  75  56  66   5   0   1 0.00    M    M  4.5 17 250   M    M   5        22 250
 4  71  54  63   2   2   0    T    M    M  8.3 18 200   M    M   4        25 160
 5  70  47  59  -1   6   0 0.00    M    M  4.6 15 330   M    M   3 8      23 310
 6  68  43  56  -4   9   0 0.25    M    M  9.4 28 320   M    M   4 13     34 320
 7  58  39  49 -11  16   0 0.64    M    M  6.7 22 270   M    M   5 13     26 280
 8  59  43  51  -8  14   0    T    M    M  4.0 16 310   M    M   9        20 280
 9  64  38  51  -8  14   0 0.00  0.0    0  6.1 17 240   M    M   2 12     21 240
10  65  44  55  -4  10   0 0.00  0.0    0  6.9 17 190   M    M   3        24 200
11  63  45  54  -4  11   0 0.20    M    0  5.0 17 200   M    M   6 1      23 180
12  69  48  59   1   6   0 0.00    M    M  5.2 16 150   M    M   5        21 120
13  61  46  54  -4  11   0 0.17    M    M  5.2 16 250   M    M   5 1      20 250
14  64  43  54  -3  11   0    T    M    M  6.0 15 260   M    M   6        21 290
15  60  33  47 -10  18   0 0.00    M    M  4.3 15  40   M    M   0        20  30
16  46  38  42 -14  23   0 0.05    M    M  5.4 12 350   M    M   9 1      13 350
================================================================================
SM 1037  736       151   3  1.82     0.0  97.1          M       82
================================================================================
AV 64.8 46.0                               6.1 FASTST   M    M   5    MAX(MPH)
                                 MISC ---->  # 28 320               # 34  320
================================================================================
NOTES:
# LAST OF SEVERAL OCCURRENCES

COLUMN 17 PEAK WIND IN M.P.H.

PRELIMINARY LOCAL CLIMATOLOGICAL DATA (WS FORM: F-6) , PAGE 2

                                          STATION:  PRESCOTT AZ AIRPORT
                                          MONTH:    OCTOBER
                                          YEAR:     2018
                                          LATITUDE:   34 39 N
                                          LONGITUDE: 112 26 W

[TEMPERATURE DATA]      [PRECIPITATION DATA]       SYMBOLS USED IN COLUMN 16

AVERAGE MONTHLY: 55.4   TOTAL FOR MONTH:   1.82    1 = FOG OR MIST
DPTR FM NORMAL:  -3.8   DPTR FM NORMAL:    1.31    2 = FOG REDUCING VISIBILITY
HIGHEST:    75 ON  3    GRTST 24HR  0.64 ON  7- 7      TO 1/4 MILE OR LESS
LOWEST:     33 ON 15                               3 = THUNDER
                        SNOW, ICE PELLETS, HAIL    4 = ICE PELLETS
                        TOTAL MONTH:   0.0 INCH    5 = HAIL
                        GRTST 24HR     0.0         6 = FREEZING RAIN OR DRIZZLE
                        GRTST DEPTH:   0           7 = DUSTSTORM OR SANDSTORM:
                                                       VSBY 1/2 MILE OR LESS
                                                   8 = SMOKE OR HAZE
[NO. OF DAYS WITH]      [WEATHER - DAYS WITH]      9 = BLOWING SNOW
                                                   X = TORNADO
MAX 32 OR BELOW:   0    0.01 INCH OR MORE:   7
MAX 90 OR ABOVE:   0    0.10 INCH OR MORE:   5
MIN 32 OR BELOW:   0    0.50 INCH OR MORE:   1
MIN  0 OR BELOW:   0    1.00 INCH OR MORE:   0

[HDD (BASE 65) ]
TOTAL THIS MO.   151    CLEAR  (SCALE 0-3)   3
DPTR FM NORMAL    52    PTCLDY (SCALE 4-7)  10
TOTAL FM JUL 1   151    CLOUDY (SCALE 8-10)  3
DPTR FM NORMAL    14

[CDD (BASE 65) ]
TOTAL THIS MO.     3
DPTR FM NORMAL    -2    [PRESSURE DATA]
TOTAL FM JAN 1  1245    HIGHEST SLP M ON M
DPTR FM NORMAL   305    LOWEST  SLP 29.59 ON  7

[REMARKS]
