000
CXUS54 KFWD 230730
CF6PSN
PRELIMINARY LOCAL CLIMATOLOGICAL DATA (WS FORM: F-6)

                                          STATION:   PALESTINE
                                          MONTH:     JANUARY
                                          YEAR:      2019
                                          LATITUDE:   31 46 N
                                          LONGITUDE:  95 42 W

  TEMPERATURE IN F:       :PCPN:    SNOW:  WIND      :SUNSHINE: SKY     :PK WND
================================================================================
1   2   3   4   5  6A  6B    7    8   9   10  11  12  13   14  15   16   17  18
                                     12Z  AVG MX 2MIN
DY MAX MIN AVG DEP HDD CDD  WTR  SNW DPTH SPD SPD DIR MIN PSBL S-S WX    SPD DR
================================================================================

 1  54  44  49   3  16   0 0.00  0.0    M  8.0 10 360   M    M   6         M  M
 2  46  40  43  -3  22   0 2.08  0.0    0  6.0 17 270   M    M   9 1      21 270
 3  44  39  42  -4  23   0 0.46    M    0  6.8 13 270   M    M  10 1      18 270
 4  56  36  46   0  19   0 0.00  0.0    0  6.3 13 290   M    M   3        22 300
 5  70  34  52   6  13   0 0.00  0.0    0  2.1  6 150   M    M   0         M  M
 6  69  43  56  10   9   0 0.00  0.0    0  6.4 13 180   M    M   2 1      20 160
 7  72  61  67  21   0   2 0.00  0.0    0  7.5 13 170   M    M   7 1      18 170
 8  72  53  63  17   2   0 0.00  0.0    0  5.9 10 350   M    M   4 12      M  M
 9  60  43  52   6  13   0 0.00  0.0    0  6.2 12  10   M    M   0        20  10
10  52  38  45  -1  20   0 0.00  0.0    0  3.6  7  70   M    M   6         M  M
11  60  46  53   7  12   0 0.42  0.0    0  6.8 13 100   M    M   8         M  M
12  55  44  50   4  15   0 0.02  0.0    0  9.1 16 280   M    M   7 1      27 280
13  47  37  42  -4  23   0 0.00  0.0    0  9.3 14 340   M    M   7        21 340
14  48  36  42  -4  23   0 0.00  0.0    0  3.5  8 330   M    M   5         M  M
15  50  34  42  -4  23   0 0.00  0.0    0  1.7  5 170   M    M   8 1       M  M
16  57  48  53   7  12   0 0.01    M    0  6.2  9 170   M    M  10 1       M  M
17  66  43  55   9  10   0 0.00  0.0    0  6.6 14 260   M    M   5 1      18 290
18  66  41  54   8  11   0 0.01    M    0  6.6 12 180   M    M   6 1      18 180
19  66  32  49   3  16   0 0.05    M    0 16.8 29 300   M    M   7        39 300
20  48  25  37  -9  28   0 0.00  0.0    0  3.7 14 330   M    M   0        20 320
21  57  36  47   1  18   0 0.00  0.0    0  9.9 15 140   M    M   2        21 140
22  66  41  54   8  11   0 0.31  0.0    0 11.1 22 310   M    M  10 14     36 310
================================================================================
SM 1281  894       339   2  3.36     0.0 150.1          M      122
================================================================================
AV 58.2 40.6                               6.8 FASTST   M    M   6    MAX(MPH)
                                 MISC ---->  # 29 300               # 39  300
================================================================================
NOTES:
# LAST OF SEVERAL OCCURRENCES

COLUMN 17 PEAK WIND IN M.P.H.

PRELIMINARY LOCAL CLIMATOLOGICAL DATA (WS FORM: F-6) , PAGE 2

                                          STATION:  PALESTINE
                                          MONTH:    JANUARY
                                          YEAR:     2019
                                          LATITUDE:   31 46 N
                                          LONGITUDE:  95 42 W

[TEMPERATURE DATA]      [PRECIPITATION DATA]       SYMBOLS USED IN COLUMN 16

AVERAGE MONTHLY: 49.4   TOTAL FOR MONTH:   3.36    1 = FOG OR MIST
DPTR FM NORMAL:   3.4   DPTR FM NORMAL:    0.84    2 = FOG REDUCING VISIBILITY
HIGHEST:    72 ON  8, 7 GRTST 24HR  2.08 ON  2- 2      TO 1/4 MILE OR LESS
LOWEST:     25 ON 20                               3 = THUNDER
                        SNOW, ICE PELLETS, HAIL    4 = ICE PELLETS
                        TOTAL MONTH:   0.0 INCH    5 = HAIL
                        GRTST 24HR     0.0         6 = FREEZING RAIN OR DRIZZLE
                        GRTST DEPTH:   0           7 = DUSTSTORM OR SANDSTORM:
                                                       VSBY 1/2 MILE OR LESS
                                                   8 = SMOKE OR HAZE
[NO. OF DAYS WITH]      [WEATHER - DAYS WITH]      9 = BLOWING SNOW
                                                   X = TORNADO
MAX 32 OR BELOW:   0    0.01 INCH OR MORE:   8
MAX 90 OR ABOVE:   0    0.10 INCH OR MORE:   4
MIN 32 OR BELOW:   2    0.50 INCH OR MORE:   1
MIN  0 OR BELOW:   0    1.00 INCH OR MORE:   1

[HDD (BASE 65) ]
TOTAL THIS MO.   339    CLEAR  (SCALE 0-3)   6
DPTR FM NORMAL   -87    PTCLDY (SCALE 4-7)  11
TOTAL FM JUL 1  1267    CLOUDY (SCALE 8-10)  5
DPTR FM NORMAL   -95

[CDD (BASE 65) ]
TOTAL THIS MO.     2
DPTR FM NORMAL     2    [PRESSURE DATA]
TOTAL FM JAN 1     2    HIGHEST SLP M ON M
DPTR FM NORMAL     2    LOWEST  SLP M ON M

[REMARKS]
