815
NZUS97 KBTV 160700
CF6PTD
PRELIMINARY LOCAL CLIMATOLOGICAL DATA (WS FORM: F-6)

                                          STATION:   POTSDAM MUNICIPAL DAMON FIELD
                                          MONTH:     OCTOBER
                                          YEAR:      2019
                                          LATITUDE:   44 40 N
                                          LONGITUDE:  74 57 W

  TEMPERATURE IN F:       :PCPN:    SNOW:  WIND      :SUNSHINE: SKY     :PK WND
================================================================================
1   2   3   4   5  6A  6B    7    8   9   10  11  12  13   14  15   16   17  18
                                     12Z  AVG MX 2MIN
DY MAX MIN AVG DEP HDD CDD  WTR  SNW DPTH SPD SPD DIR MIN PSBL S-S WX    SPD DR
================================================================================

 1  79  50  65   M   0   0 0.45    M    M  8.6 17 240   M    M  10 1      24 230
 2  68  43  56   M   9   0 0.10    M    M  6.8 14  20   M    M  10        15  30
 3  48  37  43   M  22   0 0.04    M    M  6.0 10  60   M    M   6 18     17   0
 4  48  30  39   M  26   0 0.01    M    M  6.6 14  20   M    M   7 1      17  20
 5  55  27  41   M  24   0 0.00    M    M  2.0  6 160   M    M   1        15  80
 6  66  46  56   M   9   0 0.01    M    M 11.8 21 210   M    M   9        28 210
 7  63  50  57   M   8   0 0.30    M    M  8.8 15 250   M    M   4        17 220
 8  63  37  50   M  15   0 0.00    M    M  2.9  7 250   M    M   0 8       M   M
 9  61  32  47   M  18   0 0.00    M    M  3.6 12  40   M    M   1        14  50
10  64  32  48   M  17   0 0.00    M    M  5.3 13  70   M    M   0        18  60
11  68  34  51   M  14   0 0.00    M    M  7.0 18  50   M    M   1        20  50
12  64  36  50   M  15   0 0.01    M    M  5.2 14 240   M    M   5 1      18 230
13  66  36  51   M  14   0 0.00    M    M  4.7  9 130   M    M   3        16 190
14  57  39  48   M  17   0 0.00    M    M  8.1 16 220   M    M   6        26 250
15  57  37  47   M  18   0 0.00    M    M  6.9 22 240   M    M   5        24 260
================================================================================
SM  927  566       226   0  0.92    M     94.1          M       68
================================================================================
AV 61.8 37.7                               6.3 FASTST   M    M   4    MAX(MPH)
                                 MISC ---->    22 240                 28 210
================================================================================
NOTES:
# LAST OF SEVERAL OCCURRENCES

COLUMN 17 PEAK WIND IN M.P.H.

PRELIMINARY LOCAL CLIMATOLOGICAL DATA (WS FORM: F-6) , PAGE 2

                                          STATION:   POTSDAM MUNICIPAL DAMON FIELD
                                          MONTH:     OCTOBER
                                          YEAR:      2019
                                          LATITUDE:   44 40 N
                                          LONGITUDE:  74 57 W

[TEMPERATURE DATA]      [PRECIPITATION DATA]       SYMBOLS USED IN COLUMN 16

AVERAGE MONTHLY: 49.8   TOTAL FOR MONTH:   0.92    1 = FOG OR MIST
DPTR FM NORMAL:   0.0   DPTR FM NORMAL:    0.92    2 = FOG REDUCING VISIBILITY
HIGHEST:    79 ON  1    GRTST 24HR  0.45 ON  1- 1      TO 1/4 MILE OR LESS
LOWEST:     27 ON  5                               3 = THUNDER
                        SNOW, ICE PELLETS, HAIL    4 = ICE PELLETS
                        TOTAL MONTH:  M            5 = HAIL
                        GRTST 24HR    M  ON   M    6 = FREEZING RAIN OR DRIZZLE
                        GRTST DEPTH:  M  ON   M    7 = DUSTSTORM OR SANDSTORM:
                                                       VSBY 1/2 MILE OR LESS
                                                   8 = SMOKE OR HAZE
[NO. OF DAYS WITH]      [WEATHER - DAYS WITH]      9 = BLOWING SNOW
                                                   X = TORNADO
MAX 32 OR BELOW:   0    0.01 INCH OR MORE:   7
MAX 90 OR ABOVE:   0    0.10 INCH OR MORE:   3
MIN 32 OR BELOW:   4    0.50 INCH OR MORE:   0
MIN  0 OR BELOW:   0    1.00 INCH OR MORE:   0

[HDD (BASE 65) ]
TOTAL THIS MO.   226    CLEAR  (SCALE 0-3)   6
DPTR FM NORMAL     M    PTCLDY (SCALE 4-7)   6
TOTAL FM JUL 1   469    CLOUDY (SCALE 8-10)  3
DPTR FM NORMAL     M

[CDD (BASE 65) ]
TOTAL THIS MO.     0
DPTR FM NORMAL     M    [PRESSURE DATA]
TOTAL FM JAN 1   353    HIGHEST SLP M ON M
DPTR FM NORMAL     M    LOWEST  SLP M ON M

[REMARKS]
