000
CXUS55 KPUB 231510
CF6PUB
PRELIMINARY LOCAL CLIMATOLOGICAL DATA (WS FORM: F-6)

                                          STATION:   PUEBLO CO
                                          MONTH:     OCTOBER
                                          YEAR:      2019
                                          LATITUDE:   38 16 N
                                          LONGITUDE: 104 31 W

  TEMPERATURE IN F:       :PCPN:    SNOW:  WIND      :SUNSHINE: SKY     :PK WND
================================================================================
1   2   3   4   5  6A  6B    7    8   9   10  11  12  13   14  15   16   17  18
                                     12Z  AVG MX 2MIN
DY MAX MIN AVG DEP HDD CDD  WTR  SNW DPTH SPD SPD DIR MIN PSBL S-S WX    SPD DR
================================================================================

 1  73  54  64   6   1   0 0.00  0.0    0  7.5 23  20   M    M   6 8      32  20
 2  73  47  60   3   5   0 0.01  0.0    0  9.6 17  70   M    M   5 18     22 140
 3  69  45  57   0   8   0 0.00  0.0    0  9.3 17 120   M    M   5 18     24 200
 4  82  40  61   5   4   0 0.00  0.0    0  7.0 25 210   M    M   1 1      35 200
 5  71  43  57   1   8   0 0.00  0.0    0 10.6 23 110   M    M   0        30 110
 6  66  40  53  -3  12   0 0.00  0.0    0 12.5 33  10   M    M   0        43  10
 7  79  30  55   0  10   0 0.00  0.0    0  6.5 18 100   M    M   0        23 120
 8  87  36  62   7   3   0 0.00  0.0    0  9.9 28 300   M    M   0        35 300
 9  85  41  63   9   2   0 0.00  0.0    0 13.5 46  10   M    M   0 8      62  10
10  41  26  34 -20  31   0 0.05  0.8    0 12.4 28  40   M    M   9 12     35  40
11  55  17  36 -18  29   0 0.00  0.0    T  3.5 12 100   M    M   1        14 100
12  72  20  46  -7  19   0 0.00  0.0    0  6.3 22 110   M    M   0        28 120
13  75  25  50  -3  15   0 0.00  0.0    0  6.3 15 130   M    M   0        19 130
14  82  30  56   4   9   0 0.00  0.0    0  4.8 16 360   M    M   0        20 280
15  64  36  50  -2  15   0 0.00  0.0    0  6.8 24  20   M    M   0        33  20
16  75  29  52   0  13   0 0.00  0.0    0  4.2 12 130   M    M   0        15 130
17  83  33  58   7   7   0 0.00  0.0    0  5.5 16 210   M    M   0        23 290
18  78  37  58   7   7   0 0.00  0.0    0 12.2 37 300   M    M   1        45 270
19  70  27  49  -2  16   0 0.00  0.0    0  5.3 17 180   M    M   0        25 180
20  59  36  48  -2  17   0 0.00  0.0    0 21.5 43 320   M    M   0        53 270
21  57  29  43  -7  22   0 0.00  0.0    0  6.9 22 270   M    M   1        32 270
22  71  22  47  -3  18   0 0.00  0.0    0  5.8 17 310   M    M   0        23 290
================================================================================
SM 1567  743       271   0  0.06  0.8    187.9          M       29
================================================================================
AV 71.2 33.8                               8.5 FASTST   M    M   1    MAX(MPH)
                                 MISC ---->    46  10                 62  10
================================================================================
NOTES:
# LAST OF SEVERAL OCCURRENCES

COLUMN 17 PEAK WIND IN M.P.H.

PRELIMINARY LOCAL CLIMATOLOGICAL DATA (WS FORM: F-6) , PAGE 2

                                          STATION:   PUEBLO CO
                                          MONTH:     OCTOBER
                                          YEAR:      2019
                                          LATITUDE:   38 16 N
                                          LONGITUDE: 104 31 W

[TEMPERATURE DATA]      [PRECIPITATION DATA]       SYMBOLS USED IN COLUMN 16

AVERAGE MONTHLY: 52.5   TOTAL FOR MONTH:   0.06    1 = FOG OR MIST
DPTR FM NORMAL:  -1.0   DPTR FM NORMAL:   -0.47    2 = FOG REDUCING VISIBILITY
HIGHEST:    87 ON  8    GRTST 24HR  0.05 ON 10-10      TO 1/4 MILE OR LESS
LOWEST:     17 ON 11                               3 = THUNDER
                        SNOW, ICE PELLETS, HAIL    4 = ICE PELLETS
                        TOTAL MONTH:   0.8 INCH    5 = HAIL
                        GRTST 24HR   0.8 ON 10-10  6 = FREEZING RAIN OR DRIZZLE
                        GRTST DEPTH:  T            7 = DUSTSTORM OR SANDSTORM:
                                                       VSBY 1/2 MILE OR LESS
                                                   8 = SMOKE OR HAZE
[NO. OF DAYS WITH]      [WEATHER - DAYS WITH]      9 = BLOWING SNOW
                                                   X = TORNADO
MAX 32 OR BELOW:   0    0.01 INCH OR MORE:   2
MAX 90 OR ABOVE:   0    0.10 INCH OR MORE:   0
MIN 32 OR BELOW:  10    0.50 INCH OR MORE:   0
MIN  0 OR BELOW:   0    1.00 INCH OR MORE:   0

[HDD (BASE 65) ]
TOTAL THIS MO.   271    CLEAR  (SCALE 0-3)  18
DPTR FM NORMAL    15    PTCLDY (SCALE 4-7)   3
TOTAL FM JUL 1   275    CLOUDY (SCALE 8-10)  1
DPTR FM NORMAL   -79

[CDD (BASE 65) ]
TOTAL THIS MO.     0
DPTR FM NORMAL     0    [PRESSURE DATA]
TOTAL FM JAN 1  1226    HIGHEST SLP M ON M
DPTR FM NORMAL   332    LOWEST  SLP 29.36 ON  9

[REMARKS]
