000
CXUS55 KPUB 241210
CF6PUB
PRELIMINARY LOCAL CLIMATOLOGICAL DATA (WS FORM: F-6)

                                          STATION:   PUEBLO CO
                                          MONTH:     MAY
                                          YEAR:      2020
                                          LATITUDE:   38 16 N
                                          LONGITUDE: 104 31 W

  TEMPERATURE IN F:       :PCPN:    SNOW:  WIND      :SUNSHINE: SKY     :PK WND
================================================================================
1   2   3   4   5  6A  6B    7    8   9   10  11  12  13   14  15   16   17  18
                                     12Z  AVG MX 2MIN
DY MAX MIN AVG DEP HDD CDD  WTR  SNW DPTH SPD SPD DIR MIN PSBL S-S WX    SPD DR
================================================================================

 1  93  54  74  18   0   9 0.00  0.0    0 11.2 40 360   M    M   0        52 360
 2  75  57  66  10   0   1 0.00  0.0    0 15.0 44 360   M    M   3        57  10
 3  87  52  70  14   0   5 0.00  0.0    0 13.0 38 360   M    M   3        49 360
 4  81  49  65   8   0   0 0.00  0.0    0 17.1 36  40   M    M   1        48  10
 5  77  40  59   2   6   0 0.00  0.0    0  8.0 17  20   M    M   1 8      29 100
 6  75  45  60   3   5   0 0.00  0.0    0 11.7 23  30   M    M   1        29  30
 7  89  42  66   8   0   1 0.00  0.0    0 14.7 39  40   M    M   0        53  40
 8  64  41  53  -5  12   0 0.00  0.0    0 13.8 31  10   M    M   3        43  10
 9  71  36  54  -4  11   0 0.00  0.0    0 13.9 37  10   M    M   2        48  10
10  73  37  55  -4  10   0 0.00  0.0    0 12.1 26  90   M    M   1        35  90
11  60  37  49 -10  16   0    T  0.0    0  9.5 24  70   M    M   5 1      30  70
12  68  38  53  -6  12   0    T  0.0    0  8.1 18  90   M    M   6 1      23 100
13  86  45  66   6   0   1 0.00  0.0    0  7.3 23  10   M    M   3 18     29  20
14  81  45  63   3   2   0 0.17  0.0    0 10.7 25  80   M    M   2 3      32  40
15  77  50  64   4   1   0    T  0.0    0 10.3 31  20   M    M   4 3      41  10
16  80  53  67   7   0   2 0.00  0.0    0  8.1 26  60   M    M   5        34  70
17  86  54  70   9   0   5 0.00  0.0    0  9.4 25  80   M    M   4        33  90
18  90  52  71  10   0   6 0.00  0.0    0  9.9 23 110   M    M   0        29 130
19  93  53  73  12   0   8 0.00  0.0    0 12.3 35 100   M    M   1 3      46  90
20  94  56  75  13   0  10 0.00  0.0    0 13.0 28 250   M    M   1        38 250
21  82  56  69   7   0   4    T  0.0    0 12.1 23 360   M    M   0 3      31 350
22  88  53  71   9   0   6    T  0.0    0 10.1 25 240   M    M   1 3      37 240
23  88  50  69   6   0   4 0.00  0.0    0 12.4 33  20   M    M   0        44  20
================================================================================
SM 1858 1095        75  62  0.17  0.0    263.7          M       47
================================================================================
AV 80.8 47.6                              11.5 FASTST   M    M   2    MAX(MPH)
                                 MISC ---->    44 360                 57  10
================================================================================
NOTES:
# LAST OF SEVERAL OCCURRENCES

COLUMN 17 PEAK WIND IN M.P.H.

PRELIMINARY LOCAL CLIMATOLOGICAL DATA (WS FORM: F-6) , PAGE 2

                                          STATION:   PUEBLO CO
                                          MONTH:     MAY
                                          YEAR:      2020
                                          LATITUDE:   38 16 N
                                          LONGITUDE: 104 31 W

[TEMPERATURE DATA]      [PRECIPITATION DATA]       SYMBOLS USED IN COLUMN 16

AVERAGE MONTHLY: 64.2   TOTAL FOR MONTH:   0.17    1 = FOG OR MIST
DPTR FM NORMAL:   5.0   DPTR FM NORMAL:   -0.95    2 = FOG REDUCING VISIBILITY
HIGHEST:    94 ON 20    GRTST 24HR  0.17 ON 14-14      TO 1/4 MILE OR LESS
LOWEST:     36 ON  9                               3 = THUNDER
                        SNOW, ICE PELLETS, HAIL    4 = ICE PELLETS
                        TOTAL MONTH:   0.0 INCH    5 = HAIL
                        GRTST 24HR  0.0            6 = FREEZING RAIN OR DRIZZLE
                        GRTST DEPTH:  0            7 = DUSTSTORM OR SANDSTORM:
                                                       VSBY 1/2 MILE OR LESS
                                                   8 = SMOKE OR HAZE
[NO. OF DAYS WITH]      [WEATHER - DAYS WITH]      9 = BLOWING SNOW
                                                   X = TORNADO
MAX 32 OR BELOW:   0    0.01 INCH OR MORE:   1
MAX 90 OR ABOVE:   4    0.10 INCH OR MORE:   1
MIN 32 OR BELOW:   0    0.50 INCH OR MORE:   0
MIN  0 OR BELOW:   0    1.00 INCH OR MORE:   0

[HDD (BASE 65) ]
TOTAL THIS MO.    75    CLEAR  (SCALE 0-3)  17
DPTR FM NORMAL   -74    PTCLDY (SCALE 4-7)   6
TOTAL FM JUL 1  5252    CLOUDY (SCALE 8-10)  0
DPTR FM NORMAL  -337

[CDD (BASE 65) ]
TOTAL THIS MO.    62
DPTR FM NORMAL    48    [PRESSURE DATA]
TOTAL FM JAN 1    62    HIGHEST SLP M ON M
DPTR FM NORMAL    46    LOWEST  SLP 29.45 ON 20

[REMARKS]
