000
CXUS56 KOTX 240900
CF6PUW
PRELIMINARY LOCAL CLIMATOLOGICAL DATA (WS FORM: F-6)

                                          STATION:   PULLMAN-MOSCOW  AIRPORT
                                          MONTH:     JANUARY
                                          YEAR:      2020
                                          LATITUDE:   46 44 N
                                          LONGITUDE: 117  7 W

  TEMPERATURE IN F:       :PCPN:    SNOW:  WIND      :SUNSHINE: SKY     :PK WND
================================================================================
1   2   3   4   5  6A  6B    7    8   9   10  11  12  13   14  15   16   17  18
                                     12Z  AVG MX 2MIN
DY MAX MIN AVG DEP HDD CDD  WTR  SNW DPTH SPD SPD DIR MIN PSBL S-S WX    SPD DR
================================================================================

 1  48  39  44  14  21   0    T    M    M 22.5 37 250   M    M   5        46 250
 2  41  33  37   7  28   0 0.10    M    M 12.8 29 250   M    M   7 1      39 260
 3  46  35  41  11  24   0 0.00    M    M 12.1 18 120   M    M   4 1      25 120
 4  50  31  41  11  24   0 0.06    M    M 17.3 36 240   M    M   4 1      48 250
 5  41  31  36   6  29   0 0.09    M    M 11.5 29 240   M    M   6 18     36 240
 6  46  33  40   9  25   0 0.32    M    M 15.6 28 240   M    M   9 1      36 230
 7  47  35  41  10  24   0 0.05    M    M 10.6 30 240   M    M   6        41 250
 8  41  30  36   5  29   0 0.19    M    M 16.2 32 250   M    M  10 12     39 250
 9  31  15  23  -8  42   0    T    M    M  6.3 16 270   M    M   8 12     21 280
10  35  17  26  -5  39   0 0.11    M    M 14.4 24 120   M    M   8 12     29 130
11  36  32  34   3  31   0 0.38    M    M 17.4 36 250   M    M   9 1      46 250
12  36  30  33   2  32   0 0.29    M    M 19.4 32 240   M    M  10 18     42 240
13  30  20  25  -6  40   0 0.10    M    M 10.6 28 240   M    M  10 18     37 240
14  26  10  18 -14  47   0 0.17    M    M  6.3 17 240   M    M   9 1      21 240
15  32  11  22 -10  43   0    T    M    M 16.4 25 100   M    M   3        30 120
16  39  24  32   0  33   0 0.07    M    M 13.4 24 100   M    M  10 1      29 100
17  30  15  23  -9  42   0    T    M    M  7.7 18 260   M    M   6 18     24 260
18  36  27  32   0  33   0    T    M    M 13.4 20 100   M    M   9 1      22 100
19  40  34  37   5  28   0 0.00    M    M 16.0 22 110   M    M   5        28 110
20  41  34  38   6  27   0 0.00    M    M 13.7 24 110   M    M   6        28 110
21  40  32  36   4  29   0 0.03    M    M  8.7 18 260   M    M   7 1      25 250
22  39  31  35   3  30   0 0.04    M    M  6.4 14 130   M    M   8 1      17 110
23  41  35  38   6  27   0 0.27    M    M 11.8 17 100   M    M   9 1      21 130
================================================================================
SM  892  634       727   0  2.27    M    300.5          M      168
================================================================================
AV 38.8 27.6                              13.1 FASTST   M    M   7    MAX(MPH)
                                 MISC ---->  # 37 250               # 48  250
================================================================================
NOTES:
# LAST OF SEVERAL OCCURRENCES

COLUMN 17 PEAK WIND IN M.P.H.

PRELIMINARY LOCAL CLIMATOLOGICAL DATA (WS FORM: F-6) , PAGE 2

                                          STATION:  PULLMAN-MOSCOW  AIRPORT
                                          MONTH:    JANUARY
                                          YEAR:     2020
                                          LATITUDE:   46 44 N
                                          LONGITUDE: 117  7 W

[TEMPERATURE DATA]      [PRECIPITATION DATA]       SYMBOLS USED IN COLUMN 16

AVERAGE MONTHLY: 33.2   TOTAL FOR MONTH:   2.27    1 = FOG OR MIST
DPTR FM NORMAL:   2.0   DPTR FM NORMAL:    1.00    2 = FOG REDUCING VISIBILITY
HIGHEST:    50 ON  4    GRTST 24HR  0.41 ON 31- 1      TO 1/4 MILE OR LESS
LOWEST:     10 ON 14                               3 = THUNDER
                        SNOW, ICE PELLETS, HAIL    4 = ICE PELLETS
                        TOTAL MONTH:    M          5 = HAIL
                        GRTST 24HR    M  ON   M    6 = FREEZING RAIN OR DRIZZLE
                        GRTST DEPTH:  M  ON   M    7 = DUSTSTORM OR SANDSTORM:
                                                       VSBY 1/2 MILE OR LESS
                                                   8 = SMOKE OR HAZE
[NO. OF DAYS WITH]      [WEATHER - DAYS WITH]      9 = BLOWING SNOW
                                                   X = TORNADO
MAX 32 OR BELOW:   5    0.01 INCH OR MORE:  15
MAX 90 OR ABOVE:   0    0.10 INCH OR MORE:   9
MIN 32 OR BELOW:  15    0.50 INCH OR MORE:   0
MIN  0 OR BELOW:   0    1.00 INCH OR MORE:   0

[HDD (BASE 65) ]
TOTAL THIS MO.   727    CLEAR  (SCALE 0-3)   1
DPTR FM NORMAL   -51    PTCLDY (SCALE 4-7)  13
TOTAL FM JUL 1  3293    CLOUDY (SCALE 8-10)  9
DPTR FM NORMAL  -309

[CDD (BASE 65) ]
TOTAL THIS MO.     0
DPTR FM NORMAL     0    [PRESSURE DATA]
TOTAL FM JAN 1     0    HIGHEST SLP M ON M
DPTR FM NORMAL     0    LOWEST  SLP 29.52 ON 12

[REMARKS]
