000
CXUS51 KBOX 251200
CF6PVD
PRELIMINARY LOCAL CLIMATOLOGICAL DATA (WS FORM: F-6)

                                          STATION:   PROVIDENCE RI
                                          MONTH:     SEPTEMBER
                                          YEAR:      2018
                                          LATITUDE:   41 43 N
                                          LONGITUDE:  71 26 W

  TEMPERATURE IN F:       :PCPN:    SNOW:  WIND      :SUNSHINE: SKY     :PK WND
================================================================================
1   2   3   4   5  6A  6B    7    8   9   10  11  12  13   14  15   16   17  18
                                     12Z  AVG MX 2MIN
DY MAX MIN AVG DEP HDD CDD  WTR  SNW DPTH SPD SPD DIR MIN PSBL S-S WX    SPD DR
================================================================================

 1  80  60  70   0   0   5 0.00  0.0    0  5.7 13 170   M    M   4        21 150
 2  79  61  70   1   0   5 0.00  0.0    0  6.4 17 150   M    M   5        20 160
 3  93  71  82  13   0  17 0.00  0.0    0  6.9 16 200   M    M   6        20 200
 4  90  72  81  12   0  16 0.00  0.0    0  6.7 14 190   M    M   5 1      19  40
 5  83  69  76   7   0  11 0.00  0.0    0  8.1 18 150   M    M   6 1      24 150
 6  95  73  84  16   0  19 0.18  0.0    0  7.2 30 300   M    M   7 13     40 310
 7  73  67  70   2   0   5 0.12  0.0    0  6.5 20  40   M    M   8 1      24  40
 8  69  59  64  -4   1   0 0.00  0.0    0  8.6 17  50   M    M  10        21  30
 9  65  56  61  -6   4   0 0.00  0.0    0 12.2 20  40   M    M   8        24  40
10  64  57  61  -6   4   0 0.77  0.0    0 10.0 16  80   M    M   9 1      24 100
11  84  62  73   6   0   8 0.30  0.0    0  4.0 12 160   M    M   9 1      14 160
12  72  66  69   3   0   4 0.85  0.0    0  6.1 14  40   M    M  10 13     16  40
13  72  65  69   3   0   4 0.54  0.0    0  6.1 12  60   M    M  10 1      15  20
14  75  61  68   2   0   3 0.00  0.0    0  2.9 10  70   M    M   6 1      13  60
15  77  62  70   5   0   5 0.00  0.0    0  3.5 13 150   M    M   6 1      14 150
16  81  60  71   6   0   6 0.00  0.0    0  4.3 12 150   M    M   3 1      14 150
17  82  67  75  11   0  10 0.01  0.0    0  6.9 16 200   M    M   9 1      21 200
18  79  65  72   8   0   7 0.52  0.0    0  7.7 22 360   M    M   8 13     30 200
19  69  58  64   0   1   0    T  0.0    0 10.9 23  30   M    M   7 1      27  40
20  70  58  64   1   1   0 0.00  0.0    0  8.9 17  60   M    M   7        20  50
21  71  57  64   1   1   0 0.00  0.0    0  9.9 21 220   M    M   6        30 210
22  73  56  65   3   0   0 0.01  0.0    0 10.4 22 290   M    M   8 1      31 290
23  65  51  58  -4   7   0 0.00  0.0    0  3.3  7 270   M    M   4        10 360
24  59  49  54  -8  11   0 0.00  0.0    0 10.4 26  50   M    M   6        31  40
================================================================================
SM 1820 1482        30 125  3.30     0.0 173.6          M      167
================================================================================
AV 75.8 61.8                               7.2 FASTST   M    M   7    MAX(MPH)
                                 MISC ---->  # 30 300               # 40  310
================================================================================
NOTES:
# LAST OF SEVERAL OCCURRENCES

COLUMN 17 PEAK WIND IN M.P.H.

PRELIMINARY LOCAL CLIMATOLOGICAL DATA (WS FORM: F-6) , PAGE 2

                                          STATION:  PROVIDENCE RI
                                          MONTH:    SEPTEMBER
                                          YEAR:     2018
                                          LATITUDE:   41 43 N
                                          LONGITUDE:  71 26 W

[TEMPERATURE DATA]      [PRECIPITATION DATA]       SYMBOLS USED IN COLUMN 16

AVERAGE MONTHLY: 68.8   TOTAL FOR MONTH:   3.30    1 = FOG OR MIST
DPTR FM NORMAL:   2.9   DPTR FM NORMAL:    0.20    2 = FOG REDUCING VISIBILITY
HIGHEST:    95 ON  6    GRTST 24HR  0.85 ON 12-12      TO 1/4 MILE OR LESS
LOWEST:     49 ON 24                               3 = THUNDER
                        SNOW, ICE PELLETS, HAIL    4 = ICE PELLETS
                        TOTAL MONTH:   0.0 INCH    5 = HAIL
                        GRTST 24HR     0.0         6 = FREEZING RAIN OR DRIZZLE
                        GRTST DEPTH:   0           7 = DUSTSTORM OR SANDSTORM:
                                                       VSBY 1/2 MILE OR LESS
                                                   8 = SMOKE OR HAZE
[NO. OF DAYS WITH]      [WEATHER - DAYS WITH]      9 = BLOWING SNOW
                                                   X = TORNADO
MAX 32 OR BELOW:   0    0.01 INCH OR MORE:   9
MAX 90 OR ABOVE:   3    0.10 INCH OR MORE:   7
MIN 32 OR BELOW:   0    0.50 INCH OR MORE:   4
MIN  0 OR BELOW:   0    1.00 INCH OR MORE:   0

[HDD (BASE 65) ]
TOTAL THIS MO.    30    CLEAR  (SCALE 0-3)   1
DPTR FM NORMAL   -24    PTCLDY (SCALE 4-7)  16
TOTAL FM JUL 1    30    CLOUDY (SCALE 8-10)  7
DPTR FM NORMAL   -33

[CDD (BASE 65) ]
TOTAL THIS MO.   125
DPTR FM NORMAL    51    [PRESSURE DATA]
TOTAL FM JAN 1  1039    HIGHEST SLP M ON M
DPTR FM NORMAL   309    LOWEST  SLP 29.68 ON 18

[REMARKS]
