000
CXUS51 KBOX 231200
CF6PVD
PRELIMINARY LOCAL CLIMATOLOGICAL DATA (WS FORM: F-6)

                                          STATION:   PROVIDENCE RI
                                          MONTH:     MAY
                                          YEAR:      2018
                                          LATITUDE:   41 43 N
                                          LONGITUDE:  71 26 W

  TEMPERATURE IN F:       :PCPN:    SNOW:  WIND      :SUNSHINE: SKY     :PK WND
================================================================================
1   2   3   4   5  6A  6B    7    8   9   10  11  12  13   14  15   16   17  18
                                     12Z  AVG MX 2MIN
DY MAX MIN AVG DEP HDD CDD  WTR  SNW DPTH SPD SPD DIR MIN PSBL S-S WX    SPD DR
================================================================================

 1  70  43  57   3   8   0    T  0.0    0  7.3 16 160   M    M   6        23 280
 2  89  59  74  20   0   9 0.00  0.0    0 11.9 28 200   M    M   5        33 200
 3  91  58  75  20   0  10    T  0.0    0 11.8 28 240   M    M   6        40 210
 4  82  60  71  16   0   6    T  0.0    0 10.6 25 230   M    M   5 1      33 220
 5  75  60  68  13   0   3    T  0.0    0 11.2 29 280   M    M   6        37 270
 6  63  52  58   2   7   0 0.15  0.0    0  6.9 14  30   M    M  10 1      17  30
 7  70  51  61   5   4   0 0.00  0.0    0  6.8 21  30   M    M   5 1      26  40
 8  70  47  59   3   6   0 0.00  0.0    0  6.1 14 160   M    M   3 12      M  M
 9  71  47  59   3   6   0 0.00  0.0    0  5.6 13 150   M    M   7 12      M  M
10  73  53  63   6   2   0    T  0.0    0  9.2 23 200   M    M   7 1      33 200
11  73  49  61   4   4   0 0.00  0.0    0  6.9 17 160   M    M   4        22 350
12  54  48  51  -6  14   0 0.13  0.0    0  6.4 13  50   M    M   9 1      16  50
13  59  49  54  -4  11   0 0.00  0.0    0  7.1 12  40   M    M  10 1      16  50
14  67  51  59   1   6   0 0.00  0.0    0  7.9 21 150   M    M   8        25 150
15  83  56  70  12   0   5 0.58  0.0    0  9.3 30 260   M    M   7 13     40 260
16  65  47  56  -2   9   0 0.03  0.0    0  6.9 20  40   M    M   8        24  40
17  67  55  61   2   4   0 0.25  0.0    0  3.0 12 160   M    M  10 1      13 150
18  63  44  54  -5  11   0 0.00  0.0    0 13.5 26  30   M    M   7        36  10
19  59  44  52  -7  13   0 0.41  0.0    0  6.7 12  40   M    M   8 1      19  60
20  78  59  69   9   0   4 0.15  0.0    0  9.2 17 240   M    M   9 13     27 250
21  75  54  65   5   0   0 0.00  0.0    0  7.5 17 160   M    M   3        23 160
22  69  53  61   1   4   0 0.18  0.0    0  5.1 14 200   M    M   7 1      18 170
================================================================================
SM 1566 1139       109  37  1.88     0.0 176.9          M      150
================================================================================
AV 71.2 51.8                               8.0 FASTST   M    M   7    MAX(MPH)
                                 MISC ---->  # 30 260               # 40  210
================================================================================
NOTES:
# LAST OF SEVERAL OCCURRENCES

COLUMN 17 PEAK WIND IN M.P.H.

PRELIMINARY LOCAL CLIMATOLOGICAL DATA (WS FORM: F-6) , PAGE 2

                                          STATION:  PROVIDENCE RI
                                          MONTH:    MAY
                                          YEAR:     2018
                                          LATITUDE:   41 43 N
                                          LONGITUDE:  71 26 W

[TEMPERATURE DATA]      [PRECIPITATION DATA]       SYMBOLS USED IN COLUMN 16

AVERAGE MONTHLY: 61.5   TOTAL FOR MONTH:   1.88    1 = FOG OR MIST
DPTR FM NORMAL:   4.3   DPTR FM NORMAL:   -0.54    2 = FOG REDUCING VISIBILITY
HIGHEST:    91 ON  3    GRTST 24HR  0.58 ON 15-15      TO 1/4 MILE OR LESS
LOWEST:     43 ON  1                               3 = THUNDER
                        SNOW, ICE PELLETS, HAIL    4 = ICE PELLETS
                        TOTAL MONTH:   0.0 INCH    5 = HAIL
                        GRTST 24HR     0.0         6 = FREEZING RAIN OR DRIZZLE
                        GRTST DEPTH:   0           7 = DUSTSTORM OR SANDSTORM:
                                                       VSBY 1/2 MILE OR LESS
                                                   8 = SMOKE OR HAZE
[NO. OF DAYS WITH]      [WEATHER - DAYS WITH]      9 = BLOWING SNOW
                                                   X = TORNADO
MAX 32 OR BELOW:   0    0.01 INCH OR MORE:   8
MAX 90 OR ABOVE:   1    0.10 INCH OR MORE:   7
MIN 32 OR BELOW:   0    0.50 INCH OR MORE:   1
MIN  0 OR BELOW:   0    1.00 INCH OR MORE:   0

[HDD (BASE 65) ]
TOTAL THIS MO.   109    CLEAR  (SCALE 0-3)   2
DPTR FM NORMAL   -75    PTCLDY (SCALE 4-7)  15
TOTAL FM JUL 1  5150    CLOUDY (SCALE 8-10)  5
DPTR FM NORMAL  -384

[CDD (BASE 65) ]
TOTAL THIS MO.    37
DPTR FM NORMAL    28    [PRESSURE DATA]
TOTAL FM JAN 1    37    HIGHEST SLP M ON M
DPTR FM NORMAL    26    LOWEST  SLP 29.63 ON  4

[REMARKS]
