000
CXUS51 KBOX 271200
CF6PVD
PRELIMINARY LOCAL CLIMATOLOGICAL DATA (WS FORM: F-6)

                                          STATION:   PROVIDENCE RI
                                          MONTH:     JANUARY
                                          YEAR:      2020
                                          LATITUDE:   41 43 N
                                          LONGITUDE:  71 26 W

  TEMPERATURE IN F:       :PCPN:    SNOW:  WIND      :SUNSHINE: SKY     :PK WND
================================================================================
1   2   3   4   5  6A  6B    7    8   9   10  11  12  13   14  15   16   17  18
                                     12Z  AVG MX 2MIN
DY MAX MIN AVG DEP HDD CDD  WTR  SNW DPTH SPD SPD DIR MIN PSBL S-S WX    SPD DR
================================================================================

 1  43  34  39   9  26   0 0.00  0.0    0 11.5 22 300   M    M   5        30 310
 2  49  29  39   9  26   0 0.00  0.0    0  9.1 17 230   M    M   6        22 230
 3  50  42  46  16  19   0    T  0.0    0  5.7 10 220   M    M   9        16 220
 4  46  40  43  13  22   0 0.14  0.0    0  4.2 14 350   M    M  10 1      18 350
 5  40  29  35   5  30   0 0.08  0.0    0 13.3 28 300   M    M   6        38 330
 6  37  26  32   3  33   0    T  0.1    0  3.2 12 280   M    M   5 1      14 260
 7  43  27  35   6  30   0 0.05  0.5    0  6.2 14 260   M    M   6 1      21 240
 8  42  26  34   5  31   0 0.01  0.1    0 12.3 25 320   M    M   6 12     39 310
 9  33  20  27  -2  38   0 0.00  0.0    0  7.0 17 320   M    M   3        22 320
10  51  22  37   8  28   0    T  0.0    0  6.9 16 230   M    M   8        22 200
11  65  44  55  26  10   0    T  0.0    0 18.5 36 230   M    M   8        48 240
12  70  39  55  26  10   0 0.14  0.0    0 18.5 37 210   M    M   6 1      54 200
13  42  37  40  11  25   0    T  0.0    0  6.9 15  80   M    M   9 1      18  30
14  41  34  38   9  27   0 0.01  0.0    0  3.5  9 100   M    M   8 1      12 110
15  51  30  41  12  24   0    T  0.0    0  6.7 18 300   M    M   5 1      25 280
16  48  30  39  10  26   0 0.07    T    0 14.2 27 300   M    M   8 1      46 290
17  26  18  22  -7  43   0 0.00  0.0    0 18.5 24 350   M    M   1        37 360
18  31  14  23  -6  42   0 0.34  2.9    0  4.5  7 150   M    M  10 146     M  M
19  44  28  36   7  29   0    T  0.0    0  9.6 22 310   M    M   5 1      30 300
20  30  17  24  -5  41   0    T    T    T 11.3 21 330   M    M   1        27 320
21  29  13  21  -8  44   0 0.00  0.0    0  5.9 15 360   M    M   2        18 360
22  38  14  26  -3  39   0 0.00  0.0    0  2.7  8 160   M    M   2        12 260
23  48  18  33   4  32   0 0.00  0.0    0  4.4 12 240   M    M   6        18 210
24  51  28  40  11  25   0 0.00  0.0    0  5.4 13  40   M    M   5 1      15  50
25  53  33  43  14  22   0 0.42  0.0    0 12.0 25 130   M    M  10 1      37 130
26  50  36  43  14  22   0    T    M    0  9.1 18 260   M    M   6 1      24 260
================================================================================
SM 1151  728       744   0  1.26     3.6 231.1          M      156
================================================================================
AV 44.3 28.0                               8.9 FASTST   M    M   6    MAX(MPH)
                                 MISC ---->  # 37 210               # 54  200
================================================================================
NOTES:
# LAST OF SEVERAL OCCURRENCES

COLUMN 17 PEAK WIND IN M.P.H.

PRELIMINARY LOCAL CLIMATOLOGICAL DATA (WS FORM: F-6) , PAGE 2

                                          STATION:  PROVIDENCE RI
                                          MONTH:    JANUARY
                                          YEAR:     2020
                                          LATITUDE:   41 43 N
                                          LONGITUDE:  71 26 W

[TEMPERATURE DATA]      [PRECIPITATION DATA]       SYMBOLS USED IN COLUMN 16

AVERAGE MONTHLY: 36.1   TOTAL FOR MONTH:   1.26    1 = FOG OR MIST
DPTR FM NORMAL:   7.0   DPTR FM NORMAL:   -1.99    2 = FOG REDUCING VISIBILITY
HIGHEST:    70 ON 12    GRTST 24HR  0.42 ON 25-25      TO 1/4 MILE OR LESS
LOWEST:     13 ON 21                               3 = THUNDER
                        SNOW, ICE PELLETS, HAIL    4 = ICE PELLETS
                        TOTAL MONTH:   3.6 INCHES  5 = HAIL
                        GRTST 24HR   2.9 ON 18-18  6 = FREEZING RAIN OR DRIZZLE
                        GRTST DEPTH:   T           7 = DUSTSTORM OR SANDSTORM:
                                                       VSBY 1/2 MILE OR LESS
                                                   8 = SMOKE OR HAZE
[NO. OF DAYS WITH]      [WEATHER - DAYS WITH]      9 = BLOWING SNOW
                                                   X = TORNADO
MAX 32 OR BELOW:   4    0.01 INCH OR MORE:   9
MAX 90 OR ABOVE:   0    0.10 INCH OR MORE:   4
MIN 32 OR BELOW:  17    0.50 INCH OR MORE:   0
MIN  0 OR BELOW:   0    1.00 INCH OR MORE:   0

[HDD (BASE 65) ]
TOTAL THIS MO.   744    CLEAR  (SCALE 0-3)   5
DPTR FM NORMAL  -188    PTCLDY (SCALE 4-7)  15
TOTAL FM JUL 1  2737    CLOUDY (SCALE 8-10)  6
DPTR FM NORMAL  -222

[CDD (BASE 65) ]
TOTAL THIS MO.     0
DPTR FM NORMAL     0    [PRESSURE DATA]
TOTAL FM JAN 1     0    HIGHEST SLP M ON M
DPTR FM NORMAL     0    LOWEST  SLP 29.43 ON  5

[REMARKS]
