443
CXUS51 KBOX 220810
CF6PVD
PRELIMINARY LOCAL CLIMATOLOGICAL DATA (WS FORM: F-6)

                                          STATION:   PROVIDENCE RI
                                          MONTH:     JUNE
                                          YEAR:      2024
                                          LATITUDE:   41 43 N
                                          LONGITUDE:  71 26 W

  TEMPERATURE IN F:       :PCPN:    SNOW:  WIND      :SUNSHINE: SKY     :PK WND
================================================================================
1   2   3   4   5  6A  6B    7    8   9   10  11  12  13   14  15   16   17  18
                                     12Z  AVG MX 2MIN
DY MAX MIN AVG DEP HDD CDD  WTR  SNW DPTH SPD SPD DIR MIN PSBL S-S WX    SPD DR
================================================================================

 1  79  53  66   2   0   1 0.00  0.0    0  7.0 17  10   M    M   1        23 360
 2  82  53  68   4   0   3 0.00  0.0    0  7.0 16 230   M    M   5        23 170
 3  83  60  72   8   0   7 0.00  0.0    0  5.8 14  50   M    M   3        19  40
 4  73  55  64  -1   1   0 0.00  0.0    0  7.2 18 140   M    M   4        23 140
 5  83  57  70   5   0   5 0.00  0.0    0  8.8 20 210   M    M   5        27 220
 6  73  65  69   4   0   4 0.12  0.0    0  6.5 15 110   M    M  10 12     23 140
 7  80  62  71   5   0   6 0.86  0.0    0  6.4 17 330   M    M   6 12     28 330
 8  76  58  67   1   0   2 0.00  0.0    0  9.7 22 290   M    M   3        34 280
 9  70  56  63  -3   2   0 0.21  0.0    0  6.7 16 360   M    M   5 1      21 340
10  76  56  66   0   0   1 0.00  0.0    0  9.0 18 280   M    M   5        26 280
11  71  53  62  -5   3   0 0.00  0.0    0  6.1 12 160   M    M   5        14 200
12  78  55  67   0   0   2 0.00  0.0    0  6.1 16 220   M    M   4 1      23 230
13  81  57  69   1   0   4 0.00  0.0    0  9.3 18 220   M    M   3        27 220
14  83  64  74   6   0   9 0.06  0.0    0  9.3 17 170   M    M   6 1      22 210
15  78  61  70   2   0   5    T  0.0    0 10.6 21 350   M    M   3 1      28 360
16  73  54  64  -4   1   0 0.00  0.0    0  6.9 16 150   M    M   4        23 160
17  80  55  68  -1   0   3 0.00  0.0    0  9.8 20 190   M    M   5        29 190
18  90  64  77   8   0  12 0.00  0.0    0  8.8 18 190   M    M   4        25 220
19  91  66  79   9   0  14 0.00  0.0    0  9.6 18 200   M    M   6        24 230
20  93  69  81  11   0  16 0.00  0.0    0  8.5 18 360   M    M   5        25 360
21  90  68  79   9   0  14 1.22  0.0    0  4.6 21  90   M    M   6 13     34  90
================================================================================
SM 1683 1241         7 108  2.47  0.0    163.7          M       98
================================================================================
AV 80.1 59.1                               7.8 FASTST   M    M   5    MAX(MPH)
                                 MISC ---->    22 290               # 34 280
================================================================================
NOTES:
# LAST OF SEVERAL OCCURRENCES

COLUMN 17 PEAK WIND IN M.P.H.

PRELIMINARY LOCAL CLIMATOLOGICAL DATA (WS FORM: F-6) , PAGE 2

                                          STATION:   PROVIDENCE RI
                                          MONTH:     JUNE
                                          YEAR:      2024
                                          LATITUDE:   41 43 N
                                          LONGITUDE:  71 26 W

[TEMPERATURE DATA]      [PRECIPITATION DATA]       SYMBOLS USED IN COLUMN 16

AVERAGE MONTHLY: 69.6   TOTAL FOR MONTH:   2.47    1 = FOG OR MIST
DPTR FM NORMAL:   2.7   DPTR FM NORMAL:   -0.38    2 = FOG REDUCING VISIBILITY
HIGHEST:    93 ON 20    GRTST 24HR  1.22 ON 21-21      TO 1/4 MILE OR LESS
LOWEST:     53 ON 11, 2                             3 = THUNDER
                        SNOW, ICE PELLETS, HAIL    4 = ICE PELLETS
                        TOTAL MONTH:   0.0 INCH    5 = HAIL
                        GRTST 24HR  0.0            6 = FREEZING RAIN OR DRIZZLE
                        GRTST DEPTH:  0            7 = DUSTSTORM OR SANDSTORM:
                                                       VSBY 1/2 MILE OR LESS
                                                   8 = SMOKE OR HAZE
[NO. OF DAYS WITH]      [WEATHER - DAYS WITH]      9 = BLOWING SNOW
                                                   X = TORNADO
MAX 32 OR BELOW:   0    0.01 INCH OR MORE:   5
MAX 90 OR ABOVE:   4    0.10 INCH OR MORE:   4
MIN 32 OR BELOW:   0    0.50 INCH OR MORE:   2
MIN  0 OR BELOW:   0    1.00 INCH OR MORE:   1

[HDD (BASE 65) ]
TOTAL THIS MO.     7    CLEAR  (SCALE 0-3)   2
DPTR FM NORMAL   -30    PTCLDY (SCALE 4-7)  18
TOTAL FM JUL 1  5002    CLOUDY (SCALE 8-10)  1
DPTR FM NORMAL  -474

[CDD (BASE 65) ]
TOTAL THIS MO.   108
DPTR FM NORMAL    33    [PRESSURE DATA]
TOTAL FM JAN 1   134    HIGHEST SLP M ON M
DPTR FM NORMAL    28    LOWEST  SLP 29.51 ON  6

[REMARKS]