000
CXUS54 KOUN 190700
CF6PWA
PRELIMINARY LOCAL CLIMATOLOGICAL DATA (WS FORM: F-6)

                                          STATION:   BETHANY/WILEY POST
                                          MONTH:     JANUARY
                                          YEAR:      2019
                                          LATITUDE:   35 31 N
                                          LONGITUDE:  97 38 W

  TEMPERATURE IN F:       :PCPN:    SNOW:  WIND      :SUNSHINE: SKY     :PK WND
================================================================================
1   2   3   4   5  6A  6B    7    8   9   10  11  12  13   14  15   16   17  18
                                     12Z  AVG MX 2MIN
DY MAX MIN AVG DEP HDD CDD  WTR  SNW DPTH SPD SPD DIR MIN PSBL S-S WX    SPD DR
================================================================================

 1  28  22  25 -12  40   0 0.00  0.0    0 13.3 23  10   M    M  10        29 350
 2  31  24  28  -9  37   0 0.01    M    0  5.0 10 160   M    M  10 6      12 350
 3  33  30  32  -5  33   0 0.79    M    0  8.0 18 350   M    M  10 16     22 360
 4  46  30  38   1  27   0    T  0.0    0  6.7 12 310   M    M   2 6      16 300
 5  64  28  46   9  19   0 0.00  0.0    0  7.4 15 170   M    M   0        20 170
 6  65  45  55  18  10   0    T  0.0    0 17.8 29 190   M    M   1        38 200
 7  66  42  54  17  11   0 0.00  0.0    0 11.0 28 190   M    M   1        37 180
 8  56  36  46   9  19   0 0.00  0.0    0 10.9 21  10   M    M   0        26 360
 9  54  25  40   2  25   0 0.00  0.0    0  3.8 10 140   M    M   0        12 150
10  51  34  43   5  22   0    T  0.0    0 12.8 23 160   M    M   8        30 170
11  46  42  44   6  21   0 0.27  0.0    0 17.3 23 160   M    M  10 1      29 160
12  46  32  39   1  26   0 0.05  0.0    0 16.8 25 340   M    M  10 1      33 350
13  35  30  33  -5  32   0 0.00  0.0    0 10.4 21 360   M    M  10        25 340
14  46  33  40   2  25   0 0.00  0.0    0  5.5 13 220   M    M   6        15 220
15  53  33  43   5  22   0 0.00  0.0    0 12.3 24 200   M    M   4 1      29 200
16  50  40  45   7  20   0 0.00  0.0    0 10.7 21 160   M    M   7 12     27 160
17  50  34  42   4  23   0    T  0.0    0  8.7 21 330   M    M   6 12     25 340
18  66  36  51  13  14   0 0.03  0.0    0 18.5 40 350   M    M   5 13     54 350
================================================================================
SM  886  596       426   0  1.15     0.0 196.9          M      100
================================================================================
AV 49.2 33.1                              10.9 FASTST   M    M   6    MAX(MPH)
                                 MISC ---->  # 40 350               # 54  350
================================================================================
NOTES:
# LAST OF SEVERAL OCCURRENCES

COLUMN 17 PEAK WIND IN M.P.H.

PRELIMINARY LOCAL CLIMATOLOGICAL DATA (WS FORM: F-6) , PAGE 2

                                          STATION:  BETHANY/WILEY POST
                                          MONTH:    JANUARY
                                          YEAR:     2019
                                          LATITUDE:   35 31 N
                                          LONGITUDE:  97 38 W

[TEMPERATURE DATA]      [PRECIPITATION DATA]       SYMBOLS USED IN COLUMN 16

AVERAGE MONTHLY: 41.2   TOTAL FOR MONTH:   1.15    1 = FOG OR MIST
DPTR FM NORMAL:   3.6   DPTR FM NORMAL:    0.86    2 = FOG REDUCING VISIBILITY
HIGHEST:    66 ON 18, 7 GRTST 24HR  0.79 ON  3- 3      TO 1/4 MILE OR LESS
LOWEST:     22 ON  1                               3 = THUNDER
                        SNOW, ICE PELLETS, HAIL    4 = ICE PELLETS
                        TOTAL MONTH:   0.0 INCH    5 = HAIL
                        GRTST 24HR     0.0         6 = FREEZING RAIN OR DRIZZLE
                        GRTST DEPTH:   0           7 = DUSTSTORM OR SANDSTORM:
                                                       VSBY 1/2 MILE OR LESS
                                                   8 = SMOKE OR HAZE
[NO. OF DAYS WITH]      [WEATHER - DAYS WITH]      9 = BLOWING SNOW
                                                   X = TORNADO
MAX 32 OR BELOW:   2    0.01 INCH OR MORE:   5
MAX 90 OR ABOVE:   0    0.10 INCH OR MORE:   2
MIN 32 OR BELOW:   8    0.50 INCH OR MORE:   1
MIN  0 OR BELOW:   0    1.00 INCH OR MORE:   0

[HDD (BASE 65) ]
TOTAL THIS MO.   426    CLEAR  (SCALE 0-3)   6
DPTR FM NORMAL   -69    PTCLDY (SCALE 4-7)   6
TOTAL FM JUL 1  1950    CLOUDY (SCALE 8-10)  6
DPTR FM NORMAL    -5

[CDD (BASE 65) ]
TOTAL THIS MO.     0
DPTR FM NORMAL     0    [PRESSURE DATA]
TOTAL FM JAN 1     0    HIGHEST SLP M ON M
DPTR FM NORMAL     0    LOWEST  SLP 29.55 ON 18

[REMARKS]
