000
CXUS51 KGYX 180900
CF6PWM
PRELIMINARY LOCAL CLIMATOLOGICAL DATA (WS FORM: F-6)

                                          STATION:   PORTLAND ME
                                          MONTH:     SEPTEMBER
                                          YEAR:      2018
                                          LATITUDE:   43 39 N
                                          LONGITUDE:  70 19 W

  TEMPERATURE IN F:       :PCPN:    SNOW:  WIND      :SUNSHINE: SKY     :PK WND
================================================================================
1   2   3   4   5  6A  6B    7    8   9   10  11  12  13   14  15   16   17  18
                                     12Z  AVG MX 2MIN
DY MAX MIN AVG DEP HDD CDD  WTR  SNW DPTH SPD SPD DIR MIN PSBL S-S WX    SPD DR
================================================================================

 1  71  51  61  -4   4   0 0.00  0.0    0  4.3 12 150   M    M   3        16 150
 2  78  58  68   3   0   3 0.00  0.0    0  5.7 16 180   M    M   5        24 180
 3  90  66  78  13   0  13 0.00  0.0    0  5.4 20 160   M    M   4        23 150
 4  87  68  78  14   0  13 0.00  0.0    0  5.4 15  90   M    M   4        20  90
 5  81  65  73   9   0   8 0.00  0.0    0  6.7 17 180   M    M   4        23 170
 6  92  66  79  15   0  14 0.37  0.0    0  6.8 25 350   M    M   4 13     38 350
 7  70  57  64   1   1   0 0.00  0.0    0  5.0 10 160   M    M   3        15 350
 8  67  52  60  -3   5   0 0.00  0.0    0  7.2 15 360   M    M   5        19 360
 9  63  46  55  -8  10   0 0.00  0.0    0  5.3 12 350   M    M   6        15 140
10  63  46  55  -7  10   0 0.63    M    0  9.6 22 100   M    M   8 1      29 110
11  74  57  66   4   0   1 2.08  0.0    0  6.3 26 100   M    M   9 1      32  90
12  70  65  68   6   0   3    T  0.0    0  3.7 12  50   M    M  10        15  30
13  75  59  67   6   0   2 0.04  0.0    0  2.8  9 190   M    M   6 1      14 160
14  77  57  67   6   0   2    T  0.0    0  3.3 10 160   M    M   5 12     15 120
15  75  54  65   5   0   0 0.00  0.0    0  3.5 14 150   M    M   6 12     16 160
16  84  59  72  12   0   7 0.00  0.0    0  2.3 12 170   M    M   4 12     17  90
17  82  63  73  13   0   8 0.00  0.0    0  6.3 16 180   M    M   5 12     22 180
================================================================================
SM 1299  989        30  74  3.12     0.0  89.6          M       91
================================================================================
AV 76.4 58.2                               5.3 FASTST   M    M   5    MAX(MPH)
                                 MISC ---->  # 26 100               # 38  350
================================================================================
NOTES:
# LAST OF SEVERAL OCCURRENCES

COLUMN 17 PEAK WIND IN M.P.H.

PRELIMINARY LOCAL CLIMATOLOGICAL DATA (WS FORM: F-6) , PAGE 2

                                          STATION:  PORTLAND ME
                                          MONTH:    SEPTEMBER
                                          YEAR:     2018
                                          LATITUDE:   43 39 N
                                          LONGITUDE:  70 19 W

[TEMPERATURE DATA]      [PRECIPITATION DATA]       SYMBOLS USED IN COLUMN 16

AVERAGE MONTHLY: 67.3   TOTAL FOR MONTH:   3.12    1 = FOG OR MIST
DPTR FM NORMAL:   4.7   DPTR FM NORMAL:    1.19    2 = FOG REDUCING VISIBILITY
HIGHEST:    92 ON  6    GRTST 24HR  2.08 ON 11-11      TO 1/4 MILE OR LESS
LOWEST:     46 ON 10, 9                            3 = THUNDER
                        SNOW, ICE PELLETS, HAIL    4 = ICE PELLETS
                        TOTAL MONTH:   0.0 INCH    5 = HAIL
                        GRTST 24HR     0.0         6 = FREEZING RAIN OR DRIZZLE
                        GRTST DEPTH:   0           7 = DUSTSTORM OR SANDSTORM:
                                                       VSBY 1/2 MILE OR LESS
                                                   8 = SMOKE OR HAZE
[NO. OF DAYS WITH]      [WEATHER - DAYS WITH]      9 = BLOWING SNOW
                                                   X = TORNADO
MAX 32 OR BELOW:   0    0.01 INCH OR MORE:   4
MAX 90 OR ABOVE:   2    0.10 INCH OR MORE:   3
MIN 32 OR BELOW:   0    0.50 INCH OR MORE:   2
MIN  0 OR BELOW:   0    1.00 INCH OR MORE:   1

[HDD (BASE 65) ]
TOTAL THIS MO.    30    CLEAR  (SCALE 0-3)   2
DPTR FM NORMAL   -35    PTCLDY (SCALE 4-7)  13
TOTAL FM JUL 1    36    CLOUDY (SCALE 8-10)  2
DPTR FM NORMAL   -74

[CDD (BASE 65) ]
TOTAL THIS MO.    74
DPTR FM NORMAL    50    [PRESSURE DATA]
TOTAL FM JAN 1   570    HIGHEST SLP M ON M
DPTR FM NORMAL   218    LOWEST  SLP 29.92 ON 17

[REMARKS]
