000
CXUS51 KGYX 211000
CF6PWM
PRELIMINARY LOCAL CLIMATOLOGICAL DATA (WS FORM: F-6)

                                          STATION:   PORTLAND ME
                                          MONTH:     JANUARY
                                          YEAR:      2019
                                          LATITUDE:   43 39 N
                                          LONGITUDE:  70 19 W

  TEMPERATURE IN F:       :PCPN:    SNOW:  WIND      :SUNSHINE: SKY     :PK WND
================================================================================
1   2   3   4   5  6A  6B    7    8   9   10  11  12  13   14  15   16   17  18
                                     12Z  AVG MX 2MIN
DY MAX MIN AVG DEP HDD CDD  WTR  SNW DPTH SPD SPD DIR MIN PSBL S-S WX    SPD DR
================================================================================

 1  50  27  39  15  26   0 0.78  0.6    T 12.3 29 310   M    M   5 1      38 310
 2  31  22  27   3  38   0 0.00  0.0    T  4.6 14 350   M    M   4        24 340
 3  35  23  29   6  36   0 0.28  3.6    2  3.9 10 280   M    M   6 1      17 140
 4  43  25  34  11  31   0 0.00  0.0    2  7.3 17 200   M    M   8 8      23 200
 5  38  26  32   9  33   0 0.10  0.0    2  6.2 14  60   M    M   8 1      23 360
 6  40  21  31   8  34   0 0.00  0.0    1 11.1 31 330   M    M   7        45 320
 7  26  14  20  -3  45   0 0.00  0.0    1 11.1 26 310   M    M   2        40 330
 8  33  18  26   4  39   0 0.47  1.8    2  4.9 14  60   M    M  10 16     21 120
 9  36  33  35  13  30   0 0.49  1.4    2  6.6 15 280   M    M  10 1      19 280
10  34  19  27   5  38   0    T    T    2 10.6 22 300   M    M   7        32 320
11  23   5  14  -8  51   0 0.00  0.0    2 13.1 26 300   M    M   1        32 290
12  24   5  15  -7  50   0 0.00  0.0    2  8.3 17 300   M    M   0        26 310
13  27   7  17  -5  48   0 0.00  0.0    2  2.0 10 150   M    M   0        15  50
14  28   9  19  -3  46   0 0.00  0.0    2  4.9 10 100   M    M   0        24 110
15  35  13  24   2  41   0 0.00  0.0    2  4.4 13 310   M    M   3        17 310
16  37  22  30   8  35   0 0.00  0.0    2  8.3 25 320   M    M   5        34 320
17  23   9  16  -6  49   0 0.00  0.0    2  6.2 20 300   M    M   2        31 310
18  32  16  24   2  41   0    T    T    2  3.7 12 310   M    M   9        20  40
19  26  14  20  -2  45   0 0.04    M    2  9.5 16  40   M    M   6 1      26  20
20  19   7  13  -9  52   0 0.89    M    0 14.2 22  20   M    M  10 1249   37  30
================================================================================
SM  640  335       808   0  3.05     7.4 153.2          M      103
================================================================================
AV 32.0 16.8                               7.7 FASTST   M    M   5    MAX(MPH)
                                 MISC ---->  # 31 330               # 45  320
================================================================================
NOTES:
# LAST OF SEVERAL OCCURRENCES

COLUMN 17 PEAK WIND IN M.P.H.

PRELIMINARY LOCAL CLIMATOLOGICAL DATA (WS FORM: F-6) , PAGE 2

                                          STATION:  PORTLAND ME
                                          MONTH:    JANUARY
                                          YEAR:     2019
                                          LATITUDE:   43 39 N
                                          LONGITUDE:  70 19 W

[TEMPERATURE DATA]      [PRECIPITATION DATA]       SYMBOLS USED IN COLUMN 16

AVERAGE MONTHLY: 24.4   TOTAL FOR MONTH:   3.05    1 = FOG OR MIST
DPTR FM NORMAL:   1.9   DPTR FM NORMAL:    0.85    2 = FOG REDUCING VISIBILITY
HIGHEST:    50 ON  1    GRTST 24HR  0.89 ON 20-20      TO 1/4 MILE OR LESS
LOWEST:      5 ON 12,11                            3 = THUNDER
                        SNOW, ICE PELLETS, HAIL    4 = ICE PELLETS
                        TOTAL MONTH:   7.4 INCHES  5 = HAIL
                        GRTST 24HR   3.6 ON  3- 3  6 = FREEZING RAIN OR DRIZZLE
                        GRTST DEPTH:   2 ON 19,18  7 = DUSTSTORM OR SANDSTORM:
                                                       VSBY 1/2 MILE OR LESS
                                                   8 = SMOKE OR HAZE
[NO. OF DAYS WITH]      [WEATHER - DAYS WITH]      9 = BLOWING SNOW
                                                   X = TORNADO
MAX 32 OR BELOW:  10    0.01 INCH OR MORE:   7
MAX 90 OR ABOVE:   0    0.10 INCH OR MORE:   6
MIN 32 OR BELOW:  19    0.50 INCH OR MORE:   2
MIN  0 OR BELOW:   0    1.00 INCH OR MORE:   0

[HDD (BASE 65) ]
TOTAL THIS MO.   808    CLEAR  (SCALE 0-3)   7
DPTR FM NORMAL   -42    PTCLDY (SCALE 4-7)   9
TOTAL FM JUL 1  3428    CLOUDY (SCALE 8-10)  4
DPTR FM NORMAL   -34

[CDD (BASE 65) ]
TOTAL THIS MO.     0
DPTR FM NORMAL     0    [PRESSURE DATA]
TOTAL FM JAN 1     0    HIGHEST SLP M ON M
DPTR FM NORMAL     0    LOWEST  SLP 29.24 ON  9

[REMARKS]
