000
CXUS51 KGYX 181000
CF6PWM
PRELIMINARY LOCAL CLIMATOLOGICAL DATA (WS FORM: F-6)

                                          STATION:   PORTLAND ME
                                          MONTH:     FEBRUARY
                                          YEAR:      2020
                                          LATITUDE:   43 39 N
                                          LONGITUDE:  70 19 W

  TEMPERATURE IN F:       :PCPN:    SNOW:  WIND      :SUNSHINE: SKY     :PK WND
================================================================================
1   2   3   4   5  6A  6B    7    8   9   10  11  12  13   14  15   16   17  18
                                     12Z  AVG MX 2MIN
DY MAX MIN AVG DEP HDD CDD  WTR  SNW DPTH SPD SPD DIR MIN PSBL S-S WX    SPD DR
================================================================================

 1  40  31  36  13  29   0    T    T    2  2.5  8 350   M    M  10         9 350
 2  40  28  34  11  31   0 0.00  0.0    2  4.8  9 310   M    M  10        15 320
 3  47  22  35  12  30   0 0.00  0.0    2  7.0 16 270   M    M   5        21 260
 4  40  26  33  10  32   0 0.00  0.0    2  2.4 10  60   M    M   7        12  50
 5  39  27  33  10  32   0 0.00  0.0    2  5.8 16 310   M    M   4        20 350
 6  31  24  28   4  37   0 0.63  5.1    4  7.7 15  50   M    M   9 1268   19  50
 7  34  24  29   5  36   0 0.39  0.2    6 11.0 28 310   M    M   9 1568   38 300
 8  27   8  18  -6  47   0 0.00  0.0    6 10.5 23 250   M    M   2        31 270
 9  28   0  14 -10  51   0 0.01    T    6  2.8  9 190   M    M   4 8      13 180
10  40  27  34  10  31   0 0.23  0.4    5  5.9 17 190   M    M   8 16     25 190
11  38  25  32   7  33   0 0.01  0.0    7  3.9 10 300   M    M   8 128    12 300
12  41  32  37  12  28   0 0.01  0.0    4  8.6 21 290   M    M   3        26 280
13  38  31  35  10  30   0 0.24  1.2    5  3.1 14 220   M    M  10 18     20 210
14  32   5  19  -6  46   0 0.00  0.0    4 12.0 22 350   M    M   2        28 340
15  26  -1  13 -13  52   0    T    T    M  4.6 14 210   M    M   1        20 210
16  42  23  33   7  32   0 0.00  0.0    4  8.7 16 280   M    M   6        22 200
17  40  23  32   6  33   0 0.00  0.0    4  7.6 17 330   M    M   1        22 310
================================================================================
SM  623  355       610   0  1.52     6.9 108.9          M       99
================================================================================
AV 36.7 20.9                               6.4 FASTST   M    M   6    MAX(MPH)
                                 MISC ---->  # 28 310               # 38  300
================================================================================
NOTES:
# LAST OF SEVERAL OCCURRENCES

COLUMN 17 PEAK WIND IN M.P.H.

PRELIMINARY LOCAL CLIMATOLOGICAL DATA (WS FORM: F-6) , PAGE 2

                                          STATION:  PORTLAND ME
                                          MONTH:    FEBRUARY
                                          YEAR:     2020
                                          LATITUDE:   43 39 N
                                          LONGITUDE:  70 19 W

[TEMPERATURE DATA]      [PRECIPITATION DATA]       SYMBOLS USED IN COLUMN 16

AVERAGE MONTHLY: 28.8   TOTAL FOR MONTH:   1.52    1 = FOG OR MIST
DPTR FM NORMAL:   4.5   DPTR FM NORMAL:   -0.39    2 = FOG REDUCING VISIBILITY
HIGHEST:    47 ON  3    GRTST 24HR  0.63 ON  6- 6      TO 1/4 MILE OR LESS
LOWEST:     -1 ON 15                               3 = THUNDER
                        SNOW, ICE PELLETS, HAIL    4 = ICE PELLETS
                        TOTAL MONTH:   6.9 INCHES  5 = HAIL
                        GRTST 24HR   5.1 ON  6- 6  6 = FREEZING RAIN OR DRIZZLE
                        GRTST DEPTH:   7 ON 11     7 = DUSTSTORM OR SANDSTORM:
                                                       VSBY 1/2 MILE OR LESS
                                                   8 = SMOKE OR HAZE
[NO. OF DAYS WITH]      [WEATHER - DAYS WITH]      9 = BLOWING SNOW
                                                   X = TORNADO
MAX 32 OR BELOW:   5    0.01 INCH OR MORE:   7
MAX 90 OR ABOVE:   0    0.10 INCH OR MORE:   4
MIN 32 OR BELOW:  17    0.50 INCH OR MORE:   1
MIN  0 OR BELOW:   2    1.00 INCH OR MORE:   0

[HDD (BASE 65) ]
TOTAL THIS MO.   610    CLEAR  (SCALE 0-3)   4
DPTR FM NORMAL   -83    PTCLDY (SCALE 4-7)   8
TOTAL FM JUL 1  4179    CLOUDY (SCALE 8-10)  5
DPTR FM NORMAL  -450

[CDD (BASE 65) ]
TOTAL THIS MO.     0
DPTR FM NORMAL     0    [PRESSURE DATA]
TOTAL FM JAN 1     0    HIGHEST SLP M ON M
DPTR FM NORMAL     0    LOWEST  SLP 28.66 ON  7

[REMARKS]
