000
CXUS51 KGYX 210900
CF6PWM
PRELIMINARY LOCAL CLIMATOLOGICAL DATA (WS FORM: F-6)

                                          STATION:   PORTLAND ME
                                          MONTH:     MARCH
                                          YEAR:      2019
                                          LATITUDE:   43 39 N
                                          LONGITUDE:  70 19 W

  TEMPERATURE IN F:       :PCPN:    SNOW:  WIND      :SUNSHINE: SKY     :PK WND
================================================================================
1   2   3   4   5  6A  6B    7    8   9   10  11  12  13   14  15   16   17  18
                                     12Z  AVG MX 2MIN
DY MAX MIN AVG DEP HDD CDD  WTR  SNW DPTH SPD SPD DIR MIN PSBL S-S WX    SPD DR
================================================================================

 1  33   9  21  -8  44   0 0.00  0.0    4  4.7 18 170   M    M   4        22  30
 2  32  20  26  -3  39   0 0.03  1.2    4  6.3 16  60   M    M   8 18     34  60
 3  38  13  26  -4  39   0 0.08  0.4    5  5.4 17  90   M    M   5 1      20 180
 4  39  23  31   1  34   0 0.61  5.8    8 10.4 20 310   M    M   8 128    30  40
 5  29  15  22  -8  43   0 0.00  0.0    8  7.2 14 290   M    M   1        19 280
 6  22   8  15 -15  50   0 0.00  0.0    8 10.4  M   M   M    M   2         M  M
 7  24   2  13 -18  52   0 0.00  0.0    7  7.5 20 290   M    M   3        25 270
 8  36   9  23  -8  42   0 0.00  0.0    7  7.7 14 230   M    M   3        21 220
 9  42  13  28  -3  37   0 0.00  0.0    7  5.3 15  60   M    M   1        20  50
10  38  26  32   0  33   0 0.64  2.4    7 11.2 22 110   M    M   8 12     28 110
11  45  32  39   7  26   0 0.00  0.0    7 14.2 24 260   M    M   5        32 270
12  40  26  33   1  32   0 0.00  0.0    6  9.8 20 330   M    M   4        25 350
13  37  20  29  -3  36   0 0.04  0.4    5  5.2 15 190   M    M   6 1      20 190
14  41  31  36   3  29   0 0.05  0.5    6  4.8 12 110   M    M  10 12     13 100
15  55  39  47  14  18   0 0.14  0.0    4  6.3 14 160   M    M   7 12     19 200
16  49  32  41   8  24   0 0.00  0.0    2 13.6 35 280   M    M   4 12     47 280
17  36  24  30  -4  35   0    T    T    1 10.8 24 290   M    M   3        31 290
18  39  20  30  -4  35   0 0.00  0.0    1  6.9 17 280   M    M   0        25 290
19  38  20  29  -5  36   0 0.00  0.0    1  4.4 14 170   M    M   3        17 160
20  42  18  30  -5  35   0 0.00  0.0    1  6.0 16 160   M    M   1        21 170
================================================================================
SM  755  400       719   0  1.59    10.7 158.1          M       86
================================================================================
AV 37.8 20.0                               7.9 FASTST   M    M   4    MAX(MPH)
                                 MISC ---->   999999M               # 47  280
================================================================================
NOTES:
# LAST OF SEVERAL OCCURRENCES

COLUMN 17 PEAK WIND IN M.P.H.

PRELIMINARY LOCAL CLIMATOLOGICAL DATA (WS FORM: F-6) , PAGE 2

                                          STATION:  PORTLAND ME
                                          MONTH:    MARCH
                                          YEAR:     2019
                                          LATITUDE:   43 39 N
                                          LONGITUDE:  70 19 W

[TEMPERATURE DATA]      [PRECIPITATION DATA]       SYMBOLS USED IN COLUMN 16

AVERAGE MONTHLY: 28.9   TOTAL FOR MONTH:   1.59    1 = FOG OR MIST
DPTR FM NORMAL:  -2.9   DPTR FM NORMAL:   -1.04    2 = FOG REDUCING VISIBILITY
HIGHEST:    55 ON 15    GRTST 24HR  0.64 ON 10-10      TO 1/4 MILE OR LESS
LOWEST:      2 ON  7                               3 = THUNDER
                        SNOW, ICE PELLETS, HAIL    4 = ICE PELLETS
                        TOTAL MONTH:  10.7 INCHES  5 = HAIL
                        GRTST 24HR   5.8 ON  4- 4  6 = FREEZING RAIN OR DRIZZLE
                        GRTST DEPTH:   8 ON  6, 5  7 = DUSTSTORM OR SANDSTORM:
                                                       VSBY 1/2 MILE OR LESS
                                                   8 = SMOKE OR HAZE
[NO. OF DAYS WITH]      [WEATHER - DAYS WITH]      9 = BLOWING SNOW
                                                   X = TORNADO
MAX 32 OR BELOW:   4    0.01 INCH OR MORE:   7
MAX 90 OR ABOVE:   0    0.10 INCH OR MORE:   3
MIN 32 OR BELOW:  19    0.50 INCH OR MORE:   2
MIN  0 OR BELOW:   0    1.00 INCH OR MORE:   0

[HDD (BASE 65) ]
TOTAL THIS MO.   719    CLEAR  (SCALE 0-3)   7
DPTR FM NORMAL    54    PTCLDY (SCALE 4-7)  11
TOTAL FM JUL 1  5711    CLOUDY (SCALE 8-10)  2
DPTR FM NORMAL     4

[CDD (BASE 65) ]
TOTAL THIS MO.     0
DPTR FM NORMAL     0    [PRESSURE DATA]
TOTAL FM JAN 1     0    HIGHEST SLP M ON M
DPTR FM NORMAL     0    LOWEST  SLP 29.60 ON 15

[REMARKS]
