000
CXUS51 KGYX 230900
CF6PWM
PRELIMINARY LOCAL CLIMATOLOGICAL DATA (WS FORM: F-6)

                                          STATION:   PORTLAND ME
                                          MONTH:     MAY
                                          YEAR:      2022
                                          LATITUDE:   43 39 N
                                          LONGITUDE:  70 19 W

  TEMPERATURE IN F:       :PCPN:    SNOW:  WIND      :SUNSHINE: SKY     :PK WND
================================================================================
1   2   3   4   5  6A  6B    7    8   9   10  11  12  13   14  15   16   17  18
                                     12Z  AVG MX 2MIN
DY MAX MIN AVG DEP HDD CDD  WTR  SNW DPTH SPD SPD DIR MIN PSBL S-S WX    SPD DR
================================================================================

 1  57  38  48  -2  17   0 0.00  0.0    0  7.6 16 170   M    M   1        22 100
 2  55  36  46  -5  19   0    T  0.0    0  5.8 16 150   M    M   5        22 140
 3  57  45  51   0  14   0    T  0.0    0  5.0 14 150   M    M   6        19  80
 4  49  44  47  -4  18   0 0.50  0.0    0  5.0 10 160   M    M   9 1      13 150
 5  67  46  57   5   8   0 0.00  0.0    0  7.6 20 360   M    M   4        25 310
 6  60  40  50  -2  15   0 0.00  0.0    0  6.3 16 150   M    M   6        20  30
 7  51  39  45  -7  20   0 0.00  0.0    0 10.7 20  40   M    M   6        26  40
 8  53  35  44  -8  21   0 0.00  0.0    0  6.7 18  90   M    M   3 8      23 100
 9  57  31  44  -9  21   0 0.00  0.0    0  8.1 16  90   M    M   3        21  40
10  61  38  50  -3  15   0 0.00  0.0    0  7.9 15 100   M    M   1        21 100
11  64  37  51  -2  14   0 0.00  0.0    0  5.9 14  50   M    M   1        18 110
12  71  47  59   5   6   0 0.00  0.0    0  3.9 13 200   M    M   5 12     15 180
13  70  49  60   6   5   0 0.00  0.0    0  7.4 21 180   M    M   4 12     28 180
14  84  58  71  17   0   6 0.00  0.0    0  6.3 17 180   M    M   3        26 190
15  69  51  60   5   5   0 0.03  0.0    0  7.0 15  80   M    M  10 12     18  80
16  63  51  57   2   8   0 0.16  0.0    0  6.3 14  80   M    M   9 12     17  90
17  72  54  63   8   2   0 0.00  0.0    0 15.6 30 270   M    M   4        42 280
18  68  47  58   2   7   0 0.00  0.0    0 12.4 25 320   M    M   2        33 300
19  56  44  50  -6  15   0 0.25  0.0    0  4.3 12 130   M    M   8 1      15 130
20  56  48  52  -4  13   0 0.00  0.0    0  6.4 14 150   M    M  10 1      18 150
21  65  50  58   2   7   0    T  0.0    0  5.1 13 160   M    M   9 12     19  90
22  75  52  64   7   1   0 0.10  0.0    0  5.6 24 270   M    M   6 123    33 280
================================================================================
SM 1380  980       251   6  1.04  0.0    156.9          M      115
================================================================================
AV 62.7 44.5                               7.1 FASTST   M    M   5    MAX(MPH)
                                 MISC ---->    30 270                 42 280
================================================================================
NOTES:
# LAST OF SEVERAL OCCURRENCES

COLUMN 17 PEAK WIND IN M.P.H.

PRELIMINARY LOCAL CLIMATOLOGICAL DATA (WS FORM: F-6) , PAGE 2

                                          STATION:   PORTLAND ME
                                          MONTH:     MAY
                                          YEAR:      2022
                                          LATITUDE:   43 39 N
                                          LONGITUDE:  70 19 W

[TEMPERATURE DATA]      [PRECIPITATION DATA]       SYMBOLS USED IN COLUMN 16

AVERAGE MONTHLY: 53.6   TOTAL FOR MONTH:   1.04    1 = FOG OR MIST
DPTR FM NORMAL:   0.1   DPTR FM NORMAL:   -1.54    2 = FOG REDUCING VISIBILITY
HIGHEST:    84 ON 14    GRTST 24HR  0.50 ON  4- 4      TO 1/4 MILE OR LESS
LOWEST:     31 ON  9                               3 = THUNDER
                        SNOW, ICE PELLETS, HAIL    4 = ICE PELLETS
                        TOTAL MONTH:   0.0 INCH    5 = HAIL
                        GRTST 24HR  0.0            6 = FREEZING RAIN OR DRIZZLE
                        GRTST DEPTH:  0            7 = DUSTSTORM OR SANDSTORM:
                                                       VSBY 1/2 MILE OR LESS
                                                   8 = SMOKE OR HAZE
[NO. OF DAYS WITH]      [WEATHER - DAYS WITH]      9 = BLOWING SNOW
                                                   X = TORNADO
MAX 32 OR BELOW:   0    0.01 INCH OR MORE:   5
MAX 90 OR ABOVE:   0    0.10 INCH OR MORE:   4
MIN 32 OR BELOW:   1    0.50 INCH OR MORE:   1
MIN  0 OR BELOW:   0    1.00 INCH OR MORE:   0

[HDD (BASE 65) ]
TOTAL THIS MO.   251    CLEAR  (SCALE 0-3)   7
DPTR FM NORMAL    -6    PTCLDY (SCALE 4-7)   9
TOTAL FM JUL 1  6359    CLOUDY (SCALE 8-10)  6
DPTR FM NORMAL  -278

[CDD (BASE 65) ]
TOTAL THIS MO.     6
DPTR FM NORMAL     6    [PRESSURE DATA]
TOTAL FM JAN 1     6    HIGHEST SLP M ON M
DPTR FM NORMAL     5    LOWEST  SLP 29.45 ON 17

[REMARKS]
