000
CXUS53 KMKX 170649
CF6RAC
PRELIMINARY LOCAL CLIMATOLOGICAL DATA (WS FORM: F-6)

                                          STATION:   RACINE WI
                                          MONTH:     FEBRUARY
                                          YEAR:      2018
                                          LATITUDE:   42 45 N
                                          LONGITUDE:  87 49 W

  TEMPERATURE IN F:       :PCPN:    SNOW:  WIND      :SUNSHINE: SKY     :PK WND
================================================================================
1   2   3   4   5  6A  6B    7    8   9   10  11  12  13   14  15   16   17  18
                                     12Z  AVG MX 2MIN
DY MAX MIN AVG DEP HDD CDD  WTR  SNW DPTH SPD SPD DIR MIN PSBL S-S WX    SPD DR
================================================================================

 1  34   5  20  -3  45   0 0.00  0.0    0 13.4 24 310   M    M   1        38 310
 2  20   2  11 -12  54   0 0.00    M    M  9.8 15 280   M    M   2        26 290
 3  38  20  29   6  36   0 0.06    M    M  9.6 22 240   M    M  10 1      32 250
 4  32   1  17  -6  48   0 0.04    M    M 14.1 25 350   M    M   6 1      37 350
 5  12  -6   3 -20  62   0    M    M    0  7.7 14 260   M    M   4 128    19 260
 6  17   0   9 -14  56   0    T    M    M  4.0 10 340   M    M   4 1      15 270
 7  18   3  11 -13  54   0 0.03    M    M  6.2 13 290   M    M   8 18     18 310
 8  19   4  12 -12  53   0 0.04    M    M  7.0 15 270   M    M   5 18     22 280
 9  25  13  19  -5  46   0 0.13    M    0 12.9 22 360   M    M   9 1      34 360
10  20  12  16  -8  49   0 0.02    M    0  5.8 13 340   M    M   6 18     18 330
11  22  11  17  -7  48   0 0.18    M    0  9.2 15 260   M    M   5 18     23 270
12  22   6  14 -11  51   0 0.00  0.0    0  5.3  9 310   M    M   0        12 320
13  30   3  17  -8  48   0 0.00  0.0    0  7.4 18 180   M    M   3 8      26 170
14  44  20  32   7  33   0 0.00  0.0    0 11.2 20 220   M    M   2 18     32 230
15  47  33  40  15  25   0 0.00  0.0    0  9.3 21  10   M    M   6 18     31 360
16  34  17  26   0  39   0 0.00    M    M  8.6 20 360   M    M   4        26 290
================================================================================
SM  434  144       747   0  0.50     0.0 141.5          M       75
================================================================================
AV 27.1  9.0                               8.8 FASTST   M    M   5    MAX(MPH)
                                 MISC ---->  # 25 350               # 38  310
================================================================================
NOTES:
# LAST OF SEVERAL OCCURRENCES

COLUMN 17 PEAK WIND IN M.P.H.

PRELIMINARY LOCAL CLIMATOLOGICAL DATA (WS FORM: F-6) , PAGE 2

                                          STATION:  RACINE WI
                                          MONTH:    FEBRUARY
                                          YEAR:     2018
                                          LATITUDE:   42 45 N
                                          LONGITUDE:  87 49 W

[TEMPERATURE DATA]      [PRECIPITATION DATA]       SYMBOLS USED IN COLUMN 16

AVERAGE MONTHLY: 18.1   TOTAL FOR MONTH:   0.50    1 = FOG OR MIST
DPTR FM NORMAL:  -5.9   DPTR FM NORMAL:   -0.16    2 = FOG REDUCING VISIBILITY
HIGHEST:    47 ON 15    GRTST 24HR  0.18 ON 11-11      TO 1/4 MILE OR LESS
LOWEST:     -6 ON  5                               3 = THUNDER
                        SNOW, ICE PELLETS, HAIL    4 = ICE PELLETS
                        TOTAL MONTH:   0.0 INCH    5 = HAIL
                        GRTST 24HR     0.0         6 = FREEZING RAIN OR DRIZZLE
                        GRTST DEPTH:   0           7 = DUSTSTORM OR SANDSTORM:
                                                       VSBY 1/2 MILE OR LESS
                                                   8 = SMOKE OR HAZE
[NO. OF DAYS WITH]      [WEATHER - DAYS WITH]      9 = BLOWING SNOW
                                                   X = TORNADO
MAX 32 OR BELOW:  11    0.01 INCH OR MORE:   7
MAX 90 OR ABOVE:   0    0.10 INCH OR MORE:   2
MIN 32 OR BELOW:  15    0.50 INCH OR MORE:   0
MIN  0 OR BELOW:   2    1.00 INCH OR MORE:   0

[HDD (BASE 65) ]
TOTAL THIS MO.   747    CLEAR  (SCALE 0-3)   4
DPTR FM NORMAL    91    PTCLDY (SCALE 4-7)  10
TOTAL FM JUL 1  4427    CLOUDY (SCALE 8-10)  2
DPTR FM NORMAL   -72

[CDD (BASE 65) ]
TOTAL THIS MO.     0
DPTR FM NORMAL     0    [PRESSURE DATA]
TOTAL FM JAN 1     0    HIGHEST SLP M ON M
DPTR FM NORMAL     0    LOWEST  SLP 29.68 ON 15

[REMARKS]
