000
CXUS56 KSGX 231545
CF6RAL
PRELIMINARY LOCAL CLIMATOLOGICAL DATA (WS FORM: F-6)

                                          STATION:   RIVERSIDE MUNI AIRPORT CA
                                          MONTH:     JANUARY
                                          YEAR:      2019
                                          LATITUDE:   33 57 N
                                          LONGITUDE: 117 27 W

  TEMPERATURE IN F:       :PCPN:    SNOW:  WIND      :SUNSHINE: SKY     :PK WND
================================================================================
1   2   3   4   5  6A  6B    7    8   9   10  11  12  13   14  15   16   17  18
                                     12Z  AVG MX 2MIN
DY MAX MIN AVG DEP HDD CDD  WTR  SNW DPTH SPD SPD DIR MIN PSBL S-S WX    SPD DR
================================================================================

 1  55  42  49  -5  16   0 0.00  0.0    0  9.7 22  30   M    M   0        35 350
 2  63  39  51  -3  14   0 0.00  0.0    0  8.0 18  20   M    M   0        30  10
 3  69  37  53  -1  12   0 0.00  0.0    0  3.9 10  40   M    M   0        13  30
 4  69  35  52  -3  13   0 0.00  0.0    0  4.0  9 280   M    M   0        13 270
 5  56  43  50  -5  15   0 0.19    M    0  2.7 10  90   M    M   7 1      12  90
 6  58  47  53  -2  12   0 0.02    M    0  3.1 14 260   M    M   7 18     17 280
 7  61  48  55   0  10   0 0.00  0.0    0  1.0 12 120   M    M   7        16 140
 8  73  47  60   5   5   0 0.00  0.0    0  4.1 10 250   M    M   4        14  40
 9  69  43  56   1   9   0 0.00  0.0    0  3.7 16 270   M    M   1 18     21 270
10  67  43  55   0  10   0 0.00  0.0    0  2.3 10 270   M    M   0 18     17 270
11  69  43  56   1   9   0 0.00  0.0    0  2.4  9 280   M    M   8 128    11 270
12  57  46  52  -3  13   0 0.38    M    0  3.5 17 260   M    M   7 1      22 270
13  64  38  51  -4  14   0 0.00  0.0    0  3.6 12  80   M    M   4        15  90
14  56  47  52  -3  13   0 0.35    M    0  3.5 13 120   M    M   9 1      19 120
15  58  48  53  -2  12   0 0.53    M    0  4.4 21 130   M    M   9 1      25 130
16  62  52  57   2   8   0 0.47  0.0    0  2.7 12 170   M    M  10 1      15 140
17  62  53  58   3   7   0 0.56  0.0    0  4.7 20 250   M    M  10 1      24 270
18  63  50  57   2   8   0 0.00  0.0    0  2.2  8  40   M    M   6 1      11 100
19  78  46  62   7   3   0 0.00  0.0    0  5.7 10  20   M    M   1        16  60
20  73  46  60   5   5   0 0.00  0.0    0  3.6 12 270   M    M   4        15 280
21  61  44  53  -2  12   0    T    M    0  7.8 21 260   M    M   3        26 260
22  64  47  56   1   9   0 0.00  0.0    0 12.4 25 350   M    M   1        38 350
================================================================================
SM 1407  984       229   0  2.50     0.0  99.0          M       98
================================================================================
AV 64.0 44.7                               4.5 FASTST   M    M   4    MAX(MPH)
                                 MISC ---->  # 25 350               # 38  350
================================================================================
NOTES:
# LAST OF SEVERAL OCCURRENCES

COLUMN 17 PEAK WIND IN M.P.H.

PRELIMINARY LOCAL CLIMATOLOGICAL DATA (WS FORM: F-6) , PAGE 2

                                          STATION:  RIVERSIDE MUNI AIRPORT CA
                                          MONTH:    JANUARY
                                          YEAR:     2019
                                          LATITUDE:   33 57 N
                                          LONGITUDE: 117 27 W

[TEMPERATURE DATA]      [PRECIPITATION DATA]       SYMBOLS USED IN COLUMN 16

AVERAGE MONTHLY: 54.3   TOTAL FOR MONTH:   2.50    1 = FOG OR MIST
DPTR FM NORMAL:  -0.5   DPTR FM NORMAL:    0.08    2 = FOG REDUCING VISIBILITY
HIGHEST:    78 ON 19    GRTST 24HR  0.56 ON 17-17      TO 1/4 MILE OR LESS
LOWEST:     35 ON  4                               3 = THUNDER
                        SNOW, ICE PELLETS, HAIL    4 = ICE PELLETS
                        TOTAL MONTH:   0.0 INCH    5 = HAIL
                        GRTST 24HR     0.0         6 = FREEZING RAIN OR DRIZZLE
                        GRTST DEPTH:   0           7 = DUSTSTORM OR SANDSTORM:
                                                       VSBY 1/2 MILE OR LESS
                                                   8 = SMOKE OR HAZE
[NO. OF DAYS WITH]      [WEATHER - DAYS WITH]      9 = BLOWING SNOW
                                                   X = TORNADO
MAX 32 OR BELOW:   0    0.01 INCH OR MORE:   7
MAX 90 OR ABOVE:   0    0.10 INCH OR MORE:   6
MIN 32 OR BELOW:   0    0.50 INCH OR MORE:   2
MIN  0 OR BELOW:   0    1.00 INCH OR MORE:   0

[HDD (BASE 65) ]
TOTAL THIS MO.   229    CLEAR  (SCALE 0-3)   9
DPTR FM NORMAL     5    PTCLDY (SCALE 4-7)   8
TOTAL FM JUL 1   608    CLOUDY (SCALE 8-10)  5
DPTR FM NORMAL  -142

[CDD (BASE 65) ]
TOTAL THIS MO.     0
DPTR FM NORMAL     0    [PRESSURE DATA]
TOTAL FM JAN 1     0    HIGHEST SLP M ON M
DPTR FM NORMAL     0    LOWEST  SLP 29.85 ON  5

[REMARKS]
