000
CXUS56 KSGX 011245
CF6RAL
PRELIMINARY LOCAL CLIMATOLOGICAL DATA (WS FORM: F-6)

                                          STATION:   RIVERSIDE MUNI AIRPORT CA
                                          MONTH:     MAY
                                          YEAR:      2020
                                          LATITUDE:   33 57 N
                                          LONGITUDE: 117 27 W

  TEMPERATURE IN F:       :PCPN:    SNOW:  WIND      :SUNSHINE: SKY     :PK WND
================================================================================
1   2   3   4   5  6A  6B    7    8   9   10  11  12  13   14  15   16   17  18
                                     12Z  AVG MX 2MIN
DY MAX MIN AVG DEP HDD CDD  WTR  SNW DPTH SPD SPD DIR MIN PSBL S-S WX    SPD DR
================================================================================

 1  82  58  70   4   0   5 0.00  0.0    0  4.6 16 270   M    M   3 18     20 270
 2  82  56  69   3   0   4 0.00  0.0    0  5.0 18 270   M    M   0        23 250
 3  82  55  69   3   0   4 0.00  0.0    0  5.1 18 270   M    M   0        25 260
 4  90  54  72   6   0   7 0.00  0.0    0  3.9 18 260   M    M   0        23 260
 5  97  58  78  12   0  13 0.00  0.0    0  5.3 16 270   M    M   0        23 280
 6  98  58  78  11   0  13 0.00  0.0    0  4.3 16 260   M    M   1        21 270
 7  99  62  81  14   0  16 0.00  0.0    0  4.4 18 270   M    M   1        24 270
 8  93  62  78  11   0  13 0.00  0.0    0  6.1 20 270   M    M   0        25 270
 9  86  59  73   6   0   8 0.00  0.0    0  5.8 17 270   M    M   0 18     26 270
10  83  58  71   4   0   6 0.00  0.0    0  6.9 20 270   M    M   3 18     25 270
11  81  56  69   2   0   4 0.00  0.0    0  6.0 18 270   M    M   4        24 250
12  76  55  66  -2   0   1 0.00  0.0    0  7.9 22 250   M    M   7        29 270
13  76  54  65  -3   0   0 0.00  0.0    0  4.9 16 270   M    M   3        23 270
14  80  53  67  -1   0   2 0.00  0.0    0  4.9 18 270   M    M   0        25 240
15  83  55  69   1   0   4 0.00  0.0    0  5.0 15 270   M    M   1        20 270
16  88  59  74   6   0   9 0.00  0.0    0  4.9 20 270   M    M   0        23 270
17  85  58  72   4   0   7 0.00  0.0    0  6.5 22 270   M    M   0        27 270
18  73  58  66  -2   0   1    T  0.0    0  8.2 21 260   M    M   9        26 260
19  73  54  64  -4   1   0 0.00  0.0    0  5.9 21 250   M    M   4        26 280
20  80  51  66  -2   0   1 0.00  0.0    0  4.9 18 270   M    M   0        22 250
21  90  54  72   3   0   7 0.00  0.0    0  5.1 18 270   M    M   0        26 270
22  83  55  69   0   0   4 0.00  0.0    0  4.6 21 270   M    M   0        27 270
23  80  56  68  -1   0   3 0.00  0.0    0  5.5 18 260   M    M   3        24 270
24  89  55  72   3   0   7 0.00  0.0    0  5.1 21 270   M    M   0        26 270
25  93  57  75   6   0  10 0.00  0.0    0  5.0 21 270   M    M   0        26 270
26  97  62  80  11   0  15 0.00  0.0    0  5.2 21 270   M    M   0        26 270
27  96  61  79  10   0  14 0.00  0.0    0  5.8 18 270   M    M   0        22 270
28  88  58  73   4   0   8 0.00  0.0    0  5.9 17 270   M    M   0        25 260
29  80  60  70   1   0   5 0.00  0.0    0  7.3 21 250   M    M   5 8      26 250
30  82  59  71   2   0   6 0.00  0.0    0  6.7 21 270   M    M   6        26 270
31  87  56  72   2   0   7 0.00  0.0    0  4.8 21 270   M    M   1        25 270
================================================================================
SM 2652 1766         1 204    T      0.0 171.5          M       51
================================================================================
AV 85.6 57.0                               5.5 FASTST   M    M   2    MAX(MPH)
                                 MISC ---->  # 22 250               # 29  270
================================================================================
NOTES:
# LAST OF SEVERAL OCCURRENCES

COLUMN 17 PEAK WIND IN M.P.H.

PRELIMINARY LOCAL CLIMATOLOGICAL DATA (WS FORM: F-6) , PAGE 2

                                          STATION:  RIVERSIDE MUNI AIRPORT CA
                                          MONTH:    MAY
                                          YEAR:     2020
                                          LATITUDE:   33 57 N
                                          LONGITUDE: 117 27 W

[TEMPERATURE DATA]      [PRECIPITATION DATA]       SYMBOLS USED IN COLUMN 16

AVERAGE MONTHLY: 71.3   TOTAL FOR MONTH:      T    1 = FOG OR MIST
DPTR FM NORMAL:   3.4   DPTR FM NORMAL:   -0.30    2 = FOG REDUCING VISIBILITY
HIGHEST:    99 ON  7    GRTST 24HR    T  ON 18-18      TO 1/4 MILE OR LESS
LOWEST:     51 ON 20                               3 = THUNDER
                        SNOW, ICE PELLETS, HAIL    4 = ICE PELLETS
                        TOTAL MONTH:   0.0 INCH    5 = HAIL
                        GRTST 24HR     0.0         6 = FREEZING RAIN OR DRIZZLE
                        GRTST DEPTH:   0           7 = DUSTSTORM OR SANDSTORM:
                                                       VSBY 1/2 MILE OR LESS
                                                   8 = SMOKE OR HAZE
[NO. OF DAYS WITH]      [WEATHER - DAYS WITH]      9 = BLOWING SNOW
                                                   X = TORNADO
MAX 32 OR BELOW:   0    0.01 INCH OR MORE:   0
MAX 90 OR ABOVE:   9    0.10 INCH OR MORE:   0
MIN 32 OR BELOW:   0    0.50 INCH OR MORE:   0
MIN  0 OR BELOW:   0    1.00 INCH OR MORE:   0

[HDD (BASE 65) ]
TOTAL THIS MO.     1    CLEAR  (SCALE 0-3)  22
DPTR FM NORMAL   -23    PTCLDY (SCALE 4-7)   8
TOTAL FM JUL 1  1278    CLOUDY (SCALE 8-10)  1
DPTR FM NORMAL  -166

[CDD (BASE 65) ]
TOTAL THIS MO.   204
DPTR FM NORMAL    90    [PRESSURE DATA]
TOTAL FM JAN 1   297    HIGHEST SLP 30.05 ON 20
DPTR FM NORMAL   120    LOWEST  SLP 29.76 ON 16

[REMARKS]
#FINAL-05-20#
