000
CXUS53 KUNR 230945
CF6RAP
PRELIMINARY LOCAL CLIMATOLOGICAL DATA (WS FORM: F-6)

                                          STATION:   RAPID CITY AIRPORT SD
                                          MONTH:     OCTOBER
                                          YEAR:      2019
                                          LATITUDE:   44  2 N
                                          LONGITUDE: 103  4 W

  TEMPERATURE IN F:       :PCPN:    SNOW:  WIND      :SUNSHINE: SKY     :PK WND
================================================================================
1   2   3   4   5  6A  6B    7    8   9   10  11  12  13   14  15   16   17  18
                                     12Z  AVG MX 2MIN
DY MAX MIN AVG DEP HDD CDD  WTR  SNW DPTH SPD SPD DIR MIN PSBL S-S WX    SPD DR
================================================================================

 1  39  37  38 -16  27   0 0.05  0.0    0 12.5 18 360   M    M  10 1      24  10
 2  45  33  39 -14  26   0 0.10  0.0    0  5.0 10  80   M    M  10 12     13  80
 3  60  31  46  -7  19   0 0.00  0.0    0  7.3 20 130   M    M   3 12     25 130
 4  62  35  49  -3  16   0 0.01  0.0    0 17.0 36 190   M    M   3        46 190
 5  60  38  49  -3  16   0 0.02  0.0    0 14.5 36 320   M    M   3        47 320
 6  62  29  46  -6  19   0 0.00  0.0    0  7.7 18 310   M    M   0        26 290
 7  70  29  50  -1  15   0 0.00  0.0    0  7.1 20 170   M    M   0        26 180
 8  79  34  57   6   8   0 0.00  0.0    0  3.9 10 320   M    M   0 8      13 350
 9  51  26  39 -11  26   0 0.13    M    0 25.5 38 350   M    M   7 128    54 350
10  27  22  25 -25  40   0 0.23    M    0 25.8 36 330   M    M  10 129    49 330
11  35  21  28 -22  37   0    T    M    0 16.9 33 330   M    M   4 9      45 330
12  50  19  35 -14  30   0 0.00  0.0    0 11.0 26 340   M    M   0        35 340
13  55  20  38 -11  27   0 0.00  0.0    0  3.5 12 350   M    M   0        13 350
14  67  25  46  -2  19   0 0.00  0.0    0 13.5 32 340   M    M   0        45 350
15  49  26  38 -10  27   0 0.00  0.0    0 14.0 31 330   M    M   1        42 340
16  65  27  46  -2  19   0 0.00  0.0    0  4.3  9 130   M    M   0        13 150
17  73  33  53   6  12   0 0.00  0.0    0  5.5 16 140   M    M   0        21 140
18  57  31  44  -3  21   0 0.00  0.0    0 16.1 37 340   M    M   3        53 320
19  60  29  45  -2  20   0 0.00  0.0    0  5.9 20 160   M    M   1        27 190
20  48  32  40  -6  25   0 0.56    M    0 21.8 44 330   M    M   9 19     64 330
21  49  32  41  -5  24   0    T    M    0 19.2 32 330   M    M   3        45 330
22  55  28  42  -4  23   0 0.05    M    0  9.0 25 320   M    M   6 1      34 320
================================================================================
SM 1218  637       496   0  1.15     0.0 267.0          M       73
================================================================================
AV 55.4 29.0                              12.1 FASTST   M    M   3    MAX(MPH)
                                 MISC ---->  # 44 330               # 64  330
================================================================================
NOTES:
# LAST OF SEVERAL OCCURRENCES

COLUMN 17 PEAK WIND IN M.P.H.

PRELIMINARY LOCAL CLIMATOLOGICAL DATA (WS FORM: F-6) , PAGE 2

                                          STATION:  RAPID CITY AIRPORT SD
                                          MONTH:    OCTOBER
                                          YEAR:     2019
                                          LATITUDE:   44  2 N
                                          LONGITUDE: 103  4 W

[TEMPERATURE DATA]      [PRECIPITATION DATA]       SYMBOLS USED IN COLUMN 16

AVERAGE MONTHLY: 42.2   TOTAL FOR MONTH:   1.15    1 = FOG OR MIST
DPTR FM NORMAL:  -7.3   DPTR FM NORMAL:    0.05    2 = FOG REDUCING VISIBILITY
HIGHEST:    79 ON  8    GRTST 24HR  0.56 ON 20-20      TO 1/4 MILE OR LESS
LOWEST:     19 ON 12                               3 = THUNDER
                        SNOW, ICE PELLETS, HAIL    4 = ICE PELLETS
                        TOTAL MONTH:   0.0 INCH    5 = HAIL
                        GRTST 24HR     0.0         6 = FREEZING RAIN OR DRIZZLE
                        GRTST DEPTH:   0           7 = DUSTSTORM OR SANDSTORM:
                                                       VSBY 1/2 MILE OR LESS
                                                   8 = SMOKE OR HAZE
[NO. OF DAYS WITH]      [WEATHER - DAYS WITH]      9 = BLOWING SNOW
                                                   X = TORNADO
MAX 32 OR BELOW:   1    0.01 INCH OR MORE:   8
MAX 90 OR ABOVE:   0    0.10 INCH OR MORE:   4
MIN 32 OR BELOW:  16    0.50 INCH OR MORE:   1
MIN  0 OR BELOW:   0    1.00 INCH OR MORE:   0

[HDD (BASE 65) ]
TOTAL THIS MO.   496    CLEAR  (SCALE 0-3)  13
DPTR FM NORMAL   152    PTCLDY (SCALE 4-7)   5
TOTAL FM JUL 1   671    CLOUDY (SCALE 8-10)  4
DPTR FM NORMAL   103

[CDD (BASE 65) ]
TOTAL THIS MO.     0
DPTR FM NORMAL     0    [PRESSURE DATA]
TOTAL FM JAN 1   399    HIGHEST SLP M ON M
DPTR FM NORMAL  -234    LOWEST  SLP 29.39 ON M

[REMARKS]
