000
CXUS56 KMFR 181000
CF6RBG
PRELIMINARY LOCAL CLIMATOLOGICAL DATA (WS FORM: F-6)

                                          STATION:   ROSEBURG OR
                                          MONTH:     SEPTEMBER
                                          YEAR:      2018
                                          LATITUDE:   43 13 N
                                          LONGITUDE: 123 22 W

  TEMPERATURE IN F:       :PCPN:    SNOW:  WIND      :SUNSHINE: SKY     :PK WND
================================================================================
1   2   3   4   5  6A  6B    7    8   9   10  11  12  13   14  15   16   17  18
                                     12Z  AVG MX 2MIN
DY MAX MIN AVG DEP HDD CDD  WTR  SNW DPTH SPD SPD DIR MIN PSBL S-S WX    SPD DR
================================================================================

 1  81  51  66  -2   0   1 0.00    M    M  6.6 20  10   M    M   0        25  10
 2  85  49  67  -1   0   2 0.00    M    M  6.0 20  20   M    M   0        26  20
 3  84  56  70   2   0   5 0.00    M    M  7.8 22 360   M    M   0        28  10
 4  85  55  70   2   0   5 0.00    M    M  6.2 18  20   M    M   0        23  10
 5  91  53  72   5   0   7 0.00    M    M  2.3 12 320   M    M   0        16 310
 6  87  54  71   4   0   6 0.00    M    M  2.6 14 350   M    M   0        17  10
 7  86  51  69   2   0   4 0.00    M    M  2.4 17 340   M    M   0        23 320
 8  81  57  69   2   0   4    T    M    M  3.0 13 310   M    M   5        19 290
 9  82  50  66  -1   0   1 0.00    M    M  3.1 14  10   M    M   0        20 260
10  76  53  65  -1   0   0 0.00    M    M  3.2 13 300   M    M   5        18 310
11  73  51  62  -4   3   0 0.00    M    M  3.0 13 330   M    M   6        17  10
12  69  51  60  -6   5   0 0.06    M    M  1.8  9  10   M    M   6 1      13 320
13  73  48  61  -5   4   0 0.00    M    M  3.2 10 340   M    M   6 12     14 360
14  74  50  62  -4   3   0 0.00    M    M  2.6 13 360   M    M   3 8      16 330
15  73  46  60  -5   5   0 0.00    M    M  2.1 13  10   M    M   2        15  10
16  69  52  61  -4   4   0    T    M    M  2.2  9 320   M    M   8        14 320
17  72  50  61  -4   4   0 0.00    M    M  4.0 14 320   M    M   4        18  10
================================================================================
SM 1341  877        28  35  0.06    M     62.1          M       45
================================================================================
AV 78.9 51.6                               3.7 FASTST   M    M   3    MAX(MPH)
                                 MISC ---->  # 22 360               # 28   10
================================================================================
NOTES:
# LAST OF SEVERAL OCCURRENCES

COLUMN 17 PEAK WIND IN M.P.H.

PRELIMINARY LOCAL CLIMATOLOGICAL DATA (WS FORM: F-6) , PAGE 2

                                          STATION:  ROSEBURG OR
                                          MONTH:    SEPTEMBER
                                          YEAR:     2018
                                          LATITUDE:   43 13 N
                                          LONGITUDE: 123 22 W

[TEMPERATURE DATA]      [PRECIPITATION DATA]       SYMBOLS USED IN COLUMN 16

AVERAGE MONTHLY: 65.2   TOTAL FOR MONTH:   0.06    1 = FOG OR MIST
DPTR FM NORMAL:  -1.4   DPTR FM NORMAL:   -0.38    2 = FOG REDUCING VISIBILITY
HIGHEST:    91 ON  5    GRTST 24HR  0.06 ON 12-12      TO 1/4 MILE OR LESS
LOWEST:     46 ON 15                               3 = THUNDER
                        SNOW, ICE PELLETS, HAIL    4 = ICE PELLETS
                        TOTAL MONTH:    M          5 = HAIL
                        GRTST 24HR    M  ON   M    6 = FREEZING RAIN OR DRIZZLE
                        GRTST DEPTH:  M  ON   M    7 = DUSTSTORM OR SANDSTORM:
                                                       VSBY 1/2 MILE OR LESS
                                                   8 = SMOKE OR HAZE
[NO. OF DAYS WITH]      [WEATHER - DAYS WITH]      9 = BLOWING SNOW
                                                   X = TORNADO
MAX 32 OR BELOW:   0    0.01 INCH OR MORE:   1
MAX 90 OR ABOVE:   1    0.10 INCH OR MORE:   0
MIN 32 OR BELOW:   0    0.50 INCH OR MORE:   0
MIN  0 OR BELOW:   0    1.00 INCH OR MORE:   0

[HDD (BASE 65) ]
TOTAL THIS MO.    28    CLEAR  (SCALE 0-3)   9
DPTR FM NORMAL     6    PTCLDY (SCALE 4-7)   8
TOTAL FM JUL 1    30    CLOUDY (SCALE 8-10)  0
DPTR FM NORMAL   -13

[CDD (BASE 65) ]
TOTAL THIS MO.    35
DPTR FM NORMAL   -15    [PRESSURE DATA]
TOTAL FM JAN 1   678    HIGHEST SLP  0.00 ON  3
DPTR FM NORMAL   217    LOWEST  SLP 29.80 ON  4

[REMARKS]
