000
CXUS56 KMFR 181000
CF6RBG
PRELIMINARY LOCAL CLIMATOLOGICAL DATA (WS FORM: F-6)

                                          STATION:   ROSEBURG OR
                                          MONTH:     DECEMBER
                                          YEAR:      2018
                                          LATITUDE:   43 13 N
                                          LONGITUDE: 123 22 W

  TEMPERATURE IN F:       :PCPN:    SNOW:  WIND      :SUNSHINE: SKY     :PK WND
================================================================================
1   2   3   4   5  6A  6B    7    8   9   10  11  12  13   14  15   16   17  18
                                     12Z  AVG MX 2MIN
DY MAX MIN AVG DEP HDD CDD  WTR  SNW DPTH SPD SPD DIR MIN PSBL S-S WX    SPD DR
================================================================================

 1  49  40  45   2  20   0 0.33    M    M  2.9 14 290   M    M   8 1      19 160
 2  50  36  43   0  22   0 0.03    M    M  1.9  8 150   M    M   5 128    10 150
 3  49  30  40  -3  25   0 0.00    M    M  1.5  7 140   M    M   4 12      8 150
 4  43  32  38  -5  27   0 0.00    M    M  1.9 10  10   M    M   5 12     15 340
 5  42  33  38  -5  27   0 0.00    M    M  1.6  7 140   M    M   8 128     9 130
 6  35  30  33 -10  32   0 0.00    M    M  0.8  6 230   M    M  10 12      7 280
 7  40  31  36  -6  29   0 0.17    M    M  1.7  7 230   M    M   8 128     8 240
 8  52  36  44   2  21   0 0.05    M    M  0.4  5 110   M    M   8 128     6 220
 9  47  38  43   1  22   0 0.16    M    M  1.0  9 160   M    M  10 128    11 160
10  50  43  47   5  18   0 0.02    M    M  1.2  7 160   M    M  10 12      8 170
11  54  43  49   7  16   0 0.24    M    M  2.6 14 270   M    M  10 1      24 270
12  49  36  43   1  22   0 0.02    M    M  0.8  7 240   M    M   4 12     11 260
13  54  33  44   2  21   0 0.00    M    M  0.5  7 160   M    M   1 128     9 160
14  56  30  43   1  22   0 0.26    M    M  2.7 35 230   M    M   7 12     50 220
15  48  36  42   0  23   0    T    M    M  0.6  6 120   M    M   9 12      6 220
16  59  43  51   9  14   0 0.36    M    M  2.4 15 260   M    M   7 12     22 180
17  56  41  49   7  16   0 0.02    M    M  4.6 18 170   M    M   8 12     28 160
================================================================================
SM  833  611       377   0  1.66    M     29.1          M      122
================================================================================
AV 49.0 35.9                               1.7 FASTST   M    M   7    MAX(MPH)
                                 MISC ---->  # 35 230               # 50  220
================================================================================
NOTES:
# LAST OF SEVERAL OCCURRENCES

COLUMN 17 PEAK WIND IN M.P.H.

PRELIMINARY LOCAL CLIMATOLOGICAL DATA (WS FORM: F-6) , PAGE 2

                                          STATION:  ROSEBURG OR
                                          MONTH:    DECEMBER
                                          YEAR:     2018
                                          LATITUDE:   43 13 N
                                          LONGITUDE: 123 22 W

[TEMPERATURE DATA]      [PRECIPITATION DATA]       SYMBOLS USED IN COLUMN 16

AVERAGE MONTHLY: 42.5   TOTAL FOR MONTH:   1.66    1 = FOG OR MIST
DPTR FM NORMAL:   0.1   DPTR FM NORMAL:   -1.66    2 = FOG REDUCING VISIBILITY
HIGHEST:    59 ON 16    GRTST 24HR  0.63 ON 30- 1      TO 1/4 MILE OR LESS
LOWEST:     30 ON 14, 6                            3 = THUNDER
                        SNOW, ICE PELLETS, HAIL    4 = ICE PELLETS
                        TOTAL MONTH:    M          5 = HAIL
                        GRTST 24HR    M  ON   M    6 = FREEZING RAIN OR DRIZZLE
                        GRTST DEPTH:  M  ON   M    7 = DUSTSTORM OR SANDSTORM:
                                                       VSBY 1/2 MILE OR LESS
                                                   8 = SMOKE OR HAZE
[NO. OF DAYS WITH]      [WEATHER - DAYS WITH]      9 = BLOWING SNOW
                                                   X = TORNADO
MAX 32 OR BELOW:   0    0.01 INCH OR MORE:  11
MAX 90 OR ABOVE:   0    0.10 INCH OR MORE:   6
MIN 32 OR BELOW:   5    0.50 INCH OR MORE:   0
MIN  0 OR BELOW:   0    1.00 INCH OR MORE:   0

[HDD (BASE 65) ]
TOTAL THIS MO.   377    CLEAR  (SCALE 0-3)   1
DPTR FM NORMAL    -8    PTCLDY (SCALE 4-7)   9
TOTAL FM JUL 1  1148    CLOUDY (SCALE 8-10)  7
DPTR FM NORMAL  -166

[CDD (BASE 65) ]
TOTAL THIS MO.     0
DPTR FM NORMAL     0    [PRESSURE DATA]
TOTAL FM JAN 1   692    HIGHEST SLP  0.00 ON M
DPTR FM NORMAL   212    LOWEST  SLP 29.80 ON 16

[REMARKS]
