000
CXUS56 KMFR 201000
CF6RBG
PRELIMINARY LOCAL CLIMATOLOGICAL DATA (WS FORM: F-6)

                                          STATION:   ROSEBURG OR
                                          MONTH:     OCTOBER
                                          YEAR:      2019
                                          LATITUDE:   43 13 N
                                          LONGITUDE: 123 22 W

  TEMPERATURE IN F:       :PCPN:    SNOW:  WIND      :SUNSHINE: SKY     :PK WND
================================================================================
1   2   3   4   5  6A  6B    7    8   9   10  11  12  13   14  15   16   17  18
                                     12Z  AVG MX 2MIN
DY MAX MIN AVG DEP HDD CDD  WTR  SNW DPTH SPD SPD DIR MIN PSBL S-S WX    SPD DR
================================================================================

 1  61  41  51  -9  14   0 0.00    M    M  1.6 12  10   M    M   3        15  10
 2  63  38  51  -9  14   0 0.03    M    M  0.7  8 280   M    M   3 1      10 290
 3  63  48  56  -4   9   0 0.07    M    M  2.0 13 360   M    M   7        16  10
 4  66  47  57  -3   8   0 0.01    M    M  1.2 12 360   M    M   5        14  10
 5  68  43  56  -3   9   0 0.00    M    M  3.1 14 360   M    M   3        19 360
 6  70  42  56  -3   9   0 0.00    M    M  2.3 10  10   M    M   3        13 340
 7  74  43  59   1   6   0 0.00    M    M  1.9 12  10   M    M   3        14  10
 8  63  43  53  -5  12   0    T    M    M  5.3 16 290   M    M   7        22 310
 9  59  38  49  -9  16   0 0.00    M    M  3.9 17  10   M    M   2 1      25  30
10  65  33  49  -9  16   0 0.00    M    M  1.9 12 350   M    M   1 12     14  10
11  72  34  53  -4  12   0 0.00    M    M  0.8  7 350   M    M   1 12      9 340
12  68  37  53  -4  12   0 0.00    M    M  0.6  6 230   M    M   0 1       8 220
13  69  44  57   1   8   0 0.00    M    M  3.0 15  10   M    M   3        21 360
14  63  47  55  -1  10   0 0.00    M    M  3.3  8 360   M    M   5         M  M
15  66  42  54  -2  11   0 0.00    M    M  1.4 10 360   M    M   4 12     13  20
16  63  49  56   1   9   0 0.17    M    M  1.4  8 120   M    M   5 1      11 210
17  61  43  52  -3  13   0 0.20    M    M  2.7 12 220   M    M   6 1      16 210
18  62  49  56   1   9   0 0.10    M    M  2.0 10 150   M    M   9 1      16 140
19  59  48  54   0  11   0 0.20    M    M  2.3  9 280   M    M   8 1      14 230
================================================================================
SM 1235  809       208   0  0.78    M     41.4          M       78
================================================================================
AV 65.0 42.6                               2.2 FASTST   M    M   4    MAX(MPH)
                                 MISC ---->  # 17  10               # 25   30
================================================================================
NOTES:
# LAST OF SEVERAL OCCURRENCES

COLUMN 17 PEAK WIND IN M.P.H.

PRELIMINARY LOCAL CLIMATOLOGICAL DATA (WS FORM: F-6) , PAGE 2

                                          STATION:  ROSEBURG OR
                                          MONTH:    OCTOBER
                                          YEAR:     2019
                                          LATITUDE:   43 13 N
                                          LONGITUDE: 123 22 W

[TEMPERATURE DATA]      [PRECIPITATION DATA]       SYMBOLS USED IN COLUMN 16

AVERAGE MONTHLY: 53.8   TOTAL FOR MONTH:   0.78    1 = FOG OR MIST
DPTR FM NORMAL:  -3.6   DPTR FM NORMAL:   -0.43    2 = FOG REDUCING VISIBILITY
HIGHEST:    74 ON  7    GRTST 24HR  0.20 ON 19-19      TO 1/4 MILE OR LESS
LOWEST:     33 ON 10                               3 = THUNDER
                        SNOW, ICE PELLETS, HAIL    4 = ICE PELLETS
                        TOTAL MONTH:    M          5 = HAIL
                        GRTST 24HR    M  ON   M    6 = FREEZING RAIN OR DRIZZLE
                        GRTST DEPTH:  M  ON   M    7 = DUSTSTORM OR SANDSTORM:
                                                       VSBY 1/2 MILE OR LESS
                                                   8 = SMOKE OR HAZE
[NO. OF DAYS WITH]      [WEATHER - DAYS WITH]      9 = BLOWING SNOW
                                                   X = TORNADO
MAX 32 OR BELOW:   0    0.01 INCH OR MORE:   7
MAX 90 OR ABOVE:   0    0.10 INCH OR MORE:   4
MIN 32 OR BELOW:   0    0.50 INCH OR MORE:   0
MIN  0 OR BELOW:   0    1.00 INCH OR MORE:   0

[HDD (BASE 65) ]
TOTAL THIS MO.   208    CLEAR  (SCALE 0-3)   7
DPTR FM NORMAL    61    PTCLDY (SCALE 4-7)  11
TOTAL FM JUL 1   286    CLOUDY (SCALE 8-10)  1
DPTR FM NORMAL    50

[CDD (BASE 65) ]
TOTAL THIS MO.     0
DPTR FM NORMAL    -2    [PRESSURE DATA]
TOTAL FM JAN 1   680    HIGHEST SLP  0.00 ON 14
DPTR FM NORMAL   202    LOWEST  SLP 29.81 ON 16

[REMARKS]
