000
CXUS56 KMFR 181000
CF6RBG
PRELIMINARY LOCAL CLIMATOLOGICAL DATA (WS FORM: F-6)

                                          STATION:   ROSEBURG OR
                                          MONTH:     JUNE
                                          YEAR:      2018
                                          LATITUDE:   43 13 N
                                          LONGITUDE: 123 22 W

  TEMPERATURE IN F:       :PCPN:    SNOW:  WIND      :SUNSHINE: SKY     :PK WND
================================================================================
1   2   3   4   5  6A  6B    7    8   9   10  11  12  13   14  15   16   17  18
                                     12Z  AVG MX 2MIN
DY MAX MIN AVG DEP HDD CDD  WTR  SNW DPTH SPD SPD DIR MIN PSBL S-S WX    SPD DR
================================================================================

 1  78  43  61   0   4   0 0.00    M    M  2.5 12 340   M    M   0        18  10
 2  86  48  67   6   0   2 0.00    M    M  3.4 13 360   M    M   0        17  20
 3  78  52  65   3   0   0 0.00    M    M  4.9 15 320   M    M   0        23 320
 4  74  48  61  -1   4   0 0.00    M    M  4.7 17  10   M    M   2        23  10
 5  76  46  61  -1   4   0 0.00    M    M  3.3 15 350   M    M   0        19  10
 6  80  47  64   2   1   0 0.00    M    M  4.6 15 360   M    M   0        20 350
 7  75  54  65   3   0   0 0.00    M    M  4.3 13 360   M    M   5 8      16 310
 8  75  48  62   0   3   0 0.20    M    M  2.4 13 330   M    M   3 1      18 340
 9  60  49  55  -7  10   0 0.37    M    M  4.0 15 320   M    M   8 18     23 350
10  64  45  55  -8  10   0 0.03    M    M  3.8 12 160   M    M   9 1      15 220
11  76  54  65   2   0   0 0.01    M    M  5.9 16  10   M    M   4        21 350
12  86  49  68   5   0   3 0.00    M    M  3.6 15 310   M    M   0        22  10
13  72  50  61  -2   4   0 0.00    M    M  4.5 18 360   M    M   8        23 360
14  74  51  63   0   2   0 0.00    M    M  6.9 16  10   M    M   3        22  10
15  73  49  61  -3   4   0 0.00    M    M  8.0 21 360   M    M   4        26 360
16  75  55  65   1   0   0 0.00    M    M  8.7 22  20   M    M   5        27  20
17  87  52  70   6   0   5 0.01    M    M  5.6 20  20   M    M   1        24  90
================================================================================
SM 1289  840        46  10  0.62    M     81.1          M       52
================================================================================
AV 75.8 49.4                               4.8 FASTST   M    M   3    MAX(MPH)
                                 MISC ---->  # 22  20               # 27   20
================================================================================
NOTES:
# LAST OF SEVERAL OCCURRENCES

COLUMN 17 PEAK WIND IN M.P.H.

PRELIMINARY LOCAL CLIMATOLOGICAL DATA (WS FORM: F-6) , PAGE 2

                                          STATION:  ROSEBURG OR
                                          MONTH:    JUNE
                                          YEAR:     2018
                                          LATITUDE:   43 13 N
                                          LONGITUDE: 123 22 W

[TEMPERATURE DATA]      [PRECIPITATION DATA]       SYMBOLS USED IN COLUMN 16

AVERAGE MONTHLY: 62.6   TOTAL FOR MONTH:   0.62    1 = FOG OR MIST
DPTR FM NORMAL:   0.1   DPTR FM NORMAL:   -0.33    2 = FOG REDUCING VISIBILITY
HIGHEST:    87 ON 17    GRTST 24HR  0.37 ON  9- 9      TO 1/4 MILE OR LESS
LOWEST:     43 ON  1                               3 = THUNDER
                        SNOW, ICE PELLETS, HAIL    4 = ICE PELLETS
                        TOTAL MONTH:    M          5 = HAIL
                        GRTST 24HR    M  ON   M    6 = FREEZING RAIN OR DRIZZLE
                        GRTST DEPTH:  M  ON   M    7 = DUSTSTORM OR SANDSTORM:
                                                       VSBY 1/2 MILE OR LESS
                                                   8 = SMOKE OR HAZE
[NO. OF DAYS WITH]      [WEATHER - DAYS WITH]      9 = BLOWING SNOW
                                                   X = TORNADO
MAX 32 OR BELOW:   0    0.01 INCH OR MORE:   5
MAX 90 OR ABOVE:   0    0.10 INCH OR MORE:   2
MIN 32 OR BELOW:   0    0.50 INCH OR MORE:   0
MIN  0 OR BELOW:   0    1.00 INCH OR MORE:   0

[HDD (BASE 65) ]
TOTAL THIS MO.    46    CLEAR  (SCALE 0-3)  10
DPTR FM NORMAL   -15    PTCLDY (SCALE 4-7)   6
TOTAL FM JUL 1  3768    CLOUDY (SCALE 8-10)  1
DPTR FM NORMAL  -276

[CDD (BASE 65) ]
TOTAL THIS MO.    10
DPTR FM NORMAL    -7    [PRESSURE DATA]
TOTAL FM JAN 1    33    HIGHEST SLP  0.00 ON M
DPTR FM NORMAL    -4    LOWEST  SLP  0.00 ON 16

[REMARKS]
