000
CXUS56 KPDT 171832
CF6RDM
PRELIMINARY LOCAL CLIMATOLOGICAL DATA (WS FORM: F-6)

                                          STATION:   REDMOND OR
                                          MONTH:     OCTOBER
                                          YEAR:      2018
                                          LATITUDE:   44 16 N
                                          LONGITUDE: 121  9 W

  TEMPERATURE IN F:       :PCPN:    SNOW:  WIND      :SUNSHINE: SKY     :PK WND
================================================================================
1   2   3   4   5  6A  6B    7    8   9   10  11  12  13   14  15   16   17  18
                                     12Z  AVG MX 2MIN
DY MAX MIN AVG DEP HDD CDD  WTR  SNW DPTH SPD SPD DIR MIN PSBL S-S WX    SPD DR
================================================================================

 1  68  34  51  -1  14   0 0.00  0.0    0  4.6 15 220   M    M   5        20 220
 2  75  48  62  10   3   0    T  0.0    0  7.8 22 290   M    M   4        29 290
 3  63  29  46  -6  19   0 0.00  0.0    0  6.0 13 320   M    M   1 8      17 330
 4  64  28  46  -5  19   0 0.00  0.0    0  6.0 21 290   M    M   3        26 300
 5  53  27  40 -11  25   0 0.05  0.0    0  6.4 21 170   M    M   5        26 170
 6  54  33  44  -7  21   0 0.12  0.0    0  7.0 17 350   M    M   8 1      22 360
 7  60  32  46  -4  19   0 0.00  0.0    0  3.2  9 340   M    M   7 12     12  20
 8  63  47  55   5  10   0 0.01  0.0    0  3.2  8 300   M    M  10 1      11  80
 9  61  43  52   2  13   0 0.01  0.0    0 11.4 28 290   M    M   7 1      37 290
10  53  29  41  -8  24   0    T  0.0    0  3.0  8 350   M    M   8 8      10 350
11  62  24  43  -6  22   0 0.00  0.0    0  3.6 12 350   M    M   0        15  10
12  75  27  51   2  14   0 0.00  0.0    0  3.1  9  10   M    M   0        12  10
13  62  25  44  -4  21   0 0.00  0.0    0  4.0 16  20   M    M   0        21 350
14  62  21  42  -6  23   0 0.00  0.0    0  3.8 15 140   M    M   0 8      22  90
15  71  18  45  -3  20   0 0.00  0.0    0  4.0 13 310   M    M   0 8      15 330
16  66  22  44  -3  21   0 0.00  0.0    0  5.5 12 330   M    M   0        16 340
================================================================================
SM 1012  487       288   0  0.19     0.0  82.6          M       58
================================================================================
AV 63.3 30.4                               5.2 FASTST   M    M   4    MAX(MPH)
                                 MISC ---->  # 28 290               # 37  290
================================================================================
NOTES:
# LAST OF SEVERAL OCCURRENCES

COLUMN 17 PEAK WIND IN M.P.H.

PRELIMINARY LOCAL CLIMATOLOGICAL DATA (WS FORM: F-6) , PAGE 2

                                          STATION:  REDMOND OR
                                          MONTH:    OCTOBER
                                          YEAR:     2018
                                          LATITUDE:   44 16 N
                                          LONGITUDE: 121  9 W

[TEMPERATURE DATA]      [PRECIPITATION DATA]       SYMBOLS USED IN COLUMN 16

AVERAGE MONTHLY: 46.8   TOTAL FOR MONTH:   0.19    1 = FOG OR MIST
DPTR FM NORMAL:  -3.0   DPTR FM NORMAL:   -0.09    2 = FOG REDUCING VISIBILITY
HIGHEST:    75 ON 12, 2 GRTST 24HR  0.12 ON  6- 6      TO 1/4 MILE OR LESS
LOWEST:     18 ON 15                               3 = THUNDER
                        SNOW, ICE PELLETS, HAIL    4 = ICE PELLETS
                        TOTAL MONTH:   0.0 INCH    5 = HAIL
                        GRTST 24HR     0.0         6 = FREEZING RAIN OR DRIZZLE
                        GRTST DEPTH:   0           7 = DUSTSTORM OR SANDSTORM:
                                                       VSBY 1/2 MILE OR LESS
                                                   8 = SMOKE OR HAZE
[NO. OF DAYS WITH]      [WEATHER - DAYS WITH]      9 = BLOWING SNOW
                                                   X = TORNADO
MAX 32 OR BELOW:   0    0.01 INCH OR MORE:   4
MAX 90 OR ABOVE:   0    0.10 INCH OR MORE:   1
MIN 32 OR BELOW:  11    0.50 INCH OR MORE:   0
MIN  0 OR BELOW:   0    1.00 INCH OR MORE:   0

[HDD (BASE 65) ]
TOTAL THIS MO.   288    CLEAR  (SCALE 0-3)   8
DPTR FM NORMAL    45    PTCLDY (SCALE 4-7)   6
TOTAL FM JUL 1   620    CLOUDY (SCALE 8-10)  2
DPTR FM NORMAL   -22

[CDD (BASE 65) ]
TOTAL THIS MO.     0
DPTR FM NORMAL     0    [PRESSURE DATA]
TOTAL FM JAN 1   365    HIGHEST SLP M ON M
DPTR FM NORMAL   143    LOWEST  SLP 29.58 ON  2

[REMARKS]
