000
CXUS56 KPDT 251832
CF6RDM
PRELIMINARY LOCAL CLIMATOLOGICAL DATA (WS FORM: F-6)

                                          STATION:   REDMOND OR
                                          MONTH:     FEBRUARY
                                          YEAR:      2020
                                          LATITUDE:   44 16 N
                                          LONGITUDE: 121  9 W

  TEMPERATURE IN F:       :PCPN:    SNOW:  WIND      :SUNSHINE: SKY     :PK WND
================================================================================
1   2   3   4   5  6A  6B    7    8   9   10  11  12  13   14  15   16   17  18
                                     12Z  AVG MX 2MIN
DY MAX MIN AVG DEP HDD CDD  WTR  SNW DPTH SPD SPD DIR MIN PSBL S-S WX    SPD DR
================================================================================

 1  61  35  48  14  17   0 0.03    M    M 13.0 29 170   M    M   5        42 170
 2  40  18  29  -5  36   0 0.02    M    M  5.2 18 350   M    M   5        23  10
 3  38  14  26  -8  39   0 0.02    M    M  5.4 17 360   M    M   3        21 350
 4  33  14  24 -10  41   0 0.05    M    M  5.3  9 150   M    M   4 1      12 150
 5  50  30  40   6  25   0 0.00    M    M  8.0 21 270   M    M   8        27 280
 6  57  44  51  17  14   0 0.00    M    M 16.0 33 280   M    M   3        41 280
 7  59  36  48  14  17   0 0.00    M    M  7.4 22 220   M    M   2        27 220
 8  46  22  34   0  31   0    T    M    M 14.7 32 290   M    M   2        39 280
 9  47  19  33  -2  32   0 0.00    M    M  2.0  7 170   M    M   2         9 170
10  50  18  34  -1  31   0 0.00    M    M  3.4 10 340   M    M   0        14 330
11  54  21  38   3  27   0 0.00    M    M  8.9 25 290   M    M   0        32 290
12  52  20  36   1  29   0 0.00    M    M  3.3  8 180   M    M   0        11  90
13  62  17  40   5  25   0 0.00    M    M  6.9 22 300   M    M   3        27 310
14  48  27  38   3  27   0 0.00    M    M  7.8 20 310   M    M   3        27 300
15  42  33  38   3  27   0 0.06    M    M  5.3 10  90   M    M   9 1      14  90
16  48  27  38   3  27   0 0.00    M    M 10.8 26 290   M    M   4        34 290
17  45  17  31  -4  34   0    T    M    M  4.4 13 250   M    M   1        17 260
18  45   9  27  -9  38   0 0.00    M    M  4.6 14 330   M    M   0        17 350
19  50   9  30  -6  35   0 0.00    M    M  5.3 13 100   M    M   0        19  90
20  55  15  35  -1  30   0 0.00    M    M  4.6 14 130   M    M   0        21 160
21  61  14  38   2  27   0 0.00    M    M  2.5 10 170   M    M   0        13 170
22  60  21  41   5  24   0 0.00    M    M  3.5 10 290   M    M   0        15 320
23  56  29  43   7  22   0    T    M    M 13.4 40 290   M    M   4        50 300
24  49  21  35  -1  30   0 0.00  0.0    0  5.3 14 340   M    M   0        21 290
================================================================================
SM 1208  530       685   0  0.18     0.0 167.0          M       58
================================================================================
AV 50.3 22.1                               7.0 FASTST   M    M   2    MAX(MPH)
                                 MISC ---->  # 40 290               # 50  300
================================================================================
NOTES:
# LAST OF SEVERAL OCCURRENCES

COLUMN 17 PEAK WIND IN M.P.H.

PRELIMINARY LOCAL CLIMATOLOGICAL DATA (WS FORM: F-6) , PAGE 2

                                          STATION:  REDMOND OR
                                          MONTH:    FEBRUARY
                                          YEAR:     2020
                                          LATITUDE:   44 16 N
                                          LONGITUDE: 121  9 W

[TEMPERATURE DATA]      [PRECIPITATION DATA]       SYMBOLS USED IN COLUMN 16

AVERAGE MONTHLY: 36.2   TOTAL FOR MONTH:   0.18    1 = FOG OR MIST
DPTR FM NORMAL:   1.2   DPTR FM NORMAL:   -0.38    2 = FOG REDUCING VISIBILITY
HIGHEST:    62 ON 13    GRTST 24HR  0.06 ON 15-15      TO 1/4 MILE OR LESS
LOWEST:      9 ON 19,18                            3 = THUNDER
                        SNOW, ICE PELLETS, HAIL    4 = ICE PELLETS
                        TOTAL MONTH:   0.0 INCH    5 = HAIL
                        GRTST 24HR     0.0         6 = FREEZING RAIN OR DRIZZLE
                        GRTST DEPTH:   0           7 = DUSTSTORM OR SANDSTORM:
                                                       VSBY 1/2 MILE OR LESS
                                                   8 = SMOKE OR HAZE
[NO. OF DAYS WITH]      [WEATHER - DAYS WITH]      9 = BLOWING SNOW
                                                   X = TORNADO
MAX 32 OR BELOW:   0    0.01 INCH OR MORE:   5
MAX 90 OR ABOVE:   0    0.10 INCH OR MORE:   0
MIN 32 OR BELOW:  20    0.50 INCH OR MORE:   0
MIN  0 OR BELOW:   0    1.00 INCH OR MORE:   0

[HDD (BASE 65) ]
TOTAL THIS MO.   685    CLEAR  (SCALE 0-3)  17
DPTR FM NORMAL   -36    PTCLDY (SCALE 4-7)   6
TOTAL FM JUL 1  4100    CLOUDY (SCALE 8-10)  1
DPTR FM NORMAL  -461

[CDD (BASE 65) ]
TOTAL THIS MO.     0
DPTR FM NORMAL     0    [PRESSURE DATA]
TOTAL FM JAN 1     0    HIGHEST SLP M ON M
DPTR FM NORMAL     0    LOWEST  SLP 29.72 ON  7

[REMARKS]
