000
CXUS52 KRAH 240845
CF6RDU
PRELIMINARY LOCAL CLIMATOLOGICAL DATA (WS FORM: F-6)

                                          STATION:   RALEIGH-DURHAM INTL AIRPORT NC
                                          MONTH:     FEBRUARY
                                          YEAR:      2018
                                          LATITUDE:   35 52 N
                                          LONGITUDE:  78 47 W

  TEMPERATURE IN F:       :PCPN:    SNOW:  WIND      :SUNSHINE: SKY     :PK WND
================================================================================
1   2   3   4   5  6A  6B    7    8   9   10  11  12  13   14  15   16   17  18
                                     12Z  AVG MX 2MIN
DY MAX MIN AVG DEP HDD CDD  WTR  SNW DPTH SPD SPD DIR MIN PSBL S-S WX    SPD DR
================================================================================

 1  62  31  47   5  18   0 0.00  0.0    0 13.1 25 240   M    M   6        31 230
 2  57  24  41  -1  24   0 0.16  0.0    0  7.8 23 220   M    M   6 18     30 230
 3  42  18  30 -12  35   0 0.00  0.0    0  5.2 10 160   M    M   5        15  20
 4  56  33  45   2  20   0 0.61  0.0    0  6.4 28 170   M    M  10 1      37 170
 5  48  29  39  -4  26   0 0.00  0.0    0  4.1 14 330   M    M   4 1      23 330
 6  59  29  44   1  21   0 0.00  0.0    0  5.3 14 240   M    M   6        21 230
 7  65  44  55  12  10   0 0.21  0.0    0  8.4 22 190   M    M   9 1      30 200
 8  50  33  42  -1  23   0 0.00  0.0    0  3.4 13 360   M    M   5        21  20
 9  58  28  43   0  22   0 0.00  0.0    0  4.1 14 140   M    M   3 1      18 190
10  65  43  54  10  11   0 0.08  0.0    0  4.4 16 200   M    M   9 12     23 180
11  72  64  68  24   0   3    T  0.0    0 15.0 25 220   M    M  10        33 230
12  65  42  54  10  11   0 0.08  0.0    0  9.8 22  50   M    M  10 1      31  50
13  44  37  41  -3  24   0    T  0.0    0  8.7 17  50   M    M   9 1      22  50
14  58  37  48   4  17   0    T  0.0    0  6.5 15 220   M    M   8 18     25 210
15  75  54  65  21   0   0    T  0.0    0 14.4 23 230   M    M   8        28 220
16  81  56  69  24   0   4 0.02  0.0    0 13.3 26 230   M    M   7 1      33 230
17  56  40  48   3  17   0 0.06  0.0    0  7.0 20  90   M    M  10 1      26  80
18  61  39  50   5  15   0 0.02  0.0    0  5.1 14 130   M    M   5 12     21 110
19  50  40  45   0  20   0 0.30  0.0    0  2.4 12 120   M    M  10 12     16 130
20  72  50  61  16   4   0    T  0.0    0  3.3 13 200   M    M   9 12     17 190
21  77  63  70  24   0   5    T  0.0    0  8.9 21 230   M    M   7 1      24 230
22  78  61  70  24   0   5 0.00  0.0    0  9.9 18 230   M    M   5        25 230
23  70  52  61  15   4   0 0.00  0.0    0  4.8 12  60   M    M   5 12     18 110
================================================================================
SM 1421  947       322  17  1.54     0.0 171.3          M      166
================================================================================
AV 61.8 41.2                               7.4 FASTST   M    M   7    MAX(MPH)
                                 MISC ---->  # 28 170               # 37  170
================================================================================
NOTES:
# LAST OF SEVERAL OCCURRENCES

COLUMN 17 PEAK WIND IN M.P.H.

PRELIMINARY LOCAL CLIMATOLOGICAL DATA (WS FORM: F-6) , PAGE 2

                                          STATION:  RALEIGH-DURHAM INTL AIRPORT NC
                                          MONTH:    FEBRUARY
                                          YEAR:     2018
                                          LATITUDE:   35 52 N
                                          LONGITUDE:  78 47 W

[TEMPERATURE DATA]      [PRECIPITATION DATA]       SYMBOLS USED IN COLUMN 16

AVERAGE MONTHLY: 51.5   TOTAL FOR MONTH:   1.54    1 = FOG OR MIST
DPTR FM NORMAL:   7.5   DPTR FM NORMAL:   -1.08    2 = FOG REDUCING VISIBILITY
HIGHEST:    81 ON 16    GRTST 24HR  0.61 ON  4- 4      TO 1/4 MILE OR LESS
LOWEST:     18 ON  3                               3 = THUNDER
                        SNOW, ICE PELLETS, HAIL    4 = ICE PELLETS
                        TOTAL MONTH:   0.0 INCH    5 = HAIL
                        GRTST 24HR     0.0         6 = FREEZING RAIN OR DRIZZLE
                        GRTST DEPTH:   0           7 = DUSTSTORM OR SANDSTORM:
                                                       VSBY 1/2 MILE OR LESS
                                                   8 = SMOKE OR HAZE
[NO. OF DAYS WITH]      [WEATHER - DAYS WITH]      9 = BLOWING SNOW
                                                   X = TORNADO
MAX 32 OR BELOW:   0    0.01 INCH OR MORE:   9
MAX 90 OR ABOVE:   0    0.10 INCH OR MORE:   4
MIN 32 OR BELOW:   6    0.50 INCH OR MORE:   1
MIN  0 OR BELOW:   0    1.00 INCH OR MORE:   0

[HDD (BASE 65) ]
TOTAL THIS MO.   322    CLEAR  (SCALE 0-3)   1
DPTR FM NORMAL  -162    PTCLDY (SCALE 4-7)  11
TOTAL FM JUL 1  2466    CLOUDY (SCALE 8-10) 11
DPTR FM NORMAL   -15

[CDD (BASE 65) ]
TOTAL THIS MO.    17
DPTR FM NORMAL    17    [PRESSURE DATA]
TOTAL FM JAN 1    17    HIGHEST SLP M ON M
DPTR FM NORMAL    17    LOWEST  SLP 29.75 ON 16

[REMARKS]
