000
CXUS52 KRAH 230845
CF6RDU
PRELIMINARY LOCAL CLIMATOLOGICAL DATA (WS FORM: F-6)

                                          STATION:   RALEIGH NC
                                          MONTH:     MAY
                                          YEAR:      2022
                                          LATITUDE:   35 52 N
                                          LONGITUDE:  78 47 W

  TEMPERATURE IN F:       :PCPN:    SNOW:  WIND      :SUNSHINE: SKY     :PK WND
================================================================================
1   2   3   4   5  6A  6B    7    8   9   10  11  12  13   14  15   16   17  18
                                     12Z  AVG MX 2MIN
DY MAX MIN AVG DEP HDD CDD  WTR  SNW DPTH SPD SPD DIR MIN PSBL S-S WX    SPD DR
================================================================================

 1  83  50  67   2   0   2 0.82  0.0    0  6.3 18 250   M    M   7 13     24 250
 2  84  64  74   9   0   9 0.00  0.0    0  6.8 16 250   M    M   6        21 230
 3  89  65  77  11   0  12    T  0.0    0  8.8 18 230   M    M   7        22 240
 4  88  67  78  12   0  13    T  0.0    0  8.7 17 220   M    M   7        22 230
 5  76  62  69   3   0   4 0.00  0.0    0  8.4 16  50   M    M   8        26  30
 6  85  62  74   8   0   9 0.97    T    0  7.8 47 220   M    M   9 135    64 220
 7  75  53  64  -3   1   0 0.02  0.0    0  8.8 20  40   M    M   6 3      31  40
 8  53  47  50 -17  15   0 0.01  0.0    0  9.4 18  30   M    M  10 1      28  30
 9  71  44  58  -9   7   0 0.00  0.0    0  7.1 20  40   M    M   1        26  30
10  75  48  62  -5   3   0 0.00  0.0    0  9.4 23  40   M    M   3        29  30
11  77  53  65  -3   0   0 0.00  0.0    0 11.2 24  50   M    M   3        31 360
12  70  62  66  -2   0   1 0.07  0.0    0 10.7 20  40   M    M  10 1      27  40
13  78  63  71   3   0   6    T  0.0    0  6.9 14  90   M    M   9 1      20 120
14  80  64  72   4   0   7    T  0.0    0  2.4  9 210   M    M   7 12     12  40
15  86  61  74   5   0   9 0.00  0.0    0  5.4 14 230   M    M   6 1      19 230
16  87  64  76   7   0  11 0.01  0.0    0  7.4 23 230   M    M   7 3      28 230
17  84  53  69   0   0   4 0.00  0.0    M  4.4 18 240   M    M   2        26 230
18  87  55  71   2   0   6 0.00  0.0    0  6.3 20 210   M    M   6        28 220
19  92  70  81  11   0  16 0.01  0.0    0  9.3 20 240   M    M   8 3      25 230
20  96  66  81  11   0  16    T  0.0    0 10.4 22 240   M    M   6 3      33 230
21  93  69  81  11   0  16 0.29  0.0    0  7.7 38 240   M    M   6 13     47 240
22  90  69  80  10   0  15    T  0.0    0  8.9 29 210   M    M   7 3      36 210
================================================================================
SM 1799 1311        26 156  2.20    T    172.5          M      141
================================================================================
AV 81.8 59.6                               7.8 FASTST   M    M   6    MAX(MPH)
                                 MISC ---->    47 220                 64 220
================================================================================
NOTES:
# LAST OF SEVERAL OCCURRENCES

COLUMN 17 PEAK WIND IN M.P.H.

PRELIMINARY LOCAL CLIMATOLOGICAL DATA (WS FORM: F-6) , PAGE 2

                                          STATION:   RALEIGH NC
                                          MONTH:     MAY
                                          YEAR:      2022
                                          LATITUDE:   35 52 N
                                          LONGITUDE:  78 47 W

[TEMPERATURE DATA]      [PRECIPITATION DATA]       SYMBOLS USED IN COLUMN 16

AVERAGE MONTHLY: 70.7   TOTAL FOR MONTH:   2.20    1 = FOG OR MIST
DPTR FM NORMAL:   3.0   DPTR FM NORMAL:   -0.13    2 = FOG REDUCING VISIBILITY
HIGHEST:    96 ON 20    GRTST 24HR  0.97 ON  6- 6      TO 1/4 MILE OR LESS
LOWEST:     44 ON  9                               3 = THUNDER
                        SNOW, ICE PELLETS, HAIL    4 = ICE PELLETS
                        TOTAL MONTH:  T            5 = HAIL
                        GRTST 24HR   T   ON  6- 6  6 = FREEZING RAIN OR DRIZZLE
                        GRTST DEPTH:  0            7 = DUSTSTORM OR SANDSTORM:
                                                       VSBY 1/2 MILE OR LESS
                                                   8 = SMOKE OR HAZE
[NO. OF DAYS WITH]      [WEATHER - DAYS WITH]      9 = BLOWING SNOW
                                                   X = TORNADO
MAX 32 OR BELOW:   0    0.01 INCH OR MORE:   8
MAX 90 OR ABOVE:   4    0.10 INCH OR MORE:   3
MIN 32 OR BELOW:   0    0.50 INCH OR MORE:   2
MIN  0 OR BELOW:   0    1.00 INCH OR MORE:   0

[HDD (BASE 65) ]
TOTAL THIS MO.    26    CLEAR  (SCALE 0-3)   3
DPTR FM NORMAL   -15    PTCLDY (SCALE 4-7)  15
TOTAL FM JUL 1  2649    CLOUDY (SCALE 8-10)  4
DPTR FM NORMAL  -496

[CDD (BASE 65) ]
TOTAL THIS MO.   156
DPTR FM NORMAL    55    [PRESSURE DATA]
TOTAL FM JAN 1   258    HIGHEST SLP M ON M
DPTR FM NORMAL    89    LOWEST  SLP 29.52 ON  7

[REMARKS]
