000
CXUS52 KRAH 271345
CF6RDU
PRELIMINARY LOCAL CLIMATOLOGICAL DATA (WS FORM: F-6)

                                          STATION:   RALEIGH-DURHAM INTL AIRPORT NC
                                          MONTH:     JANUARY
                                          YEAR:      2020
                                          LATITUDE:   35 52 N
                                          LONGITUDE:  78 47 W

  TEMPERATURE IN F:       :PCPN:    SNOW:  WIND      :SUNSHINE: SKY     :PK WND
================================================================================
1   2   3   4   5  6A  6B    7    8   9   10  11  12  13   14  15   16   17  18
                                     12Z  AVG MX 2MIN
DY MAX MIN AVG DEP HDD CDD  WTR  SNW DPTH SPD SPD DIR MIN PSBL S-S WX    SPD DR
================================================================================

 1  55  35  45   4  20   0 0.00  0.0    0  4.4 16 260   M    M   3        22 260
 2  58  35  47   6  18   0 0.10  0.0    0  7.2 20 230   M    M   9 1      25 230
 3  58  46  52  11  13   0 1.53  0.0    0  3.6 14 230   M    M  10 12     17 230
 4  65  43  54  13  11   0 0.45  0.0    0  9.1 23 300   M    M   9 18     37 300
 5  51  37  44   4  21   0 0.00  0.0    0  7.7 17 280   M    M   0        29 280
 6  60  30  45   5  20   0 0.00  0.0    0  3.1 13 250   M    M   1        20 250
 7  52  30  41   1  24   0 0.07  0.0    0  5.2 18 290   M    M   6 1      30 310
 8  59  29  44   4  21   0 0.00  0.0    0  6.0 23 240   M    M   0        34 290
 9  51  30  41   1  24   0 0.00  0.0    0  6.0 15  90   M    M   5        19 150
10  65  41  53  13  12   0 0.00  0.0    0  4.5 12 150   M    M  10        15 140
11  72  57  65  25   0   0 0.02  0.0    0 13.0 26 200   M    M  10 1      35 190
12  70  63  67  27   0   2 0.31  0.0    0  9.1 30 180   M    M   9 13     42 180
13  67  63  65  24   0   0 0.46  0.0    0  5.4 13 200   M    M   9 1      17 190
14  69  59  64  23   1   0 0.34  0.0    0  5.4 17 230   M    M  10 13     22 240
15  70  57  64  23   1   0 0.00  0.0    0  4.4 10 130   M    M   9 12     14 130
16  64  46  55  14  10   0 0.00  0.0    0  7.8 16 310   M    M   8        29 300
17  47  36  42   1  23   0 0.00  0.0    0  6.9 17  50   M    M   6        26  20
18  49  36  43   2  22   0 0.14  0.0    0  6.4 14 170   M    M  10 1      19 180
19  56  32  44   3  21   0 0.01  0.0    0  9.1 16 300   M    M   5 1      24  20
20  39  26  33  -8  32   0 0.00  0.0    0  5.9 17  40   M    M   1        22  40
21  38  24  31 -10  34   0 0.00  0.0    0  8.0 18  40   M    M   2        23  50
22  46  24  35  -6  30   0 0.00  0.0    0  6.3 15  30   M    M   2        21  50
23  49  25  37  -4  28   0 0.00  0.0    0  4.6  9  30   M    M   8        12  30
24  65  39  52  11  13   0 0.21  0.0    0  9.8 20 160   M    M   9 1      28 150
25  59  39  49   8  16   0 0.55  0.0    0  5.2 14 270   M    M   5 1      21 230
26  54  32  43   1  22   0 0.00  0.0    0  4.2 14 270   M    M   2        19 260
================================================================================
SM 1488 1014       437   2  4.19     0.0 168.3          M      158
================================================================================
AV 57.2 39.0                               6.5 FASTST   M    M   6    MAX(MPH)
                                 MISC ---->  # 30 180               # 42  180
================================================================================
NOTES:
# LAST OF SEVERAL OCCURRENCES

COLUMN 17 PEAK WIND IN M.P.H.

PRELIMINARY LOCAL CLIMATOLOGICAL DATA (WS FORM: F-6) , PAGE 2

                                          STATION:  RALEIGH-DURHAM INTL AIRPORT NC
                                          MONTH:    JANUARY
                                          YEAR:     2020
                                          LATITUDE:   35 52 N
                                          LONGITUDE:  78 47 W

[TEMPERATURE DATA]      [PRECIPITATION DATA]       SYMBOLS USED IN COLUMN 16

AVERAGE MONTHLY: 48.1   TOTAL FOR MONTH:   4.19    1 = FOG OR MIST
DPTR FM NORMAL:   7.4   DPTR FM NORMAL:    1.25    2 = FOG REDUCING VISIBILITY
HIGHEST:    72 ON 11    GRTST 24HR  1.53 ON  3- 3      TO 1/4 MILE OR LESS
LOWEST:     24 ON 22,21                            3 = THUNDER
                        SNOW, ICE PELLETS, HAIL    4 = ICE PELLETS
                        TOTAL MONTH:   0.0 INCH    5 = HAIL
                        GRTST 24HR     0.0         6 = FREEZING RAIN OR DRIZZLE
                        GRTST DEPTH:   0           7 = DUSTSTORM OR SANDSTORM:
                                                       VSBY 1/2 MILE OR LESS
                                                   8 = SMOKE OR HAZE
[NO. OF DAYS WITH]      [WEATHER - DAYS WITH]      9 = BLOWING SNOW
                                                   X = TORNADO
MAX 32 OR BELOW:   0    0.01 INCH OR MORE:  12
MAX 90 OR ABOVE:   0    0.10 INCH OR MORE:   9
MIN 32 OR BELOW:  10    0.50 INCH OR MORE:   2
MIN  0 OR BELOW:   0    1.00 INCH OR MORE:   1

[HDD (BASE 65) ]
TOTAL THIS MO.   437    CLEAR  (SCALE 0-3)   7
DPTR FM NORMAL  -192    PTCLDY (SCALE 4-7)   8
TOTAL FM JUL 1  1543    CLOUDY (SCALE 8-10) 11
DPTR FM NORMAL  -337

[CDD (BASE 65) ]
TOTAL THIS MO.     2
DPTR FM NORMAL     2    [PRESSURE DATA]
TOTAL FM JAN 1     2    HIGHEST SLP M ON M
DPTR FM NORMAL     2    LOWEST  SLP 29.62 ON  4

[REMARKS]
