000
CXUS52 KRAH 251345
CF6RDU
PRELIMINARY LOCAL CLIMATOLOGICAL DATA (WS FORM: F-6)

                                          STATION:   RALEIGH-DURHAM INTL AIRPORT NC
                                          MONTH:     SEPTEMBER
                                          YEAR:      2018
                                          LATITUDE:   35 52 N
                                          LONGITUDE:  78 47 W

  TEMPERATURE IN F:       :PCPN:    SNOW:  WIND      :SUNSHINE: SKY     :PK WND
================================================================================
1   2   3   4   5  6A  6B    7    8   9   10  11  12  13   14  15   16   17  18
                                     12Z  AVG MX 2MIN
DY MAX MIN AVG DEP HDD CDD  WTR  SNW DPTH SPD SPD DIR MIN PSBL S-S WX    SPD DR
================================================================================

 1  93  71  82   6   0  17 0.19  0.0    0  4.8 21  80   M    M   6 13     25  40
 2  90  69  80   4   0  15    T  0.0    0  2.2 20 230   M    M   7 13     25 230
 3  91  69  80   4   0  15 0.00  0.0    0  1.1  7 110   M    M   4 1      13 120
 4  92  72  82   6   0  17 0.01  0.0    0  2.9 13  40   M    M   8 1      19 110
 5  91  71  81   6   0  16 0.00  0.0    0  4.0 12 110   M    M   4 1      15 160
 6  92  71  82   7   0  17 0.00  0.0    0  2.9  8 260   M    M   3        12 160
 7  92  71  82   7   0  17 0.03  0.0    0  2.6  9 170   M    M   5 13     14 170
 8  91  71  81   7   0  16 0.00  0.0    0  3.2 14  50   M    M   6        19  40
 9  80  67  74   0   0   9 0.15  0.0    0  5.4 13  40   M    M   9 1      17  30
10  88  67  78   4   0  13 0.26  0.0    0  4.4 23 230   M    M   8 13     28 230
11  88  68  78   4   0  13    T  0.0    0  2.9 15 110   M    M   7 13     19 140
12  88  72  80   7   0  15 0.13  0.0    0  5.1 13  30   M    M   7 13     21  40
13  81  74  78   5   0  13 0.28  0.0    0 11.1 21  20   M    M   9 1      31  40
14  79  73  76   3   0  11 2.50  0.0    0 20.3 33  40   M    M  10 1      48  50
15  77  73  75   3   0  10 1.85  0.0    0 15.9 30  80   M    M  10 1      39  90
16  76  73  75   3   0  10 0.90  0.0    0 14.9 23  80   M    M  10 1      33  80
17  88  72  80   8   0  15 1.32  0.0    0 11.7 23 170   M    M   8 13     34 130
18  85  71  78   7   0  13 0.00  0.0    0  6.9 16 250   M    M   6        22 250
19  88  65  77   6   0  12 0.00  0.0    0  1.8  9  40   M    M   2 1      14 340
20  87  67  77   7   0  12 0.00  0.0    0  4.2 12 110   M    M   4 1      16 140
21  83  70  77   7   0  12 0.00  0.0    0  5.0 10 170   M    M   6        13 150
22  88  67  78   8   0  13 0.00  0.0    0  4.5 10 230   M    M   2        14 160
23  76  64  70   1   0   5 0.00  0.0    0  5.3 13  40   M    M   8 12     17  40
24  74  64  69   0   0   4    T  0.0    0  5.9 12  40   M    M  10 1      15  50
================================================================================
SM 2058 1672         0 310  7.62     0.0 149.0          M      159
================================================================================
AV 85.8 69.7                               6.2 FASTST   M    M   7    MAX(MPH)
                                 MISC ---->  # 33  40               # 48   50
================================================================================
NOTES:
# LAST OF SEVERAL OCCURRENCES

COLUMN 17 PEAK WIND IN M.P.H.

PRELIMINARY LOCAL CLIMATOLOGICAL DATA (WS FORM: F-6) , PAGE 2

                                          STATION:  RALEIGH-DURHAM INTL AIRPORT NC
                                          MONTH:    SEPTEMBER
                                          YEAR:     2018
                                          LATITUDE:   35 52 N
                                          LONGITUDE:  78 47 W

[TEMPERATURE DATA]      [PRECIPITATION DATA]       SYMBOLS USED IN COLUMN 16

AVERAGE MONTHLY: 77.7   TOTAL FOR MONTH:   7.62    1 = FOG OR MIST
DPTR FM NORMAL:   4.8   DPTR FM NORMAL:    4.02    2 = FOG REDUCING VISIBILITY
HIGHEST:    93 ON  1    GRTST 24HR  2.50 ON 14-14      TO 1/4 MILE OR LESS
LOWEST:     64 ON 24,23                            3 = THUNDER
                        SNOW, ICE PELLETS, HAIL    4 = ICE PELLETS
                        TOTAL MONTH:   0.0 INCH    5 = HAIL
                        GRTST 24HR     0.0         6 = FREEZING RAIN OR DRIZZLE
                        GRTST DEPTH:   0           7 = DUSTSTORM OR SANDSTORM:
                                                       VSBY 1/2 MILE OR LESS
                                                   8 = SMOKE OR HAZE
[NO. OF DAYS WITH]      [WEATHER - DAYS WITH]      9 = BLOWING SNOW
                                                   X = TORNADO
MAX 32 OR BELOW:   0    0.01 INCH OR MORE:  11
MAX 90 OR ABOVE:   8    0.10 INCH OR MORE:   9
MIN 32 OR BELOW:   0    0.50 INCH OR MORE:   4
MIN  0 OR BELOW:   0    1.00 INCH OR MORE:   3

[HDD (BASE 65) ]
TOTAL THIS MO.     0    CLEAR  (SCALE 0-3)   3
DPTR FM NORMAL    -8    PTCLDY (SCALE 4-7)  14
TOTAL FM JUL 1     0    CLOUDY (SCALE 8-10)  7
DPTR FM NORMAL    -9

[CDD (BASE 65) ]
TOTAL THIS MO.   310
DPTR FM NORMAL   110    [PRESSURE DATA]
TOTAL FM JAN 1  1948    HIGHEST SLP M ON M
DPTR FM NORMAL   307    LOWEST  SLP 29.83 ON 17

[REMARKS]
