000
CXUS55 KLOT 200700
CF6RFD
PRELIMINARY LOCAL CLIMATOLOGICAL DATA (WS FORM: F-6)

                                          STATION:   ROCKFORD IL
                                          MONTH:     NOVEMBER
                                          YEAR:      2018
                                          LATITUDE:   42 12 N
                                          LONGITUDE:  89  6 W

  TEMPERATURE IN F:       :PCPN:    SNOW:  WIND      :SUNSHINE: SKY     :PK WND
================================================================================
1   2   3   4   5  6A  6B    7    8   9   10  11  12  13   14  15   16   17  18
                                     12Z  AVG MX 2MIN
DY MAX MIN AVG DEP HDD CDD  WTR  SNW DPTH SPD SPD DIR MIN PSBL S-S WX    SPD DR
================================================================================

 1  51  39  45  -1  20   0 0.00  0.0    0  8.3 16  30   M    M  10        21  30
 2  51  34  43  -3  22   0 0.00  0.0    0  5.0  9  30   M    M  10        15  30
 3  47  32  40  -5  25   0 0.09  0.0    0  8.6 21  70   M    M   9        28 100
 4  52  43  48   3  17   0 0.22  0.0    0 17.6 28 110   M    M  10 18     41 100
 5  50  42  46   2  19   0 0.34  0.0    0 10.2 20 240   M    M  10 1      29 230
 6  47  35  41  -3  24   0 0.07  0.0    0 15.0 30 260   M    M  10 1      39 250
 7  38  32  35  -8  30   0 0.00  0.0    0 14.4 25 270   M    M  10        35 270
 8  36  31  34  -9  31   0    T    T    0  5.0 13 310   M    M   9        18 290
 9  32  19  26 -16  39   0 0.13  1.8    2 13.8 26 290   M    M   8 1      38 290
10  30  17  24 -18  41   0    T    T    0 10.5 24 290   M    M   5        33 280
11  40  27  34  -8  31   0 0.00  0.0    0  8.3 16 180   M    M   9        21 180
12  34  23  29 -12  36   0    T    T    0  9.7 16 340   M    M   9        22 340
13  28  17  23 -17  42   0    T    T    0  9.3 17 350   M    M   3        23 340
14  35  14  25 -15  40   0 0.00  0.0    0  2.9  8 150   M    M   0 8      13 160
15  36  19  28 -11  37   0 0.00  0.0    0  5.9 14 190   M    M   4 18     18 180
16  41  26  34  -5  31   0    T    T    0  9.6 20 270   M    M  10 1      26 310
17  33  29  31  -7  34   0 0.12  2.1    2  8.7 15  20   M    M  10 1      19  20
18  33  20  27 -11  38   0 0.00  0.0    0  6.4 13 350   M    M   5        15 290
19  39  19  29  -8  36   0 0.00  0.0    0  8.6 15 360   M    M   9 18     21 350
================================================================================
SM  753  518       593   0  0.97     3.9 177.8          M      150
================================================================================
AV 39.6 27.3                               9.4 FASTST   M    M   8    MAX(MPH)
                                 MISC ---->  # 30 260               # 41  100
================================================================================
NOTES:
# LAST OF SEVERAL OCCURRENCES

COLUMN 17 PEAK WIND IN M.P.H.

PRELIMINARY LOCAL CLIMATOLOGICAL DATA (WS FORM: F-6) , PAGE 2

                                          STATION:  ROCKFORD IL
                                          MONTH:    NOVEMBER
                                          YEAR:     2018
                                          LATITUDE:   42 12 N
                                          LONGITUDE:  89  6 W

[TEMPERATURE DATA]      [PRECIPITATION DATA]       SYMBOLS USED IN COLUMN 16

AVERAGE MONTHLY: 33.5   TOTAL FOR MONTH:   0.97    1 = FOG OR MIST
DPTR FM NORMAL:  -8.3   DPTR FM NORMAL:   -0.70    2 = FOG REDUCING VISIBILITY
HIGHEST:    52 ON  4    GRTST 24HR  0.34 ON  5- 5      TO 1/4 MILE OR LESS
LOWEST:     14 ON 14                               3 = THUNDER
                        SNOW, ICE PELLETS, HAIL    4 = ICE PELLETS
                        TOTAL MONTH:   3.9 INCHES  5 = HAIL
                        GRTST 24HR   2.1 ON 17-17  6 = FREEZING RAIN OR DRIZZLE
                        GRTST DEPTH:   2 ON 17, 9  7 = DUSTSTORM OR SANDSTORM:
                                                       VSBY 1/2 MILE OR LESS
                                                   8 = SMOKE OR HAZE
[NO. OF DAYS WITH]      [WEATHER - DAYS WITH]      9 = BLOWING SNOW
                                                   X = TORNADO
MAX 32 OR BELOW:   3    0.01 INCH OR MORE:   6
MAX 90 OR ABOVE:   0    0.10 INCH OR MORE:   4
MIN 32 OR BELOW:  14    0.50 INCH OR MORE:   0
MIN  0 OR BELOW:   0    1.00 INCH OR MORE:   0

[HDD (BASE 65) ]
TOTAL THIS MO.   593    CLEAR  (SCALE 0-3)   2
DPTR FM NORMAL   151    PTCLDY (SCALE 4-7)   4
TOTAL FM JUL 1  1168    CLOUDY (SCALE 8-10) 13
DPTR FM NORMAL   173

[CDD (BASE 65) ]
TOTAL THIS MO.     0
DPTR FM NORMAL     0    [PRESSURE DATA]
TOTAL FM JAN 1   967    HIGHEST SLP M ON M
DPTR FM NORMAL   147    LOWEST  SLP 29.49 ON  6

[REMARKS]
