000
CXUS53 KGRB 200724
CF6RHI
PRELIMINARY LOCAL CLIMATOLOGICAL DATA (WS FORM: F-6)

                                          STATION:   RHINELANDER WI
                                          MONTH:     OCTOBER
                                          YEAR:      2020
                                          LATITUDE:   45 37 N
                                          LONGITUDE:  89 27 W

  TEMPERATURE IN F:       :PCPN:    SNOW:  WIND      :SUNSHINE: SKY     :PK WND
================================================================================
1   2   3   4   5  6A  6B    7    8   9   10  11  12  13   14  15   16   17  18
                                     12Z  AVG MX 2MIN
DY MAX MIN AVG DEP HDD CDD  WTR  SNW DPTH SPD SPD DIR MIN PSBL S-S WX    SPD DR
================================================================================

 1  49  30  40  -9  25   0 0.08  0.0    0  6.0 14 330   M    M   9 1      22 350
 2  43  33  38 -11  27   0 0.03  0.0    0  2.5 10 280   M    M   9 1      14 280
 3  44  27  36 -12  29   0 0.00  0.0    0  1.4  7 320   M    M   8        11  40
 4  48  27  38 -10  27   0 0.00  0.0    0  2.2  9 280   M    M   6        14 340
 5  61  36  49   1  16   0 0.00  0.0    0 12.4 25 200   M    M   1        40 190
 6  68  38  53   6  12   0 0.14  0.0    0  8.1 22 260   M    M   5 1      31 290
 7  61  37  49   2  16   0 0.00  0.0    0  7.4 17 300   M    M   3        27 260
 8  60  33  47   1  18   0 0.00  0.0    0  4.5 12 280   M    M   0 1      20 280
 9  73  48  61  15   4   0 0.00  0.0    0 11.0 23 220   M    M   2        37 250
10  60  38  49   3  16   0 0.00  0.0    0  6.7 13 100   M    M   1        20  10
11  59  35  47   1  18   0 0.00  0.0    0 11.7 18 130   M    M   7        30 140
12  59  40  50   5  15   0 0.77  0.0    0 10.4 24 280   M    M   6 13     37 160
13  59  40  50   5  15   0 0.00  0.0    0 12.1 26 260   M    M   4        38 270
14  52  36  44   0  21   0 0.09  0.0    0  8.8 24 280   M    M   7 1      34 260
15  43  30  37  -7  28   0 0.01    T    0 10.4 21 290   M    M   8 1      32 290
16  40  27  34 -10  31   0 0.02    T    0  7.9 18 280   M    M   7 1      30 270
17  41  27  34 -10  31   0 0.17  1.3    T  6.2 14 300   M    M   8 1      26 320
18  38  24  31 -12  34   0    T    T    0  8.0 16 280   M    M   6 1      23 290
19  35  17  26 -17  39   0 0.00  0.0    0  3.7  9 280   M    M   7        16 300
================================================================================
SM  993  623       422   0  1.31     1.3 141.4          M      104
================================================================================
AV 52.3 32.8                               7.4 FASTST   M    M   5    MAX(MPH)
                                 MISC ---->  # 26 260               # 40  190
================================================================================
NOTES:
# LAST OF SEVERAL OCCURRENCES

COLUMN 17 PEAK WIND IN M.P.H.

PRELIMINARY LOCAL CLIMATOLOGICAL DATA (WS FORM: F-6) , PAGE 2

                                          STATION:  RHINELANDER WI
                                          MONTH:    OCTOBER
                                          YEAR:     2020
                                          LATITUDE:   45 37 N
                                          LONGITUDE:  89 27 W

[TEMPERATURE DATA]      [PRECIPITATION DATA]       SYMBOLS USED IN COLUMN 16

AVERAGE MONTHLY: 42.5   TOTAL FOR MONTH:   1.31    1 = FOG OR MIST
DPTR FM NORMAL:  -3.4   DPTR FM NORMAL:   -0.79    2 = FOG REDUCING VISIBILITY
HIGHEST:    73 ON  9    GRTST 24HR  0.77 ON 12-12      TO 1/4 MILE OR LESS
LOWEST:     17 ON 19                               3 = THUNDER
                        SNOW, ICE PELLETS, HAIL    4 = ICE PELLETS
                        TOTAL MONTH:   1.3 INCHES  5 = HAIL
                        GRTST 24HR   1.3 ON 17-17  6 = FREEZING RAIN OR DRIZZLE
                        GRTST DEPTH:   T           7 = DUSTSTORM OR SANDSTORM:
                                                       VSBY 1/2 MILE OR LESS
                                                   8 = SMOKE OR HAZE
[NO. OF DAYS WITH]      [WEATHER - DAYS WITH]      9 = BLOWING SNOW
                                                   X = TORNADO
MAX 32 OR BELOW:   0    0.01 INCH OR MORE:   8
MAX 90 OR ABOVE:   0    0.10 INCH OR MORE:   3
MIN 32 OR BELOW:   8    0.50 INCH OR MORE:   1
MIN  0 OR BELOW:   0    1.00 INCH OR MORE:   0

[HDD (BASE 65) ]
TOTAL THIS MO.   422    CLEAR  (SCALE 0-3)   4
DPTR FM NORMAL    56    PTCLDY (SCALE 4-7)  10
TOTAL FM JUL 1   806    CLOUDY (SCALE 8-10)  5
DPTR FM NORMAL     8

[CDD (BASE 65) ]
TOTAL THIS MO.     0
DPTR FM NORMAL     0    [PRESSURE DATA]
TOTAL FM JAN 1   356    HIGHEST SLP M ON M
DPTR FM NORMAL    97    LOWEST  SLP 29.40 ON 14

[REMARKS]
