000
CXUS53 KGRB 240702
CF6RHI
PRELIMINARY LOCAL CLIMATOLOGICAL DATA (WS FORM: F-6)

                                          STATION:   RHINELANDER WI
                                          MONTH:     JUNE
                                          YEAR:      2018
                                          LATITUDE:   45 37 N
                                          LONGITUDE:  89 27 W

  TEMPERATURE IN F:       :PCPN:    SNOW:  WIND      :SUNSHINE: SKY     :PK WND
================================================================================
1   2   3   4   5  6A  6B    7    8   9   10  11  12  13   14  15   16   17  18
                                     12Z  AVG MX 2MIN
DY MAX MIN AVG DEP HDD CDD  WTR  SNW DPTH SPD SPD DIR MIN PSBL S-S WX    SPD DR
================================================================================

 1  71  50  61   3   4   0 0.00  0.0    0  8.3 18  90   M    M   6        25 100
 2  71  48  60   2   5   0 0.63  0.0    0  9.1 17 100   M    M   9 13     25 100
 3  62  50  56  -2   9   0 0.09  0.0    0 11.4 24 260   M    M   9 18     31 280
 4  75  44  60   1   5   0    T  0.0    0 10.4 28 280   M    M   4        36 280
 5  71  40  56  -3   9   0 0.00  0.0    0  3.6 12 330   M    M   1 1      19  40
 6  71  48  60   0   5   0 0.09  0.0    0  5.8 12 250   M    M   4         M  M
 7  77  53  65   5   0   0 0.00  0.0    0  3.8 10  70   M    M   1        13  70
 8  68  52  60   0   5   0 0.00  0.0    0  5.6 12 110   M    M   5        15  90
 9  77  54  66   6   0   1 0.00  0.0    0  9.2 22 120   M    M   6        28 120
10  78  55  67   6   0   2 0.00  0.0    0 12.1 26 100   M    M   1        32 100
11  81  51  66   5   0   1 0.00  0.0    0  8.8 24 110   M    M   0        33 120
12  78  62  70   8   0   5 0.31  0.0    0  4.7 20 260   M    M   8 13     30 270
13  80  50  65   3   0   0 0.54  0.0    0  8.4 22 220   M    M   1 13     32 220
14  82  48  65   3   0   0 0.00  0.0    0  4.7 12 160   M    M   1 1      17 150
15  75  59  67   5   0   2 2.97  0.0    0  8.9 21 140   M    M   6 13     35 150
16  78  62  70   7   0   5 0.22  0.0    0  7.6 25 130   M    M   5 13     36 120
17  91  69  80  17   0  15 1.13  0.0    0  7.6 22 340   M    M   5 13     36 340
18  78  63  71   8   0   6 0.08  0.0    0  5.5 13  60   M    M   7 1      19 330
19  76  57  67   3   0   2 0.00  0.0    0  3.7 12 130   M    M   2 1      16 170
20  80  55  68   4   0   3 0.00  0.0    0  2.1  9  80   M    M   2 1      14  80
21  79  55  67   3   0   2 0.00  0.0    0  5.8 13 130   M    M   1        19 100
22  81  51  66   2   0   1 0.00  0.0    0  3.5 12 100   M    M   0        17  30
23  85  43  64  -1   1   0 0.00  0.0    0  3.2  9  20   M    M   0 12     13 280
================================================================================
SM 1765 1219        43  45  6.06     0.0 153.8          M       84
================================================================================
AV 76.7 53.0                               6.7 FASTST   M    M   4    MAX(MPH)
                                 MISC ---->  # 28 280               # 36  280
================================================================================
NOTES:
# LAST OF SEVERAL OCCURRENCES

COLUMN 17 PEAK WIND IN M.P.H.

PRELIMINARY LOCAL CLIMATOLOGICAL DATA (WS FORM: F-6) , PAGE 2

                                          STATION:  RHINELANDER WI
                                          MONTH:    JUNE
                                          YEAR:     2018
                                          LATITUDE:   45 37 N
                                          LONGITUDE:  89 27 W

[TEMPERATURE DATA]      [PRECIPITATION DATA]       SYMBOLS USED IN COLUMN 16

AVERAGE MONTHLY: 64.9   TOTAL FOR MONTH:   6.06    1 = FOG OR MIST
DPTR FM NORMAL:   3.5   DPTR FM NORMAL:    3.12    2 = FOG REDUCING VISIBILITY
HIGHEST:    91 ON 17    GRTST 24HR  2.97 ON 15-15      TO 1/4 MILE OR LESS
LOWEST:     40 ON  5                               3 = THUNDER
                        SNOW, ICE PELLETS, HAIL    4 = ICE PELLETS
                        TOTAL MONTH:   0.0 INCH    5 = HAIL
                        GRTST 24HR     0.0         6 = FREEZING RAIN OR DRIZZLE
                        GRTST DEPTH:   0           7 = DUSTSTORM OR SANDSTORM:
                                                       VSBY 1/2 MILE OR LESS
                                                   8 = SMOKE OR HAZE
[NO. OF DAYS WITH]      [WEATHER - DAYS WITH]      9 = BLOWING SNOW
                                                   X = TORNADO
MAX 32 OR BELOW:   0    0.01 INCH OR MORE:   9
MAX 90 OR ABOVE:   1    0.10 INCH OR MORE:   6
MIN 32 OR BELOW:   0    0.50 INCH OR MORE:   4
MIN  0 OR BELOW:   0    1.00 INCH OR MORE:   2

[HDD (BASE 65) ]
TOTAL THIS MO.    43    CLEAR  (SCALE 0-3)  11
DPTR FM NORMAL   -74    PTCLDY (SCALE 4-7)  10
TOTAL FM JUL 1  9001    CLOUDY (SCALE 8-10)  2
DPTR FM NORMAL    -2

[CDD (BASE 65) ]
TOTAL THIS MO.    45
DPTR FM NORMAL    13    [PRESSURE DATA]
TOTAL FM JAN 1   128    HIGHEST SLP M ON M
DPTR FM NORMAL    84    LOWEST  SLP 29.74 ON M

[REMARKS]
