000
CXUS53 KGRB 160722
CF6RHI
PRELIMINARY LOCAL CLIMATOLOGICAL DATA (WS FORM: F-6)

                                          STATION:   RHINELANDER WI
                                          MONTH:     DECEMBER
                                          YEAR:      2018
                                          LATITUDE:   45 37 N
                                          LONGITUDE:  89 27 W

  TEMPERATURE IN F:       :PCPN:    SNOW:  WIND      :SUNSHINE: SKY     :PK WND
================================================================================
1   2   3   4   5  6A  6B    7    8   9   10  11  12  13   14  15   16   17  18
                                     12Z  AVG MX 2MIN
DY MAX MIN AVG DEP HDD CDD  WTR  SNW DPTH SPD SPD DIR MIN PSBL S-S WX    SPD DR
================================================================================

 1  32  26  29   7  36   0 0.06  1.0    2 10.1 18  60   M    M  10 128    30  60
 2  33  27  30   8  35   0 0.12  1.5    3 11.5 21  20   M    M  10 8      33  20
 3  27  21  24   3  41   0 0.00  0.0    3  6.5 15  30   M    M  10 18     28 360
 4  26  19  23   2  42   0 0.00  0.0    2  8.6 16 260   M    M  10 8      22 260
 5  26  19  23   3  42   0 0.02  0.7    3  9.9 18 250   M    M  10 8      27 260
 6  23   7  15  -5  50   0    T    T    3  7.6 15 300   M    M   8        26 290
 7  19  -3   8 -12  57   0    T    T    3  6.6 14 270   M    M   7 8      21 280
 8  26   6  16  -3  49   0 0.00  0.0    3  8.1 17 260   M    M   5 8      23 220
 9  32  16  24   5  41   0 0.00  0.0    3  8.3 20 260   M    M   5 8      23 260
10  28  10  19   1  46   0 0.00  0.0    3  8.6 17 250   M    M   6 18     26 230
11  28  20  24   6  41   0 0.00  0.0    3  6.3 14 130   M    M  10 18     18 110
12  32  24  28  10  37   0    T    T    3  8.0 21 100   M    M  10 18     29 110
13  34  30  32  15  33   0    T    T    3  6.6 13 260   M    M  10 128    18 260
14  42  21  32  15  33   0 0.00  0.0    3  7.5 21 260   M    M   4 18     27 260
15  46  13  30  13  35   0 0.00  0.0    2  3.5 13 170   M    M   0 18     17 180
================================================================================
SM  454  256       618   0  0.20     3.2 117.7          M      115
================================================================================
AV 30.3 17.1                               7.8 FASTST   M    M   8    MAX(MPH)
                                 MISC ---->  # 21  20               # 33   20
================================================================================
NOTES:
# LAST OF SEVERAL OCCURRENCES

COLUMN 17 PEAK WIND IN M.P.H.

PRELIMINARY LOCAL CLIMATOLOGICAL DATA (WS FORM: F-6) , PAGE 2

                                          STATION:  RHINELANDER WI
                                          MONTH:    DECEMBER
                                          YEAR:     2018
                                          LATITUDE:   45 37 N
                                          LONGITUDE:  89 27 W

[TEMPERATURE DATA]      [PRECIPITATION DATA]       SYMBOLS USED IN COLUMN 16

AVERAGE MONTHLY: 23.7   TOTAL FOR MONTH:   0.20    1 = FOG OR MIST
DPTR FM NORMAL:   4.4   DPTR FM NORMAL:   -0.55    2 = FOG REDUCING VISIBILITY
HIGHEST:    46 ON 15    GRTST 24HR  0.12 ON  2- 2      TO 1/4 MILE OR LESS
LOWEST:     -3 ON  7                               3 = THUNDER
                        SNOW, ICE PELLETS, HAIL    4 = ICE PELLETS
                        TOTAL MONTH:   3.2 INCHES  5 = HAIL
                        GRTST 24HR   1.5 ON  2- 2  6 = FREEZING RAIN OR DRIZZLE
                        GRTST DEPTH:   3 ON 14,13  7 = DUSTSTORM OR SANDSTORM:
                                                       VSBY 1/2 MILE OR LESS
                                                   8 = SMOKE OR HAZE
[NO. OF DAYS WITH]      [WEATHER - DAYS WITH]      9 = BLOWING SNOW
                                                   X = TORNADO
MAX 32 OR BELOW:  11    0.01 INCH OR MORE:   3
MAX 90 OR ABOVE:   0    0.10 INCH OR MORE:   1
MIN 32 OR BELOW:  15    0.50 INCH OR MORE:   0
MIN  0 OR BELOW:   1    1.00 INCH OR MORE:   0

[HDD (BASE 65) ]
TOTAL THIS MO.   618    CLEAR  (SCALE 0-3)   1
DPTR FM NORMAL   -68    PTCLDY (SCALE 4-7)   5
TOTAL FM JUL 1  2732    CLOUDY (SCALE 8-10)  9
DPTR FM NORMAL   -88

[CDD (BASE 65) ]
TOTAL THIS MO.     0
DPTR FM NORMAL     0    [PRESSURE DATA]
TOTAL FM JAN 1   566    HIGHEST SLP M ON M
DPTR FM NORMAL   305    LOWEST  SLP 29.44 ON  2

[REMARKS]
