000
CXUS53 KGRB 210746
CF6RHI
PRELIMINARY LOCAL CLIMATOLOGICAL DATA (WS FORM: F-6)

                                          STATION:   RHINELANDER WI
                                          MONTH:     FEBRUARY
                                          YEAR:      2020
                                          LATITUDE:   45 37 N
                                          LONGITUDE:  89 27 W

  TEMPERATURE IN F:       :PCPN:    SNOW:  WIND      :SUNSHINE: SKY     :PK WND
================================================================================
1   2   3   4   5  6A  6B    7    8   9   10  11  12  13   14  15   16   17  18
                                     12Z  AVG MX 2MIN
DY MAX MIN AVG DEP HDD CDD  WTR  SNW DPTH SPD SPD DIR MIN PSBL S-S WX    SPD DR
================================================================================

 1  36  28  32  19  33   0    T    T   18 11.6 25 270   M    M   8 1      34 260
 2  41  23  32  19  33   0 0.00  0.0   18 11.9 24 280   M    M   8        37 290
 3  33  20  27  14  38   0 0.00  0.0   17  6.7 13 260   M    M   7        21 330
 4  20  -9   6  -8  59   0 0.00  0.0   17  6.0 15 320   M    M   2        24 320
 5  25 -14   6  -8  59   0 0.00  0.0   16  5.0 14 260   M    M   0        19 220
 6  31  -7  12  -2  53   0 0.00  0.0   16  1.6  6 310   M    M   3         M  M
 7  24   2  13  -1  52   0 0.01    T   16  3.2  9 360   M    M   8        14  20
 8  21   6  14   0  51   0 0.00  0.0   16  5.6 16 210   M    M   7 1      21 210
 9  21  -4   9  -6  56   0 0.20  2.3   18  3.0 10 230   M    M   5 18     13 230
10  27 -11   8  -7  57   0 0.00  0.0   18  6.0 17 270   M    M   5 128    23 270
11  24  15  20   5  45   0    T    T   17 11.4 21 260   M    M   7        31 260
12  30   2  16   0  49   0 0.02  0.7   17  9.9 17  20   M    M   6 8      30 350
13   6 -16  -5 -21  70   0    T    T   17  7.0 16  10   M    M   4 8      26  10
14  10 -25  -7 -23  72   0 0.00  0.0   17  9.1 18 220   M    M   0        25 190
15  26   8  17   1  48   0    T    T   17 13.2 20 220   M    M   7 8      34 220
16  21   1  11  -6  54   0 0.00  0.0   17  5.1 14 280   M    M   1 8      19 290
17  31   5  18   1  47   0 0.05  0.4   17  8.0 17 150   M    M   8 1      30 130
18  27   1  14  -3  51   0 0.10  1.1   17 11.6 23 290   M    M   8 18     35 280
19  11 -12   0 -18  65   0 0.02    M    0  8.6 16 280   M    M   0 8      23 270
20  16 -20  -2 -20  67   0 0.00  0.0   17  8.9 20 260   M    M   0        24 260
================================================================================
SM  481   -7      1059   0  0.40     4.5 153.4          M       94
================================================================================
AV 24.1 -0.3                               7.7 FASTST   M    M   5    MAX(MPH)
                                 MISC ---->  # 25 270               # 37  290
================================================================================
NOTES:
# LAST OF SEVERAL OCCURRENCES

COLUMN 17 PEAK WIND IN M.P.H.

PRELIMINARY LOCAL CLIMATOLOGICAL DATA (WS FORM: F-6) , PAGE 2

                                          STATION:  RHINELANDER WI
                                          MONTH:    FEBRUARY
                                          YEAR:     2020
                                          LATITUDE:   45 37 N
                                          LONGITUDE:  89 27 W

[TEMPERATURE DATA]      [PRECIPITATION DATA]       SYMBOLS USED IN COLUMN 16

AVERAGE MONTHLY: 11.9   TOTAL FOR MONTH:   0.40    1 = FOG OR MIST
DPTR FM NORMAL:  -3.4   DPTR FM NORMAL:   -0.22    2 = FOG REDUCING VISIBILITY
HIGHEST:    41 ON  2    GRTST 24HR  0.20 ON  9- 9      TO 1/4 MILE OR LESS
LOWEST:    -25 ON 14                               3 = THUNDER
                        SNOW, ICE PELLETS, HAIL    4 = ICE PELLETS
                        TOTAL MONTH:   4.5 INCHES  5 = HAIL
                        GRTST 24HR   2.3 ON  9- 9  6 = FREEZING RAIN OR DRIZZLE
                        GRTST DEPTH:  18 ON 10, 9  7 = DUSTSTORM OR SANDSTORM:
                                                       VSBY 1/2 MILE OR LESS
                                                   8 = SMOKE OR HAZE
[NO. OF DAYS WITH]      [WEATHER - DAYS WITH]      9 = BLOWING SNOW
                                                   X = TORNADO
MAX 32 OR BELOW:  17    0.01 INCH OR MORE:   6
MAX 90 OR ABOVE:   0    0.10 INCH OR MORE:   2
MIN 32 OR BELOW:  20    0.50 INCH OR MORE:   0
MIN  0 OR BELOW:   9    1.00 INCH OR MORE:   0

[HDD (BASE 65) ]
TOTAL THIS MO.  1059    CLEAR  (SCALE 0-3)   7
DPTR FM NORMAL    63    PTCLDY (SCALE 4-7)  10
TOTAL FM JUL 1  6090    CLOUDY (SCALE 8-10)  3
DPTR FM NORMAL  -167

[CDD (BASE 65) ]
TOTAL THIS MO.     0
DPTR FM NORMAL     0    [PRESSURE DATA]
TOTAL FM JAN 1     0    HIGHEST SLP M ON M
DPTR FM NORMAL     0    LOWEST  SLP 29.30 ON  2

[REMARKS]
