000
CXUS55 KGJT 191000
CF6RIL
PRELIMINARY LOCAL CLIMATOLOGICAL DATA (WS FORM: F-6)

                                          STATION:   RIFLE CO
                                          MONTH:     OCTOBER
                                          YEAR:      2019
                                          LATITUDE:   39 31 N
                                          LONGITUDE: 107 43 W

  TEMPERATURE IN F:       :PCPN:    SNOW:  WIND      :SUNSHINE: SKY     :PK WND
================================================================================
1   2   3   4   5  6A  6B    7    8   9   10  11  12  13   14  15   16   17  18
                                     12Z  AVG MX 2MIN
DY MAX MIN AVG DEP HDD CDD  WTR  SNW DPTH SPD SPD DIR MIN PSBL S-S WX    SPD DR
================================================================================

 1  78  35  57   2   8   0 0.00    M    M  7.5 25 260   M    M   0        33 280
 2  68  33  51  -4  14   0 0.00    M    M  8.5 28 270   M    M   0        39 280
 3  79  29  54   0  11   0 0.00    M    M  3.6 14 270   M    M   0        18 270
 4  79  39  59   5   6   0 0.00    M    M 12.9 37 250   M    M   1        51 250
 5  67  32  50  -4  15   0 0.00    M    M  7.2 26 270   M    M   0 8      36 300
 6  66  34  50  -3  15   0 0.00    M    M  4.3 14 310   M    M   3 8      21 350
 7  72  25  49  -4  16   0 0.00    M    M  4.3 17 260   M    M   0 8      22 240
 8  76  30  53   1  12   0 0.00    M    M  5.9 24 270   M    M   0        32 280
 9  78  34  56   4   9   0    T    M    M 10.6 36 320   M    M   2        50 320
10  43  21  32 -20  33   0    T    M    M 12.4 23 300   M    M   4        33 300
11  51  15  33 -18  32   0 0.00    M    M  3.4 10  20   M    M   0        14  20
12  63  17  40 -11  25   0 0.00    M    M  5.2 20 250   M    M   0        24 260
13  68  20  44  -6  21   0 0.00    M    M  4.6 18 250   M    M   0        23 250
14  70  26  48  -2  17   0 0.00    M    M  6.7 29 270   M    M   0        37 280
15  71  26  49   0  16   0 0.00    M    M  3.9 13 260   M    M   0        18 280
16  74  30  52   3  13   0 0.00    M    M  4.3 21 270   M    M   0        30 260
17  74  30  52   3  13   0 0.00    M    M  5.8 25 260   M    M   0        32 260
18  56  30  43  -5  22   0 0.07    M    M  6.8 30 320   M    M   5 1      46 310
================================================================================
SM 1233  506       298   0  0.07    M    117.9          M       15
================================================================================
AV 68.5 28.1                               6.6 FASTST   M    M   1    MAX(MPH)
                                 MISC ---->  # 37 250               # 51  250
================================================================================
NOTES:
# LAST OF SEVERAL OCCURRENCES

COLUMN 17 PEAK WIND IN M.P.H.

PRELIMINARY LOCAL CLIMATOLOGICAL DATA (WS FORM: F-6) , PAGE 2

                                          STATION:  RIFLE CO
                                          MONTH:    OCTOBER
                                          YEAR:     2019
                                          LATITUDE:   39 31 N
                                          LONGITUDE: 107 43 W

[TEMPERATURE DATA]      [PRECIPITATION DATA]       SYMBOLS USED IN COLUMN 16

AVERAGE MONTHLY: 48.3   TOTAL FOR MONTH:   0.07    1 = FOG OR MIST
DPTR FM NORMAL:  -3.4   DPTR FM NORMAL:   -1.01    2 = FOG REDUCING VISIBILITY
HIGHEST:    79 ON  4, 3 GRTST 24HR  0.07 ON 18-18      TO 1/4 MILE OR LESS
LOWEST:     15 ON 11                               3 = THUNDER
                        SNOW, ICE PELLETS, HAIL    4 = ICE PELLETS
                        TOTAL MONTH:    M          5 = HAIL
                        GRTST 24HR    M  ON   M    6 = FREEZING RAIN OR DRIZZLE
                        GRTST DEPTH:  M  ON   M    7 = DUSTSTORM OR SANDSTORM:
                                                       VSBY 1/2 MILE OR LESS
                                                   8 = SMOKE OR HAZE
[NO. OF DAYS WITH]      [WEATHER - DAYS WITH]      9 = BLOWING SNOW
                                                   X = TORNADO
MAX 32 OR BELOW:   0    0.01 INCH OR MORE:   1
MAX 90 OR ABOVE:   0    0.10 INCH OR MORE:   0
MIN 32 OR BELOW:  13    0.50 INCH OR MORE:   0
MIN  0 OR BELOW:   0    1.00 INCH OR MORE:   0

[HDD (BASE 65) ]
TOTAL THIS MO.   298    CLEAR  (SCALE 0-3)  16
DPTR FM NORMAL    57    PTCLDY (SCALE 4-7)   2
TOTAL FM JUL 1   371    CLOUDY (SCALE 8-10)  0
DPTR FM NORMAL   -16

[CDD (BASE 65) ]
TOTAL THIS MO.     0
DPTR FM NORMAL     0    [PRESSURE DATA]
TOTAL FM JAN 1   695    HIGHEST SLP M ON M
DPTR FM NORMAL   154    LOWEST  SLP 29.39 ON  9

[REMARKS]
