000
CXUS55 KGJT 181000
CF6RIL
PRELIMINARY LOCAL CLIMATOLOGICAL DATA (WS FORM: F-6)

                                          STATION:   RIFLE CO
                                          MONTH:     OCTOBER
                                          YEAR:      2018
                                          LATITUDE:   39 31 N
                                          LONGITUDE: 107 43 W

  TEMPERATURE IN F:       :PCPN:    SNOW:  WIND      :SUNSHINE: SKY     :PK WND
================================================================================
1   2   3   4   5  6A  6B    7    8   9   10  11  12  13   14  15   16   17  18
                                     12Z  AVG MX 2MIN
DY MAX MIN AVG DEP HDD CDD  WTR  SNW DPTH SPD SPD DIR MIN PSBL S-S WX    SPD DR
================================================================================

 1  70  49  60   5   5   0    T    M    M  3.6 18 250   M    M   5        26 220
 2  59  49  54  -1  11   0 0.39    M    M  1.1  7 270   M    M   8 1       9 270
 3  75  55  65  11   0   0 0.04    M    M  4.2 22 320   M    M   5 13     33 320
 4  65  50  58   4   7   0 0.13    M    M  6.6 62 260   M    M   7 13     82 260
 5  62  41  52  -2  13   0 0.34    M    M  4.6 25 320   M    M   7 13     35 320
 6  58  39  49  -4  16   0 0.33    M    M  6.4 31 260   M    M   6 1      40 270
 7  60  43  52  -1  13   0 0.38    M    M  5.6 21 240   M    M   7 13     27 260
 8  50  42  46  -6  19   0 0.16    M    M  6.2 16 270   M    M   9 1      20 260
 9  55  42  49  -3  16   0    T    M    M  3.3 15 260   M    M   8        20 270
10  54  37  46  -6  19   0 0.17    M    M  5.5 24 240   M    M   7 1      34 320
11  43  36  40 -11  25   0 0.50    M    M  1.4  9 140   M    M  10 1      10 140
12  57  37  47  -4  18   0 0.00    M    M  2.5  8 270   M    M   5 1      11 280
13  60  31  46  -4  19   0 0.14    M    M  5.6 25 270   M    M   1 12     35 260
14  46  28  37 -13  28   0    T    M    M 13.7 28 310   M    M   5        39 310
15  50  21  36 -13  29   0 0.00    M    M  2.6  8 140   M    M   0        11 150
16  60  22  41  -8  24   0 0.00    M    M  2.8  9 120   M    M   0        10 200
17  64  31  48  -1  17   0 0.00    M    M  6.3 26 260   M    M   4        32 270
================================================================================
SM  988  653       279   0  2.58    M     82.0          M       94
================================================================================
AV 58.1 38.4                               4.8 FASTST   M    M   6    MAX(MPH)
                                 MISC ---->  # 62 260               # 82  260
================================================================================
NOTES:
# LAST OF SEVERAL OCCURRENCES

COLUMN 17 PEAK WIND IN M.P.H.

PRELIMINARY LOCAL CLIMATOLOGICAL DATA (WS FORM: F-6) , PAGE 2

                                          STATION:  RIFLE CO
                                          MONTH:    OCTOBER
                                          YEAR:     2018
                                          LATITUDE:   39 31 N
                                          LONGITUDE: 107 43 W

[TEMPERATURE DATA]      [PRECIPITATION DATA]       SYMBOLS USED IN COLUMN 16

AVERAGE MONTHLY: 48.3   TOTAL FOR MONTH:   2.58    1 = FOG OR MIST
DPTR FM NORMAL:  -3.7   DPTR FM NORMAL:    1.57    2 = FOG REDUCING VISIBILITY
HIGHEST:    75 ON  3    GRTST 24HR  0.50 ON 11-11      TO 1/4 MILE OR LESS
LOWEST:     21 ON 15                               3 = THUNDER
                        SNOW, ICE PELLETS, HAIL    4 = ICE PELLETS
                        TOTAL MONTH:    M          5 = HAIL
                        GRTST 24HR    M  ON   M    6 = FREEZING RAIN OR DRIZZLE
                        GRTST DEPTH:  M  ON   M    7 = DUSTSTORM OR SANDSTORM:
                                                       VSBY 1/2 MILE OR LESS
                                                   8 = SMOKE OR HAZE
[NO. OF DAYS WITH]      [WEATHER - DAYS WITH]      9 = BLOWING SNOW
                                                   X = TORNADO
MAX 32 OR BELOW:   0    0.01 INCH OR MORE:  10
MAX 90 OR ABOVE:   0    0.10 INCH OR MORE:   9
MIN 32 OR BELOW:   5    0.50 INCH OR MORE:   1
MIN  0 OR BELOW:   0    1.00 INCH OR MORE:   0

[HDD (BASE 65) ]
TOTAL THIS MO.   279    CLEAR  (SCALE 0-3)   3
DPTR FM NORMAL    55    PTCLDY (SCALE 4-7)  11
TOTAL FM JUL 1   313    CLOUDY (SCALE 8-10)  3
DPTR FM NORMAL   -57

[CDD (BASE 65) ]
TOTAL THIS MO.     0
DPTR FM NORMAL     0    [PRESSURE DATA]
TOTAL FM JAN 1   923    HIGHEST SLP  0.00 ON 15
DPTR FM NORMAL   382    LOWEST  SLP 29.48 ON  7

[REMARKS]
