997
CXUS55 KRIW 230945
CF6RIW
PRELIMINARY LOCAL CLIMATOLOGICAL DATA (WS FORM: F-6)

                                          STATION:   RIVERTON WY
                                          MONTH:     OCTOBER
                                          YEAR:      2019
                                          LATITUDE:   43  2 N
                                          LONGITUDE: 108 27 W

  TEMPERATURE IN F:       :PCPN:    SNOW:  WIND      :SUNSHINE: SKY     :PK WND
================================================================================
1   2   3   4   5  6A  6B    7    8   9   10  11  12  13   14  15   16   17  18
                                     12Z  AVG MX 2MIN
DY MAX MIN AVG DEP HDD CDD  WTR  SNW DPTH SPD SPD DIR MIN PSBL S-S WX    SPD DR
================================================================================

 1  44  36  40 -11  25   0 0.05  0.0    0  9.6 15  70   M    M  10 16     21  60
 2  52  32  42  -9  23   0 0.06  0.0    0  8.7 22 260   M    M   5 1      31 280
 3  56  25  41  -9  24   0 0.00  0.0    0  5.1 13 310   M    M   0        15 310
 4  65  32  49  -1  16   0 0.00  0.0    0 10.2 30 250   M    M   2        42 240
 5  56  32  44  -6  21   0 0.00  0.0    0 13.1 31 310   M    M   1        42 310
 6  59  30  45  -4  20   0 0.00  0.0    0 10.5 28 300   M    M   0        40 290
 7  65  31  48  -1  17   0 0.00  0.0    0  4.9 14 310   M    M   0        18 310
 8  70  40  55   7  10   0 0.00  0.0    0  8.6 21 210   M    M   0        27 210
 9  53  18  36 -12  29   0 0.01  0.2    0 19.6 32  40   M    M   6 1      43  40
10  27  12  20 -28  45   0    T    T    T  9.6 22  20   M    M   6        30  30
11  45  10  28 -19  37   0 0.00  0.0    0  4.3  9 150   M    M   0        13 170
12  54  19  37 -10  28   0 0.00  0.0    0  3.6 10 230   M    M   0        13  70
13  62  24  43  -3  22   0 0.00  0.0    0  5.0 13 320   M    M   0 8      13 320
14  66  34  50   4  15   0 0.00  0.0    0  7.6 20 290   M    M   0 8      28 260
15  55  27  41  -5  24   0 0.00  0.0    0  5.1 10  70   M    M   0        15 100
16  69  33  51   6  14   0 0.00  0.0    0  4.0 13 310   M    M   0        14 310
17  71  36  54   9  11   0 0.00  0.0    0 11.4 39 310   M    M   0        51 310
18  54  30  42  -2  23   0 0.00  0.0    0 19.4 37 310   M    M   2        50 310
19  53  28  41  -3  24   0 0.00  0.0    0 10.5 24 210   M    M   1        30 220
20  47  28  38  -6  27   0 0.04    T    0 12.3 36 300   M    M   7        49 310
21  51  26  39  -4  26   0 0.00  0.0    0 12.8 33 300   M    M   3        45 310
22  63  26  45   2  20   0 0.00  0.0    0 13.1 37 310   M    M   1        51 300
================================================================================
SM 1237  609       501   0  0.16     0.2 209.0          M       44
================================================================================
AV 56.2 27.7                               9.5 FASTST   M    M   2    MAX(MPH)
                                 MISC ---->  # 39 310               # 51  310
================================================================================
NOTES:
# LAST OF SEVERAL OCCURRENCES

COLUMN 17 PEAK WIND IN M.P.H.

PRELIMINARY LOCAL CLIMATOLOGICAL DATA (WS FORM: F-6) , PAGE 2

                                          STATION:  RIVERTON WY
                                          MONTH:    OCTOBER
                                          YEAR:     2019
                                          LATITUDE:   43  2 N
                                          LONGITUDE: 108 27 W

[TEMPERATURE DATA]      [PRECIPITATION DATA]       SYMBOLS USED IN COLUMN 16

AVERAGE MONTHLY: 42.0   TOTAL FOR MONTH:   0.16    1 = FOG OR MIST
DPTR FM NORMAL:  -5.0   DPTR FM NORMAL:   -0.63    2 = FOG REDUCING VISIBILITY
HIGHEST:    71 ON 17    GRTST 24HR  0.06 ON  2- 2      TO 1/4 MILE OR LESS
LOWEST:     10 ON 11                               3 = THUNDER
                        SNOW, ICE PELLETS, HAIL    4 = ICE PELLETS
                        TOTAL MONTH:   0.2 INCH    5 = HAIL
                        GRTST 24HR   0.2 ON  9- 9  6 = FREEZING RAIN OR DRIZZLE
                        GRTST DEPTH:   T           7 = DUSTSTORM OR SANDSTORM:
                                                       VSBY 1/2 MILE OR LESS
                                                   8 = SMOKE OR HAZE
[NO. OF DAYS WITH]      [WEATHER - DAYS WITH]      9 = BLOWING SNOW
                                                   X = TORNADO
MAX 32 OR BELOW:   1    0.01 INCH OR MORE:   4
MAX 90 OR ABOVE:   0    0.10 INCH OR MORE:   0
MIN 32 OR BELOW:  17    0.50 INCH OR MORE:   0
MIN  0 OR BELOW:   0    1.00 INCH OR MORE:   0

[HDD (BASE 65) ]
TOTAL THIS MO.   501    CLEAR  (SCALE 0-3)  17
DPTR FM NORMAL   106    PTCLDY (SCALE 4-7)   4
TOTAL FM JUL 1   705    CLOUDY (SCALE 8-10)  1
DPTR FM NORMAL    46

[CDD (BASE 65) ]
TOTAL THIS MO.     0
DPTR FM NORMAL     0    [PRESSURE DATA]
TOTAL FM JAN 1   518    HIGHEST SLP M ON M
DPTR FM NORMAL    24    LOWEST  SLP 29.41 ON 17

[REMARKS]
