431
CXUS54 KCRP 231300
CF6RKP
PRELIMINARY LOCAL CLIMATOLOGICAL DATA (WS FORM: F-6)

                                          STATION:   ROCKPORT
                                          MONTH:     OCTOBER
                                          YEAR:      2018
                                          LATITUDE:   28  4 N
                                          LONGITUDE:  97  3 W

  TEMPERATURE IN F:       :PCPN:    SNOW:  WIND      :SUNSHINE: SKY     :PK WND
================================================================================
1   2   3   4   5  6A  6B    7    8   9   10  11  12  13   14  15   16   17  18
                                     12Z  AVG MX 2MIN
DY MAX MIN AVG DEP HDD CDD  WTR  SNW DPTH SPD SPD DIR MIN PSBL S-S WX    SPD DR
================================================================================

 1  85  75  80   1   0  15 0.00  0.0    0 10.4 21 120   M    M   1 3      27 120
 2  88  79  84   5   0  19    T  0.0    0  9.1 14 120   M    M   1 18     17 120
 3  88  79  84   5   0  19 0.00  0.0    0  9.0 14 140   M    M   1        17 130
 4  88  76  82   4   0  17 0.00  0.0    0  9.4 16 120   M    M   1        19 140
 5  88  80  84   6   0  19 0.00  0.0    0  9.6 16 140   M    M   0        22 140
 6  88  77  83   5   0  18 0.42  0.0    0 10.9 18 120   M    M   1 13     24 120
 7  89  81  85   7   0  20 0.02  0.0    0 13.8 21 150   M    M   2 8      26 150
 8  88  74  81   3   0  16 0.61  0.0    0 13.8 24 140   M    M   2 138    34 140
 9  88  73  81   4   0  16 1.23  0.0    0 10.9 20  10   M    M   5 138    25  20
10  88  72  80   3   0  15 0.02  0.0    0  9.4 16 350   M    M   4 123    20 360
11  83  71  77   0   0  12 0.00  0.0    0 12.8 20  70   M    M   2        24  70
12  86  78  82   5   0  17 0.00  0.0    0 11.8 17 120   M    M   1        22 110
13  88  81  85   9   0  20    T  0.0    0 13.3 21 160   M    M   4 1      32 160
14  88  81  85   9   0  20 0.00  0.0    0 12.1 17 130   M    M   4        24 140
15  84  52  68  -8   0   3 0.01  0.0    0 17.1 30 360   M    M   9 18     38 360
16  59  51  55 -21  10   0    T  0.0    0 15.9 24 330   M    M   9 1      30 300
17  66  54  60 -16   5   0    T  0.0    0 13.6 21 340   M    M  10 18     24 340
18  67  59  63 -12   2   0 0.06  0.0    0 12.3 18 360   M    M  10 18     24 360
19  81  67  74  -1   0   9 1.07  0.0    0  8.6 20  90   M    M   8 18     26 100
20  74  65  70  -5   0   5    T  0.0    0 11.9 20  10   M    M  10 18     26  20
21  71  64  68  -6   0   3 0.00  0.0    0 12.1 20  30   M    M  10        25  20
22  72  58  65  -9   0   0 0.01  0.0    0 12.5 23  30   M    M   7 1      31  40
================================================================================
SM 1797 1547        17 263  3.45     0.0 260.3          M      102
================================================================================
AV 81.7 70.3                              11.8 FASTST   M    M   5    MAX(MPH)
                                 MISC ---->  # 30 360               # 38  360
================================================================================
NOTES:
# LAST OF SEVERAL OCCURRENCES

COLUMN 17 PEAK WIND IN M.P.H.

PRELIMINARY LOCAL CLIMATOLOGICAL DATA (WS FORM: F-6) , PAGE 2

                                          STATION:  ROCKPORT
                                          MONTH:    OCTOBER
                                          YEAR:     2018
                                          LATITUDE:   28  4 N
                                          LONGITUDE:  97  3 W

[TEMPERATURE DATA]      [PRECIPITATION DATA]       SYMBOLS USED IN COLUMN 16

AVERAGE MONTHLY: 76.0   TOTAL FOR MONTH:   3.45    1 = FOG OR MIST
DPTR FM NORMAL:  -0.7   DPTR FM NORMAL:    0.36    2 = FOG REDUCING VISIBILITY
HIGHEST:    89 ON  7    GRTST 24HR  1.23 ON  9- 9      TO 1/4 MILE OR LESS
LOWEST:     51 ON 16                               3 = THUNDER
                        SNOW, ICE PELLETS, HAIL    4 = ICE PELLETS
                        TOTAL MONTH:   0.0 INCH    5 = HAIL
                        GRTST 24HR     0.0         6 = FREEZING RAIN OR DRIZZLE
                        GRTST DEPTH:   0           7 = DUSTSTORM OR SANDSTORM:
                                                       VSBY 1/2 MILE OR LESS
                                                   8 = SMOKE OR HAZE
[NO. OF DAYS WITH]      [WEATHER - DAYS WITH]      9 = BLOWING SNOW
                                                   X = TORNADO
MAX 32 OR BELOW:   0    0.01 INCH OR MORE:   9
MAX 90 OR ABOVE:   0    0.10 INCH OR MORE:   4
MIN 32 OR BELOW:   0    0.50 INCH OR MORE:   3
MIN  0 OR BELOW:   0    1.00 INCH OR MORE:   2

[HDD (BASE 65) ]
TOTAL THIS MO.    17    CLEAR  (SCALE 0-3)  10
DPTR FM NORMAL    17    PTCLDY (SCALE 4-7)   5
TOTAL FM JUL 1    17    CLOUDY (SCALE 8-10)  7
DPTR FM NORMAL    17

[CDD (BASE 65) ]
TOTAL THIS MO.   263
DPTR FM NORMAL     2    [PRESSURE DATA]
TOTAL FM JAN 1  3501    HIGHEST SLP M ON M
DPTR FM NORMAL    84    LOWEST  SLP 29.60 ON  9

[REMARKS]
