000
CXUS52 KFFC 231110
CF6RMG
PRELIMINARY LOCAL CLIMATOLOGICAL DATA (WS FORM: F-6)

                                          STATION:   ROME
                                          MONTH:     JANUARY
                                          YEAR:      2019
                                          LATITUDE:   34 20 N
                                          LONGITUDE:  85 10 W

  TEMPERATURE IN F:       :PCPN:    SNOW:  WIND      :SUNSHINE: SKY     :PK WND
================================================================================
1   2   3   4   5  6A  6B    7    8   9   10  11  12  13   14  15   16   17  18
                                     12Z  AVG MX 2MIN
DY MAX MIN AVG DEP HDD CDD  WTR  SNW DPTH SPD SPD DIR MIN PSBL S-S WX    SPD DR
================================================================================

 1  63  48  56  15   9   0 0.02    M    0  1.0  7 330   M    M   6 12      9 340
 2  53  44  49   8  16   0 0.27  0.0    0  2.8  9 360   M    M   7 12     11 350
 3  56  50  53  12  12   0 0.63  0.0    0  3.2 12  10   M    M   8 1      13  10
 4  63  46  55  14  10   0 0.63    M    0  9.0 24 250   M    M  10 1      35 250
 5  62  41  52  11  13   0 0.00  0.0    0  6.4 15 270   M    M   3        30  90
 6  69  33  51  10  14   0 0.00  0.0    0  0.8  6  40   M    M   0        19  90
 7  72  38  55  14  10   0 0.00  0.0    0  3.2 16 170   M    M   0        18 170
 8  66  50  58  17   7   0    T  0.0    0  5.3 18 340   M    M   6 1      26 320
 9  54  36  45   4  20   0 0.00  0.0    0 10.2 21 340   M    M   0        34 330
10  45  30  38  -3  27   0 0.00  0.0    0  8.6 18 340   M    M   0        25 330
11  54  25  40  -1  25   0 0.00  0.0    0  3.1 12 350   M    M   2        14 360
12  47  38  43   2  22   0 0.64    M    0  7.5 16 140   M    M   9 1      24 150
13  47  39  43   2  22   0    T    M    0  4.5 13 310   M    M  10 1      16 310
14  47  39  43   2  22   0 0.00  0.0    0  6.8 13 330   M    M  10        17 330
15  42  34  38  -3  27   0 0.00  0.0    0  6.6 16  20   M    M   9        20  20
16  52  31  42   1  23   0 0.00  0.0    0  4.1 10  20   M    M   5 1      13  20
17  46  28  37  -4  28   0 0.33    M    0  1.9  8 320   M    M   7 1       9 320
18  53  44  49   8  16   0 0.00  0.0    0  0.8  7 100   M    M   9 12     18  30
19  62  43  53  12  12   0 2.31    M    0  8.1 22 290   M    M  10 12     29 280
20  43  28  36  -5  29   0    T  0.0    0 13.0 24 330   M    M   6        33 330
21  40  21  31 -10  34   0 0.00  0.0    0  8.4 18  10   M    M   0        24 360
22  47  24  36  -5  29   0 0.00  0.0    0  7.5 20 120   M    M   5        27 130
================================================================================
SM 1183  810       427   0  4.83     0.0 122.8          M      122
================================================================================
AV 53.8 36.8                               5.6 FASTST   M    M   6    MAX(MPH)
                                 MISC ---->  # 24 250               # 35  250
================================================================================
NOTES:
# LAST OF SEVERAL OCCURRENCES

COLUMN 17 PEAK WIND IN M.P.H.

PRELIMINARY LOCAL CLIMATOLOGICAL DATA (WS FORM: F-6) , PAGE 2

                                          STATION:  ROME
                                          MONTH:    JANUARY
                                          YEAR:     2019
                                          LATITUDE:   34 20 N
                                          LONGITUDE:  85 10 W

[TEMPERATURE DATA]      [PRECIPITATION DATA]       SYMBOLS USED IN COLUMN 16

AVERAGE MONTHLY: 45.3   TOTAL FOR MONTH:   4.83    1 = FOG OR MIST
DPTR FM NORMAL:   4.3   DPTR FM NORMAL:    1.71    2 = FOG REDUCING VISIBILITY
HIGHEST:    72 ON  7    GRTST 24HR  2.31 ON 19-19      TO 1/4 MILE OR LESS
LOWEST:     21 ON 21                               3 = THUNDER
                        SNOW, ICE PELLETS, HAIL    4 = ICE PELLETS
                        TOTAL MONTH:   0.0 INCH    5 = HAIL
                        GRTST 24HR     0.0         6 = FREEZING RAIN OR DRIZZLE
                        GRTST DEPTH:   0           7 = DUSTSTORM OR SANDSTORM:
                                                       VSBY 1/2 MILE OR LESS
                                                   8 = SMOKE OR HAZE
[NO. OF DAYS WITH]      [WEATHER - DAYS WITH]      9 = BLOWING SNOW
                                                   X = TORNADO
MAX 32 OR BELOW:   0    0.01 INCH OR MORE:   7
MAX 90 OR ABOVE:   0    0.10 INCH OR MORE:   6
MIN 32 OR BELOW:   7    0.50 INCH OR MORE:   4
MIN  0 OR BELOW:   0    1.00 INCH OR MORE:   1

[HDD (BASE 65) ]
TOTAL THIS MO.   427    CLEAR  (SCALE 0-3)   7
DPTR FM NORMAL  -101    PTCLDY (SCALE 4-7)   8
TOTAL FM JUL 1  1627    CLOUDY (SCALE 8-10)  7
DPTR FM NORMAL  -201

[CDD (BASE 65) ]
TOTAL THIS MO.     0
DPTR FM NORMAL     0    [PRESSURE DATA]
TOTAL FM JAN 1     0    HIGHEST SLP M ON M
DPTR FM NORMAL     0    LOWEST  SLP 29.53 ON 19

[REMARKS]
