000
CXUS54 KEWX 241010
CF6RND
PRELIMINARY LOCAL CLIMATOLOGICAL DATA (WS FORM: F-6)

                                          STATION:   RANDOLPH AFB
                                          MONTH:     MAY
                                          YEAR:      2020
                                          LATITUDE:   29 31 N
                                          LONGITUDE:  98 17 W

  TEMPERATURE IN F:       :PCPN:    SNOW:  WIND      :SUNSHINE: SKY     :PK WND
================================================================================
1   2   3   4   5  6A  6B    7    8   9   10  11  12  13   14  15   16   17  18
                                     12Z  AVG MX 2MIN
DY MAX MIN AVG DEP HDD CDD  WTR  SNW DPTH SPD SPD DIR MIN PSBL S-S WX    SPD DR
================================================================================

 1  91  56  74   M   0   9 0.00    M    M  9.1 18 150   M    M   0         M  M
 2  94  62  78   M   0  13 0.00    M    M 11.5 18 160   M    M   5        21 190
 3  95  70  83   M   0  18 0.00    M    M 10.8 18 150   M    M   5 1      20 170
 4   M   M   M   M   M   M 0.00    M    M 10.6 17 160   M    M   4 1      22 150
 5  90  72  81   M   0  16 0.00    M    M 10.9 18  30   M    M   6        30  30
 6  86  66  76   M   0  11 0.00    M    M 10.6 16  30   M    M   6        22  30
 7  88  57  73   M   0   8 0.00    M    M 11.0 21 170   M    M   6        30 170
 8  88  65  77   M   0  12 0.00    M    M 13.3 22  20   M    M   5        33  30
 9  77  60  69   M   0   4 0.00    M    M  8.9 15  40   M    M   6        21  30
10  82  52  67   M   0   2 0.00    M    M  4.5  8  60   M    M   0         M  M
11  86  57  72   M   0   7 0.00    M    M 10.0 21 130   M    M   4        25 130
12  81  65  73   M   0   8 0.25    M    M 10.8 21  70   M    M   9 13     24 180
13  91  65  78   M   0  13 0.00    M    M  8.5 18 150   M    M   7        23 150
14  93  64  79   M   0  14 0.56    M    M  8.7 17 150   M    M   4 13      M  M
15  93  64  79   M   0  14 0.85    M    M  9.1 18 150   M    M   8 13     22 140
16  87  62  75   M   0  10 0.21    M    M  5.6 12 330   M    M   2 13      M  M
17  91  64  78   M   0  13 0.00    M    M  4.6  9  10   M    M   1         M  M
18  93  63  78   M   0  13 0.00    M    M  6.9 14 170   M    M   0        18 200
19  95  71  83   M   0  18 0.00    M    M  7.6 12 160   M    M   0        17 170
20  96  73  85   M   0  20 0.03    M    M 10.3 17 140   M    M   4        21 120
21  93  69  81   M   0  16    T    M    M 10.2 18 150   M    M   4        23 160
22  95  76  86   M   0  21 0.00    M    M 11.8 18 160   M    M   6        20 190
23  94  70  82   M   0  17 0.02    M    M 12.5 18 140   M    M   6        25 140
================================================================================
SM 1979 1423         0 277  1.92    M    217.8          M       98
================================================================================
AV 90.0 64.7                               9.5 FASTST   M    M   4    MAX(MPH)
                                 MISC ---->  # 22  20               # 33   30
================================================================================
NOTES:
# LAST OF SEVERAL OCCURRENCES

COLUMN 17 PEAK WIND IN M.P.H.

PRELIMINARY LOCAL CLIMATOLOGICAL DATA (WS FORM: F-6) , PAGE 2

                                          STATION:  RANDOLPH AFB
                                          MONTH:    MAY
                                          YEAR:     2020
                                          LATITUDE:   29 31 N
                                          LONGITUDE:  98 17 W

[TEMPERATURE DATA]      [PRECIPITATION DATA]       SYMBOLS USED IN COLUMN 16

AVERAGE MONTHLY: 77.3   TOTAL FOR MONTH:   1.92    1 = FOG OR MIST
DPTR FM NORMAL:     M   DPTR FM NORMAL:       M    2 = FOG REDUCING VISIBILITY
HIGHEST:    96 ON 20    GRTST 24HR  0.85 ON 15-15      TO 1/4 MILE OR LESS
LOWEST:     52 ON 10                               3 = THUNDER
                        SNOW, ICE PELLETS, HAIL    4 = ICE PELLETS
                        TOTAL MONTH:    M          5 = HAIL
                        GRTST 24HR    M  ON   M    6 = FREEZING RAIN OR DRIZZLE
                        GRTST DEPTH:  M  ON   M    7 = DUSTSTORM OR SANDSTORM:
                                                       VSBY 1/2 MILE OR LESS
                                                   8 = SMOKE OR HAZE
[NO. OF DAYS WITH]      [WEATHER - DAYS WITH]      9 = BLOWING SNOW
                                                   X = TORNADO
MAX 32 OR BELOW:   0    0.01 INCH OR MORE:   6
MAX 90 OR ABOVE:  14    0.10 INCH OR MORE:   4
MIN 32 OR BELOW:   0    0.50 INCH OR MORE:   2
MIN  0 OR BELOW:   0    1.00 INCH OR MORE:   0

[HDD (BASE 65) ]
TOTAL THIS MO.     0    CLEAR  (SCALE 0-3)   6
DPTR FM NORMAL     M    PTCLDY (SCALE 4-7)  16
TOTAL FM JUL 1  1249    CLOUDY (SCALE 8-10)  1
DPTR FM NORMAL     M

[CDD (BASE 65) ]
TOTAL THIS MO.   277
DPTR FM NORMAL     M    [PRESSURE DATA]
TOTAL FM JAN 1   630    HIGHEST SLP M ON M
DPTR FM NORMAL     M    LOWEST  SLP M ON M

[REMARKS]
