000
CXUS54 KEWX 230910
CF6RND
PRELIMINARY LOCAL CLIMATOLOGICAL DATA (WS FORM: F-6)

                                          STATION:   RANDOLPH AFB
                                          MONTH:     OCTOBER
                                          YEAR:      2019
                                          LATITUDE:   29 31 N
                                          LONGITUDE:  98 17 W

  TEMPERATURE IN F:       :PCPN:    SNOW:  WIND      :SUNSHINE: SKY     :PK WND
================================================================================
1   2   3   4   5  6A  6B    7    8   9   10  11  12  13   14  15   16   17  18
                                     12Z  AVG MX 2MIN
DY MAX MIN AVG DEP HDD CDD  WTR  SNW DPTH SPD SPD DIR MIN PSBL S-S WX    SPD DR
================================================================================

 1  94  76  85   M   0  20 0.00    M    M 10.5 14 140   M    M   5        16 150
 2  94  73  84   M   0  19 0.00    M    M  6.2 13 140   M    M   5 1       M  M
 3  93  72  83   M   0  18 0.00    M    M  4.8 10 100   M    M   3         M  M
 4  92  69  81   M   0  16 0.00    M    M  4.8 13 160   M    M   2        17 100
 5  93  69  81   M   0  16 0.00    M    M  3.5 12 110   M    M   0         M  M
 6  94  69  82   M   0  17 0.00    M    M  4.1 10 100   M    M   1         M  M
 7   M   M   M   M   M   M 0.00    M    M  9.6 20 330   M    M   2        24 330
 8  86  63  75   M   0  10 0.00    M    M  5.6  8  90   M    M   0         M  M
 9  94  66  80   M   0  15 0.00    M    M  8.9 17 150   M    M   5        32 190
10  96  76  86   M   0  21    T    M    M 13.6 17 180   M    M   6        31 190
11  79  51  65   M   0   0    T    M    M 17.5 30 350   M    M  10        44  20
12  71  55  63   M   2   0 0.00    M    M  9.5 21  20   M    M   8        27  20
13  77  58  68   M   0   3 0.00    M    M  1.7  6 180   M    M   9         M  M
14  91  68  80   M   0  15 0.01    M    M  3.8 10 150   M    M   7 18      M  M
15  93  72  83   M   0  18 0.04    M    M  8.1 16 290   M    M   7 13     35 320
16  74  57  66   M   0   1 0.49    M    M  9.5 18 360   M    M   7 3      30 360
17  75  55  65   M   0   0 0.00    M    M  5.4  8 110   M    M   4         M  M
18  83  53  68   M   0   3 0.00    M    M  3.6  9 160   M    M   1         M  M
19  92  65  79   M   0  14 0.00    M    M  4.1  9 230   M    M   5         M  M
20  92  70  81   M   0  16 0.00    M    M  9.1 20 160   M    M   8 18     27 160
21  82  61  72   M   0   7 0.17    M    M  9.8 21  10   M    M   3 13     32  30
22  82  49  66   M   0   1 0.00    M    M  7.1 12 100   M    M   0         M  M
================================================================================
SM 1827 1347         2 230  0.71    M    160.8          M       98
================================================================================
AV 87.0 64.1                               7.3 FASTST   M    M   4    MAX(MPH)
                                 MISC ---->  # 30 350               # 44   20
================================================================================
NOTES:
# LAST OF SEVERAL OCCURRENCES

COLUMN 17 PEAK WIND IN M.P.H.

PRELIMINARY LOCAL CLIMATOLOGICAL DATA (WS FORM: F-6) , PAGE 2

                                          STATION:  RANDOLPH AFB
                                          MONTH:    OCTOBER
                                          YEAR:     2019
                                          LATITUDE:   29 31 N
                                          LONGITUDE:  98 17 W

[TEMPERATURE DATA]      [PRECIPITATION DATA]       SYMBOLS USED IN COLUMN 16

AVERAGE MONTHLY: 75.6   TOTAL FOR MONTH:   0.71    1 = FOG OR MIST
DPTR FM NORMAL:     M   DPTR FM NORMAL:       M    2 = FOG REDUCING VISIBILITY
HIGHEST:    96 ON 10    GRTST 24HR  0.49 ON 16-16      TO 1/4 MILE OR LESS
LOWEST:     49 ON 22                               3 = THUNDER
                        SNOW, ICE PELLETS, HAIL    4 = ICE PELLETS
                        TOTAL MONTH:    M          5 = HAIL
                        GRTST 24HR    M  ON   M    6 = FREEZING RAIN OR DRIZZLE
                        GRTST DEPTH:  M  ON   M    7 = DUSTSTORM OR SANDSTORM:
                                                       VSBY 1/2 MILE OR LESS
                                                   8 = SMOKE OR HAZE
[NO. OF DAYS WITH]      [WEATHER - DAYS WITH]      9 = BLOWING SNOW
                                                   X = TORNADO
MAX 32 OR BELOW:   0    0.01 INCH OR MORE:   4
MAX 90 OR ABOVE:  12    0.10 INCH OR MORE:   2
MIN 32 OR BELOW:   0    0.50 INCH OR MORE:   0
MIN  0 OR BELOW:   0    1.00 INCH OR MORE:   0

[HDD (BASE 65) ]
TOTAL THIS MO.     2    CLEAR  (SCALE 0-3)   9
DPTR FM NORMAL     M    PTCLDY (SCALE 4-7)  11
TOTAL FM JUL 1     2    CLOUDY (SCALE 8-10)  2
DPTR FM NORMAL     M

[CDD (BASE 65) ]
TOTAL THIS MO.   230
DPTR FM NORMAL     M    [PRESSURE DATA]
TOTAL FM JAN 1  3136    HIGHEST SLP M ON M
DPTR FM NORMAL     M    LOWEST  SLP M ON M

[REMARKS]
