000
CXUS51 KRNK 250621 RRA
CF6RNK

PRELIMINARY LOCAL CLIMATOLOGICAL DATA (WS FORM: F-6)

                                          STATION:   BLACKSBURG VA
                                          MONTH:     FEBRUARY
                                          YEAR:      2020
                                          LATITUDE:   37 13 N
                                          LONGITUDE:  80 25 W

  TEMPERATURE IN F:       :PCPN:    SNOW:  WIND      :SUNSHINE: SKY     :PK WND
================================================================================
1   2   3   4   5  6A  6B    7    8   9   10  11  12  13   14  15   16   17  18
                                     12Z  AVG MX 2MIN
DY MAX MIN AVG DEP HDD CDD  WTR  SNW DPTH SPD SPD DIR MIN PSBL S-S WX    SPD DR
================================================================================

 1  46  33  40   8  25   0    T  0.0    0  3.9 16 300   M    M  10 1      25 290
 2  58  32  45  13  20   0    T    T    0  9.7 20 280   M    M   3        29 280
 3  62  41  52  20  13   0 0.00  0.0    0  3.5  9 240   M    M   0        23 280
 4  59  43  51  19  14   0    T  0.0    0  6.2 12 250   M    M   8        22 260
 5  57  38  48  15  17   0 0.63  0.0    0  3.9 12 120   M    M  10 12      M  M
 6  52  36  44  11  21   0 1.87  0.0    0  2.3 14 130   M    M  10 13     22 130
 7  53  26  40   7  25   0 0.92    T    0  9.5 18 290   M    M  10 3      31 280
 8  40  23  32  -1  33   0    T    T    0  3.4 12 300   M    M   7        20 280
 9  50  23  37   4  28   0 0.00  0.0    0  1.8  9 170   M    M   2         M  M
10  49  29  39   6  26   0 0.43  0.0    0  0.4  7 110   M    M   8 1       M  M
11  59  41  50  16  15   0 0.35  0.0    0  3.2 18 310   M    M  10 1      23 300
12  42  35  39   5  26   0    T  0.0    0  3.5  9 120   M    M   9 12      M  M
13  57  32  45  11  20   0 0.40    T    0  5.8 17 300   M    M   9 1      30 290
14  35  18  27  -7  38   0 0.00  0.0    0  9.5 15 310   M    M   3        24 300
15  40  11  26  -8  39   0 0.00  0.0    0  2.4  8 110   M    M   0         M  M
16  53  24  39   5  26   0 0.00  0.0    0  0.8  6 180   M    M   4         M  M
17  54  27  41   7  24   0 0.00  0.0    0  2.8  9 150   M    M   0         M  M
18  52  33  43   8  22   0 0.17  0.0    0  2.4 14 330   M    M   9 1      20 310
19  46  28  37   2  28   0    T  0.0    0  5.1 12 330   M    M   3        16 330
20  35  27  31  -4  34   0 0.02  0.2    0  2.2 20 330   M    M   8        20 330
21  39  18  29  -6  36   0 0.00  0.0    0  5.8 13 340   M    M   2        20 340
22  52  24  38   2  27   0 0.00  0.0    0  3.0  8 290   M    M   0         M  M
23  58  18  38   2  27   0 0.00  0.0    0  0.9  7 250   M    M   1         M  M
24  44  29  37   1  28   0 0.06  0.0    0  0.7  7 110   M    M   7         M  M
================================================================================
SM 1192  689       612   0  4.85     0.2  92.7          M      133
================================================================================
AV 49.7 28.7                               3.9 FASTST   M    M   6    MAX(MPH)
                                 MISC ---->  # 20 280               # 31  280
================================================================================
NOTES:
# LAST OF SEVERAL OCCURRENCES

COLUMN 17 PEAK WIND IN M.P.H.

PRELIMINARY LOCAL CLIMATOLOGICAL DATA (WS FORM: F-6) , PAGE 2

                                          STATION:  BLACKSBURG VA
                                          MONTH:    FEBRUARY
                                          YEAR:     2020
                                          LATITUDE:   37 13 N
                                          LONGITUDE:  80 25 W

[TEMPERATURE DATA]      [PRECIPITATION DATA]       SYMBOLS USED IN COLUMN 16

AVERAGE MONTHLY: 39.2   TOTAL FOR MONTH:   4.85    1 = FOG OR MIST
DPTR FM NORMAL:   5.4   DPTR FM NORMAL:    2.43    2 = FOG REDUCING VISIBILITY
HIGHEST:    62 ON  3    GRTST 24HR  1.87 ON  6- 6      TO 1/4 MILE OR LESS
LOWEST:     11 ON 15                               3 = THUNDER
                        SNOW, ICE PELLETS, HAIL    4 = ICE PELLETS
                        TOTAL MONTH:   0.2 INCH    5 = HAIL
                        GRTST 24HR   0.2 ON 20-20  6 = FREEZING RAIN OR DRIZZLE
                        GRTST DEPTH:   0           7 = DUSTSTORM OR SANDSTORM:
                                                       VSBY 1/2 MILE OR LESS
                                                   8 = SMOKE OR HAZE
[NO. OF DAYS WITH]      [WEATHER - DAYS WITH]      9 = BLOWING SNOW
                                                   X = TORNADO
MAX 32 OR BELOW:   0    0.01 INCH OR MORE:   9
MAX 90 OR ABOVE:   0    0.10 INCH OR MORE:   7
MIN 32 OR BELOW:  16    0.50 INCH OR MORE:   3
MIN  0 OR BELOW:   0    1.00 INCH OR MORE:   1

[HDD (BASE 65) ]
TOTAL THIS MO.   612    CLEAR  (SCALE 0-3)   9
DPTR FM NORMAL  -135    PTCLDY (SCALE 4-7)   7
TOTAL FM JUL 1  3303    CLOUDY (SCALE 8-10)  8
DPTR FM NORMAL  -631

[CDD (BASE 65) ]
TOTAL THIS MO.     0
DPTR FM NORMAL     0    [PRESSURE DATA]
TOTAL FM JAN 1     0    HIGHEST SLP M ON M
DPTR FM NORMAL     0    LOWEST  SLP M ON M

[REMARKS]
