000
CXUS55 KREV 291018
CF6RNO
PRELIMINARY LOCAL CLIMATOLOGICAL DATA (WS FORM: F-6)

                                          STATION:   RENO-TAHOE INTL AIRPORT NV
                                          MONTH:     MAY
                                          YEAR:      2020
                                          LATITUDE:   39 30 N
                                          LONGITUDE: 119 47 W

  TEMPERATURE IN F:       :PCPN:    SNOW:  WIND      :SUNSHINE: SKY     :PK WND
================================================================================
1   2   3   4   5  6A  6B    7    8   9   10  11  12  13   14  15   16   17  18
                                     12Z  AVG MX 2MIN
DY MAX MIN AVG DEP HDD CDD  WTR  SNW DPTH SPD SPD DIR MIN PSBL S-S WX    SPD DR
================================================================================

 1  73  47  60   5   5   0 0.00  0.0    0  6.4 22 290   M    M   4        27 280
 2  72  43  58   3   7   0 0.00  0.0    0 11.0 36 160   M    M   5        45 160
 3  69  46  58   2   7   0 0.00  0.0    0  9.1 18 250   M    M   2        31 240
 4  74  37  56   0   9   0 0.00  0.0    0  4.8 16 290   M    M   2        19 280
 5  80  42  61   5   4   0 0.00  0.0    0  8.2 25 180   M    M   5        33 250
 6  75  45  60   3   5   0 0.00  0.0    0  6.0 21 360   M    M   3        26 360
 7  76  42  59   2   6   0 0.00  0.0    0  5.8 17  60   M    M   2        25  50
 8  84  42  63   6   2   0 0.00  0.0    0  4.0 18 360   M    M   3        21  30
 9  88  48  68  10   0   3 0.00  0.0    0  5.3 18 280   M    M   6        23 290
10  83  50  67   9   0   2 0.00  0.0    0  8.3 25 210   M    M   7        32 210
11  74  54  64   6   1   0 0.00  0.0    0 12.6 29 190   M    M   6        36 190
12  61  48  55  -3  10   0 0.01  0.0    0 12.2 23 150   M    M   7        29 280
13  64  43  54  -5  11   0 0.00  0.0    0  9.6 23 280   M    M   7        36 220
14  60  47  54  -5  11   0    T  0.0    0  8.8 26 290   M    M   8        32 280
15  73  40  57  -2   8   0 0.00  0.0    0  4.7 16 340   M    M   5        21 340
16  78  50  64   4   1   0 0.00  0.0    0  9.2 31 190   M    M   6        38 190
17  70  53  62   2   3   0    T  0.0    0 22.1 46 180   M    M   7        57 170
18  59  45  52  -8  13   0    T  0.0    0 15.3 28 290   M    M   7        36 290
19  58  44  51  -9  14   0 0.01  0.0    0 13.0 28 290   M    M   8        34 270
20  66  42  54  -7  11   0 0.03  0.0    0 10.4 23 270   M    M   6        29 280
21  74  41  58  -3   7   0 0.00  0.0    0  9.3 28 240   M    M   3        36 240
22  62  44  53  -8  12   0 0.00  0.0    0 10.5 29 350   M    M   6        38 350
23  71  36  54  -8  11   0 0.00  0.0    0  3.9 15  20   M    M   2        19  10
24  77  42  60  -2   5   0 0.00  0.0    0  4.2 14  40   M    M   4        24  90
25  87  47  67   5   0   2 0.00  0.0    0  4.2 16 280   M    M   1        27 280
26  92  57  75  13   0  10 0.00  0.0    0  7.2 21 280   M    M   4        26 280
27  93  56  75  13   0  10 0.00  0.0    0  5.9 18 280   M    M   2        24 260
28  96  54  75  12   0  10 0.00  0.0    0  6.4 21 260   M    M   0        29 280
================================================================================
SM 2089 1285       163  37  0.05  0.0    238.4          M      128
================================================================================
AV 74.6 45.9                               8.5 FASTST   M    M   5    MAX(MPH)
                                 MISC ---->    46 180                 57 170
================================================================================
NOTES:
# LAST OF SEVERAL OCCURRENCES

COLUMN 17 PEAK WIND IN M.P.H.

PRELIMINARY LOCAL CLIMATOLOGICAL DATA (WS FORM: F-6) , PAGE 2

                                          STATION:   RENO-TAHOE INTL AIRPORT NV
                                          MONTH:     MAY
                                          YEAR:      2020
                                          LATITUDE:   39 30 N
                                          LONGITUDE: 119 47 W

[TEMPERATURE DATA]      [PRECIPITATION DATA]       SYMBOLS USED IN COLUMN 16

AVERAGE MONTHLY: 60.3   TOTAL FOR MONTH:   0.05    1 = FOG OR MIST
DPTR FM NORMAL:   1.2   DPTR FM NORMAL:   -0.39    2 = FOG REDUCING VISIBILITY
HIGHEST:    96 ON 28    GRTST 24HR  0.04 ON 19-20      TO 1/4 MILE OR LESS
LOWEST:     36 ON 23                               3 = THUNDER
                        SNOW, ICE PELLETS, HAIL    4 = ICE PELLETS
                        TOTAL MONTH:   0.0 INCH    5 = HAIL
                        GRTST 24HR  0.0            6 = FREEZING RAIN OR DRIZZLE
                        GRTST DEPTH:  0            7 = DUSTSTORM OR SANDSTORM:
                                                       VSBY 1/2 MILE OR LESS
                                                   8 = SMOKE OR HAZE
[NO. OF DAYS WITH]      [WEATHER - DAYS WITH]      9 = BLOWING SNOW
                                                   X = TORNADO
MAX 32 OR BELOW:   0    0.01 INCH OR MORE:   3
MAX 90 OR ABOVE:   3    0.10 INCH OR MORE:   0
MIN 32 OR BELOW:   0    0.50 INCH OR MORE:   0
MIN  0 OR BELOW:   0    1.00 INCH OR MORE:   0

[HDD (BASE 65) ]
TOTAL THIS MO.   163    CLEAR  (SCALE 0-3)   9
DPTR FM NORMAL   -31    PTCLDY (SCALE 4-7)  18
TOTAL FM JUL 1  4551    CLOUDY (SCALE 8-10)  1
DPTR FM NORMAL  -305

[CDD (BASE 65) ]
TOTAL THIS MO.    37
DPTR FM NORMAL     9    [PRESSURE DATA]
TOTAL FM JAN 1    43    HIGHEST SLP M ON M
DPTR FM NORMAL    14    LOWEST  SLP 29.61 ON 17

[REMARKS]
