000
CXUS55 KREV 230844
CF6RNO
PRELIMINARY LOCAL CLIMATOLOGICAL DATA (WS FORM: F-6)

                                          STATION:   RENO-TAHOE INTL AIRPORT NV
                                          MONTH:     OCTOBER
                                          YEAR:      2019
                                          LATITUDE:   39 30 N
                                          LONGITUDE: 119 47 W

  TEMPERATURE IN F:       :PCPN:    SNOW:  WIND      :SUNSHINE: SKY     :PK WND
================================================================================
1   2   3   4   5  6A  6B    7    8   9   10  11  12  13   14  15   16   17  18
                                     12Z  AVG MX 2MIN
DY MAX MIN AVG DEP HDD CDD  WTR  SNW DPTH SPD SPD DIR MIN PSBL S-S WX    SPD DR
================================================================================

 1  58  36  47 -13  18   0 0.00  0.0    0  3.6 14 360   M    M   4        17 360
 2  68  33  51  -8  14   0 0.00  0.0    0  2.3 10  70   M    M   0        14  80
 3  71  36  54  -5  11   0 0.00  0.0    0  6.7 23 280   M    M   2        32 280
 4  64  44  54  -5  11   0 0.00  0.0    0  6.6 21 340   M    M   3        24 340
 5  71  36  54  -4  11   0 0.00  0.0    0  3.2 15  30   M    M   1        19  30
 6  72  37  55  -3  10   0 0.00  0.0    0  4.4 15  50   M    M   M        23  50
 7  81  39  60   2   5   0 0.00  0.0    0  2.3 15 290   M    M   M        20 290
 8  81  41  61   4   4   0 0.00  0.0    0  6.1 20 280   M    M   M        27 240
 9  62  38  50  -7  15   0 0.00  0.0    0  9.0 20  10   M    M   1        25  10
10  57  32  45 -11  20   0 0.00  0.0    0  7.2 18  70   M    M   0        22  50
11  65  29  47  -9  18   0 0.00  0.0    0  2.0  8  30   M    M   1        13 270
12  72  30  51  -5  14   0 0.00  0.0    0  1.2  8 100   M    M   1        14 270
13  73  37  55   0  10   0 0.00  0.0    0  3.6 20 340   M    M   4        24 340
14  73  34  54  -1  11   0 0.00  0.0    0  1.4  8 310   M    M   1        14 290
15  79  36  58   4   7   0 0.00  0.0    0  3.3 17 280   M    M   M        29 270
16  71  38  55   1  10   0 0.00  0.0    0  2.9 18 250   M    M   M        22 240
17  65  43  54   0  11   0    T  0.0    0 15.7 32 300   M    M   3        40 310
18  67  33  50  -3  15   0 0.00  0.0    0  5.2 20 260   M    M   3        26 250
19  64  37  51  -2  14   0 0.00  0.0    0  9.5 30 250   M    M   5        40 240
20  65  34  50  -2  15   0 0.00  0.0    0  3.1 13 320   M    M   2        19 310
21  70  39  55   3  10   0 0.00  0.0    0  1.7 10  10   M    M   1        13 270
22  74  36  55   3  10   0 0.00  0.0    0  2.2 13  10   M    M   2        16  30
================================================================================
SM 1523  798       264   0    T      0.0 103.2          M       34
================================================================================
AV 69.2 36.3                               4.7 FASTST   M    M   2    MAX(MPH)
                                 MISC ---->  # 32 300               # 40  310
================================================================================
NOTES:
# LAST OF SEVERAL OCCURRENCES

COLUMN 17 PEAK WIND IN M.P.H.

PRELIMINARY LOCAL CLIMATOLOGICAL DATA (WS FORM: F-6) , PAGE 2

                                          STATION:  RENO-TAHOE INTL AIRPORT NV
                                          MONTH:    OCTOBER
                                          YEAR:     2019
                                          LATITUDE:   39 30 N
                                          LONGITUDE: 119 47 W

[TEMPERATURE DATA]      [PRECIPITATION DATA]       SYMBOLS USED IN COLUMN 16

AVERAGE MONTHLY: 52.8   TOTAL FOR MONTH:      T    1 = FOG OR MIST
DPTR FM NORMAL:  -3.0   DPTR FM NORMAL:   -0.35    2 = FOG REDUCING VISIBILITY
HIGHEST:    81 ON  8, 7 GRTST 24HR    T  ON 17-17      TO 1/4 MILE OR LESS
LOWEST:     29 ON 11                               3 = THUNDER
                        SNOW, ICE PELLETS, HAIL    4 = ICE PELLETS
                        TOTAL MONTH:   0.0 INCH    5 = HAIL
                        GRTST 24HR     0.0         6 = FREEZING RAIN OR DRIZZLE
                        GRTST DEPTH:   0           7 = DUSTSTORM OR SANDSTORM:
                                                       VSBY 1/2 MILE OR LESS
                                                   8 = SMOKE OR HAZE
[NO. OF DAYS WITH]      [WEATHER - DAYS WITH]      9 = BLOWING SNOW
                                                   X = TORNADO
MAX 32 OR BELOW:   0    0.01 INCH OR MORE:   0
MAX 90 OR ABOVE:   0    0.10 INCH OR MORE:   0
MIN 32 OR BELOW:   3    0.50 INCH OR MORE:   0
MIN  0 OR BELOW:   0    1.00 INCH OR MORE:   0

[HDD (BASE 65) ]
TOTAL THIS MO.   264    CLEAR  (SCALE 0-3)  13
DPTR FM NORMAL    54    PTCLDY (SCALE 4-7)   4
TOTAL FM JUL 1   383    CLOUDY (SCALE 8-10)  0
DPTR FM NORMAL    83

[CDD (BASE 65) ]
TOTAL THIS MO.     0
DPTR FM NORMAL    -4    [PRESSURE DATA]
TOTAL FM JAN 1  1107    HIGHEST SLP M ON M
DPTR FM NORMAL   269    LOWEST  SLP 29.68 ON 17

[REMARKS]
