856
CXUS55 KREV 210850
CF6RNO
PRELIMINARY LOCAL CLIMATOLOGICAL DATA (WS FORM: F-6)

                                          STATION:   RENO-TAHOE INTL AIRPORT NV
                                          MONTH:     AUGUST
                                          YEAR:      2018
                                          LATITUDE:   39 30 N
                                          LONGITUDE: 119 47 W

  TEMPERATURE IN F:       :PCPN:    SNOW:  WIND      :SUNSHINE: SKY     :PK WND
================================================================================
1   2   3   4   5  6A  6B    7    8   9   10  11  12  13   14  15   16   17  18
                                     12Z  AVG MX 2MIN
DY MAX MIN AVG DEP HDD CDD  WTR  SNW DPTH SPD SPD DIR MIN PSBL S-S WX    SPD DR
================================================================================

 1 101  68  85   9   0  20 0.00  0.0    0  6.6 22 300   M    M   2 8      29 300
 2  99  64  82   6   0  17 0.00  0.0    0  5.7 23 280   M    M   2        32 300
 3  97  60  79   3   0  14 0.00  0.0    0  7.3 23 290   M    M   3 8      29 310
 4  91  60  76   1   0  11 0.00  0.0    0  9.6 31 230   M    M   6 8      39 230
 5  92  55  74  -1   0   9 0.00  0.0    0  5.0 18 330   M    M   2        25  80
 6  94  57  76   1   0  11 0.00  0.0    0  2.9 12  40   M    M   2 8      20 260
 7  99  58  79   4   0  14 0.00  0.0    0  3.8 14 300   M    M   0 8      17  60
 8 101  62  82   7   0  17 0.00  0.0    0  5.5 20 300   M    M   2 8      31 290
 9 104  63  84   9   0  19 0.00  0.0    0  4.4 21 290   M    M   3 8      31 290
10 102  65  84  10   0  19 0.00  0.0    0  5.8 21 350   M    M   3 8      33 350
11 101  66  84  10   0  19 0.00  0.0    0  6.3 22 300   M    M   3 8      28 310
12  99  65  82   8   0  17 0.00  0.0    0  5.8 21 280   M    M   3        26 290
13  98  63  81   7   0  16 0.00  0.0    0  5.8 18 300   M    M   3        28 270
14  97  65  81   7   0  16    T  0.0    0  7.2 39 190   M    M   5 378    49 190
15  97  69  83   9   0  18 0.00  0.0    0  6.1 20 280   M    M   4        25 290
16  97  65  81   8   0  16 0.00  0.0    0  6.3 23 290   M    M   2        31 280
17  97  62  80   7   0  15 0.00  0.0    0  7.1 23 300   M    M   1        30 290
18  98  60  79   6   0  14 0.00  0.0    0  6.2 20  10   M    M   2        24 290
19 101  62  82   9   0  17 0.00  0.0    0  6.7 25 280   M    M   1        34 280
20  96  61  79   7   0  14 0.00  0.0    0  7.3 18 280   M    M   2        28 280
================================================================================
SM 1961 1250         0 313    T      0.0 121.4          M       51
================================================================================
AV 98.1 62.5                               6.1 FASTST   M    M   3    MAX(MPH)
                                 MISC ---->  # 39 190               # 49  190
================================================================================
NOTES:
# LAST OF SEVERAL OCCURRENCES

COLUMN 17 PEAK WIND IN M.P.H.

PRELIMINARY LOCAL CLIMATOLOGICAL DATA (WS FORM: F-6) , PAGE 2

                                          STATION:  RENO-TAHOE INTL AIRPORT NV
                                          MONTH:    AUGUST
                                          YEAR:     2018
                                          LATITUDE:   39 30 N
                                          LONGITUDE: 119 47 W

[TEMPERATURE DATA]      [PRECIPITATION DATA]       SYMBOLS USED IN COLUMN 16

AVERAGE MONTHLY: 80.3   TOTAL FOR MONTH:      T    1 = FOG OR MIST
DPTR FM NORMAL:   6.0   DPTR FM NORMAL:   -0.17    2 = FOG REDUCING VISIBILITY
HIGHEST:   104 ON  9    GRTST 24HR    T  ON 14-14      TO 1/4 MILE OR LESS
LOWEST:     55 ON  5                               3 = THUNDER
                        SNOW, ICE PELLETS, HAIL    4 = ICE PELLETS
                        TOTAL MONTH:   0.0 INCH    5 = HAIL
                        GRTST 24HR     0.0         6 = FREEZING RAIN OR DRIZZLE
                        GRTST DEPTH:   0           7 = DUSTSTORM OR SANDSTORM:
                                                       VSBY 1/2 MILE OR LESS
                                                   8 = SMOKE OR HAZE
[NO. OF DAYS WITH]      [WEATHER - DAYS WITH]      9 = BLOWING SNOW
                                                   X = TORNADO
MAX 32 OR BELOW:   0    0.01 INCH OR MORE:   0
MAX 90 OR ABOVE:  20    0.10 INCH OR MORE:   0
MIN 32 OR BELOW:   0    0.50 INCH OR MORE:   0
MIN  0 OR BELOW:   0    1.00 INCH OR MORE:   0

[HDD (BASE 65) ]
TOTAL THIS MO.     0    CLEAR  (SCALE 0-3)  15
DPTR FM NORMAL     0    PTCLDY (SCALE 4-7)   5
TOTAL FM JUL 1     0    CLOUDY (SCALE 8-10)  0
DPTR FM NORMAL    -5

[CDD (BASE 65) ]
TOTAL THIS MO.   313
DPTR FM NORMAL   125    [PRESSURE DATA]
TOTAL FM JAN 1  1081    HIGHEST SLP M ON M
DPTR FM NORMAL   406    LOWEST  SLP 29.95 ON  4

[REMARKS]
