000
CXUS51 KBUF 161205
CF6ROC
PRELIMINARY LOCAL CLIMATOLOGICAL DATA (WS FORM: F-6)

                                          STATION:   ROCHESTER NY
                                          MONTH:     FEBRUARY
                                          YEAR:      2019
                                          LATITUDE:   43  7 N
                                          LONGITUDE:  77 40 W

  TEMPERATURE IN F:       :PCPN:    SNOW:  WIND      :SUNSHINE: SKY     :PK WND
================================================================================
1   2   3   4   5  6A  6B    7    8   9   10  11  12  13   14  15   16   17  18
                                     12Z  AVG MX 2MIN
DY MAX MIN AVG DEP HDD CDD  WTR  SNW DPTH SPD SPD DIR MIN PSBL S-S WX    SPD DR
================================================================================

 1  17   0   9 -15  56   0    T    T    4  7.9 15 230   M    M   3        18 230
 2  39   4  22  -2  43   0 0.00  0.0    0 10.6 24 250   M    M   8 18     35 240
 3  55  33  44  19  21   0 0.02  0.0    2  9.9 18 220   M    M   9 1      25 210
 4  63  45  54  29  11   0    T  0.0    1 10.5 20 230   M    M   9        26 220
 5  55  28  42  17  23   0 0.01  0.0    0 11.0 20 230   M    M  10 1      25 230
 6  35  26  31   6  34   0 0.51  0.0    0  7.4 17 110   M    M  10 126    20 110
 7  56  28  42  17  23   0 0.09    T    T  7.1 25 190   M    M  10 16     34 190
 8  60  18  39  14  26   0 0.03    T    0 28.2 43 270   M    M  10 1      58 270
 9  26  16  21  -4  44   0    T    T    T 15.6 29 280   M    M   8        43 290
10  29  17  23  -2  42   0    T    T    T  7.4 15 260   M    M   9        18 260
11  30  23  27   1  38   0    T    T    T 11.5 20  50   M    M   9        23  50
12  37  23  30   4  35   0 0.82  3.4    0 12.9 26 150   M    M  10 12469  38 140
13  37  25  31   5  34   0 0.20  2.8    3 20.4 35 260   M    M  10 19     45 280
14  42  24  33   7  32   0    T  0.1    4 10.4 21 270   M    M   9        32 270
15  45  27  36  10  29   0 0.04    T    3 17.0 38 270   M    M  10 1      53 260
================================================================================
SM  626  337       491   0  1.72     6.3 187.8          M      134
================================================================================
AV 41.7 22.5                              12.5 FASTST   M    M   9    MAX(MPH)
                                 MISC ---->  # 43 270               # 58  270
================================================================================
NOTES:
# LAST OF SEVERAL OCCURRENCES

COLUMN 17 PEAK WIND IN M.P.H.

PRELIMINARY LOCAL CLIMATOLOGICAL DATA (WS FORM: F-6) , PAGE 2

                                          STATION:  ROCHESTER NY
                                          MONTH:    FEBRUARY
                                          YEAR:     2019
                                          LATITUDE:   43  7 N
                                          LONGITUDE:  77 40 W

[TEMPERATURE DATA]      [PRECIPITATION DATA]       SYMBOLS USED IN COLUMN 16

AVERAGE MONTHLY: 32.1   TOTAL FOR MONTH:   1.72    1 = FOG OR MIST
DPTR FM NORMAL:   6.9   DPTR FM NORMAL:    0.72    2 = FOG REDUCING VISIBILITY
HIGHEST:    63 ON  4    GRTST 24HR  0.82 ON 12-12      TO 1/4 MILE OR LESS
LOWEST:      0 ON  1                               3 = THUNDER
                        SNOW, ICE PELLETS, HAIL    4 = ICE PELLETS
                        TOTAL MONTH:   6.3 INCHES  5 = HAIL
                        GRTST 24HR   3.4 ON 12-12  6 = FREEZING RAIN OR DRIZZLE
                        GRTST DEPTH:   4 ON 14, 1  7 = DUSTSTORM OR SANDSTORM:
                                                       VSBY 1/2 MILE OR LESS
                                                   8 = SMOKE OR HAZE
[NO. OF DAYS WITH]      [WEATHER - DAYS WITH]      9 = BLOWING SNOW
                                                   X = TORNADO
MAX 32 OR BELOW:   4    0.01 INCH OR MORE:   8
MAX 90 OR ABOVE:   0    0.10 INCH OR MORE:   3
MIN 32 OR BELOW:  13    0.50 INCH OR MORE:   2
MIN  0 OR BELOW:   1    1.00 INCH OR MORE:   0

[HDD (BASE 65) ]
TOTAL THIS MO.   491    CLEAR  (SCALE 0-3)   0
DPTR FM NORMAL  -105    PTCLDY (SCALE 4-7)   3
TOTAL FM JUL 1  4101    CLOUDY (SCALE 8-10) 12
DPTR FM NORMAL  -199

[CDD (BASE 65) ]
TOTAL THIS MO.     0
DPTR FM NORMAL     0    [PRESSURE DATA]
TOTAL FM JAN 1     0    HIGHEST SLP M ON M
DPTR FM NORMAL     0    LOWEST  SLP 29.47 ON M

[REMARKS]
