000
CXUS54 KFWD 220730
CF6RPH
PRELIMINARY LOCAL CLIMATOLOGICAL DATA (WS FORM: F-6)

                                          STATION:   GRAHAM
                                          MONTH:     OCTOBER
                                          YEAR:      2018
                                          LATITUDE:   33  6 N
                                          LONGITUDE:  98 30 W

  TEMPERATURE IN F:       :PCPN:    SNOW:  WIND      :SUNSHINE: SKY     :PK WND
================================================================================
1   2   3   4   5  6A  6B    7    8   9   10  11  12  13   14  15   16   17  18
                                     12Z  AVG MX 2MIN
DY MAX MIN AVG DEP HDD CDD  WTR  SNW DPTH SPD SPD DIR MIN PSBL S-S WX    SPD DR
================================================================================

 1  85  66  76   7   0  11 0.00  0.0    0  4.5 10 200   M    M   3         M  M
 2  88  69  79  10   0  14 0.00  0.0    0  5.6 12 150   M    M   3        17 130
 3  90  72  81  13   0  16 0.00  0.0    0  8.2 14 170   M    M   2        25 170
 4  90  72  81  13   0  16 0.00  0.0    0  6.6 10 170   M    M   1         M  M
 5  89  70  80  12   0  15 0.00  0.0    0  7.2 15 150   M    M   1        22 150
 6  89  66  78  11   0  13 0.17  0.0    0  4.6 15 260   M    M   4        22 260
 7  86  66  76   9   0  11 0.04  0.0    0  8.4 15 150   M    M   3        24 150
 8  76  67  72   5   0   7 0.08  0.0    0  7.5 14 150   M    M   3        22 130
 9  71  61  66   0   0   1 0.47  0.0    0  3.2  9 110   M    M   7         M  M
10  68  48  58  -8   7   0 0.00  0.0    0  5.3 16 310   M    M   2        22 310
11  68  49  59  -7   6   0 0.00  0.0    0  3.2 10  50   M    M   2        16  50
12  67  57  62  -4   3   0 0.06  0.0    0  1.6  6 100   M    M   7         M  M
13  61  57  59  -6   6   0 0.08  0.0    0  3.9 10  50   M    M  10 1      17  60
14  71  40  56  -9   9   0 0.01  0.0    0  7.1 22 330   M    M  10 1      29 330
15  47  36  42 -22  23   0 0.11  0.0    0 13.1 21 340   M    M   9        31 340
16  49  41  45 -19  20   0 0.07  0.0    0  5.6  9 340   M    M   9         M  M
17  52  45  49 -15  16   0 0.12  0.0    0  1.6  7  30   M    M   7         M  M
18  63  47  55  -9  10   0 0.05    M    0  1.2  8  70   M    M   9         M  M
19  60  54  57  -6   8   0 0.06  0.0    0  0.0  M   M   M    M   7 1       M  M
20  72  47  60  -3   5   0 0.00  0.0    0  3.1 13  20   M    M   3 12     21  20
21  71  41  56  -7   9   0 0.00  0.0    0  0.3  5 130   M    M   0         M  M
================================================================================
SM 1513 1171       122 104  1.32     0.0 101.8          M      102
================================================================================
AV 72.1 55.8                               4.8 FASTST   M    M   5    MAX(MPH)
                                 MISC ---->  # 22 330               # 31  340
================================================================================
NOTES:
# LAST OF SEVERAL OCCURRENCES

COLUMN 17 PEAK WIND IN M.P.H.

PRELIMINARY LOCAL CLIMATOLOGICAL DATA (WS FORM: F-6) , PAGE 2

                                          STATION:  GRAHAM
                                          MONTH:    OCTOBER
                                          YEAR:     2018
                                          LATITUDE:   33  6 N
                                          LONGITUDE:  98 30 W

[TEMPERATURE DATA]      [PRECIPITATION DATA]       SYMBOLS USED IN COLUMN 16

AVERAGE MONTHLY: 63.9   TOTAL FOR MONTH:   1.32    1 = FOG OR MIST
DPTR FM NORMAL:  -1.9   DPTR FM NORMAL:   -1.26    2 = FOG REDUCING VISIBILITY
HIGHEST:    90 ON  4, 3 GRTST 24HR  0.47 ON  9- 9      TO 1/4 MILE OR LESS
LOWEST:     36 ON 15                               3 = THUNDER
                        SNOW, ICE PELLETS, HAIL    4 = ICE PELLETS
                        TOTAL MONTH:   0.0 INCH    5 = HAIL
                        GRTST 24HR     0.0         6 = FREEZING RAIN OR DRIZZLE
                        GRTST DEPTH:   0           7 = DUSTSTORM OR SANDSTORM:
                                                       VSBY 1/2 MILE OR LESS
                                                   8 = SMOKE OR HAZE
[NO. OF DAYS WITH]      [WEATHER - DAYS WITH]      9 = BLOWING SNOW
                                                   X = TORNADO
MAX 32 OR BELOW:   0    0.01 INCH OR MORE:  12
MAX 90 OR ABOVE:   2    0.10 INCH OR MORE:   4
MIN 32 OR BELOW:   0    0.50 INCH OR MORE:   0
MIN  0 OR BELOW:   0    1.00 INCH OR MORE:   0

[HDD (BASE 65) ]
TOTAL THIS MO.   122    CLEAR  (SCALE 0-3)  11
DPTR FM NORMAL    62    PTCLDY (SCALE 4-7)   5
TOTAL FM JUL 1   127    CLOUDY (SCALE 8-10)  5
DPTR FM NORMAL    51

[CDD (BASE 65) ]
TOTAL THIS MO.   104
DPTR FM NORMAL    26    [PRESSURE DATA]
TOTAL FM JAN 1  2899    HIGHEST SLP M ON M
DPTR FM NORMAL   628    LOWEST  SLP M ON M

[REMARKS]
