000
CXUS56 KFGZ 160900
CF6RQE
PRELIMINARY LOCAL CLIMATOLOGICAL DATA (WS FORM: F-6)

                                          STATION:   WINDOW ROCK AZ AIRPORT
                                          MONTH:     DECEMBER
                                          YEAR:      2018
                                          LATITUDE:   35 39 N
                                          LONGITUDE: 109  4 W

  TEMPERATURE IN F:       :PCPN:    SNOW:  WIND      :SUNSHINE: SKY     :PK WND
================================================================================
1   2   3   4   5  6A  6B    7    8   9   10  11  12  13   14  15   16   17  18
                                     12Z  AVG MX 2MIN
DY MAX MIN AVG DEP HDD CDD  WTR  SNW DPTH SPD SPD DIR MIN PSBL S-S WX    SPD DR
================================================================================

 1  43  29  36   4  29   0 0.16    M    M  8.5 18 260   M    M   7 12     23 250
 2  33   2  18 -14  47   0 0.18    M    M 10.5 23 240   M    M   6 12     30 230
 3  34  -8  13 -19  52   0 0.00    M    M  1.0 10 270   M    M   0        13 260
 4  34  -4  15 -16  50   0 0.00  0.0    0  1.6 10  90   M    M   0        15  90
 5  50   0  25  -6  40   0 0.00    M    M  1.3 10 220   M    M   0        14 220
 6  44  19  32   1  33   0 0.03    M    M  3.4 20 230   M    M  10 1      26 240
 7  46  34  40  10  25   0 0.07    M    M  2.1 13 110   M    M   9 1      16  90
 8  45  25  35   5  30   0 0.00    M    M  3.5 10 260   M    M   6        14 250
 9  47  20  34   4  31   0 0.00    M    M  3.7 14  10   M    M   1 1      18  40
10  49  15  32   2  33   0 0.00    M    M  1.7 10 100   M    M   0        11 100
11  54  26  40  11  25   0 0.00    M    M  2.3 12 160   M    M   1        13 160
12  50  20  35   6  30   0    T    M    M 11.3 32 330   M    M   1 1      43 330
13  44  17  31   2  34   0 0.00    M    M  8.1 28 330   M    M   0        36 340
14  49  11  30   1  35   0 0.00    M    M  1.6 10 100   M    M   0        12 100
15  57  22  40  11  25   0 0.00    M    M  1.6 14 100   M    M   0        19  80
================================================================================
SM  679  228       519   0  0.44     0.0  62.2          M       41
================================================================================
AV 45.3 15.2                               4.1 FASTST   M    M   3    MAX(MPH)
                                 MISC ---->  # 32 330               # 43  330
================================================================================
NOTES:
# LAST OF SEVERAL OCCURRENCES

COLUMN 17 PEAK WIND IN M.P.H.

PRELIMINARY LOCAL CLIMATOLOGICAL DATA (WS FORM: F-6) , PAGE 2

                                          STATION:  WINDOW ROCK AZ AIRPORT
                                          MONTH:    DECEMBER
                                          YEAR:     2018
                                          LATITUDE:   35 39 N
                                          LONGITUDE: 109  4 W

[TEMPERATURE DATA]      [PRECIPITATION DATA]       SYMBOLS USED IN COLUMN 16

AVERAGE MONTHLY: 30.2   TOTAL FOR MONTH:   0.44    1 = FOG OR MIST
DPTR FM NORMAL:  -0.0   DPTR FM NORMAL:    0.11    2 = FOG REDUCING VISIBILITY
HIGHEST:    57 ON 15    GRTST 24HR  0.18 ON  2- 2      TO 1/4 MILE OR LESS
LOWEST:     -8 ON  3                               3 = THUNDER
                        SNOW, ICE PELLETS, HAIL    4 = ICE PELLETS
                        TOTAL MONTH:   0.0 INCH    5 = HAIL
                        GRTST 24HR     0.0         6 = FREEZING RAIN OR DRIZZLE
                        GRTST DEPTH:   0           7 = DUSTSTORM OR SANDSTORM:
                                                       VSBY 1/2 MILE OR LESS
                                                   8 = SMOKE OR HAZE
[NO. OF DAYS WITH]      [WEATHER - DAYS WITH]      9 = BLOWING SNOW
                                                   X = TORNADO
MAX 32 OR BELOW:   0    0.01 INCH OR MORE:   4
MAX 90 OR ABOVE:   0    0.10 INCH OR MORE:   2
MIN 32 OR BELOW:  14    0.50 INCH OR MORE:   0
MIN  0 OR BELOW:   3    1.00 INCH OR MORE:   0

[HDD (BASE 65) ]
TOTAL THIS MO.   519    CLEAR  (SCALE 0-3)  10
DPTR FM NORMAL    -2    PTCLDY (SCALE 4-7)   3
TOTAL FM JUL 1  1927    CLOUDY (SCALE 8-10)  2
DPTR FM NORMAL  -104

[CDD (BASE 65) ]
TOTAL THIS MO.     0
DPTR FM NORMAL     0    [PRESSURE DATA]
TOTAL FM JAN 1   560    HIGHEST SLP M ON M
DPTR FM NORMAL   280    LOWEST  SLP 29.66 ON  2

[REMARKS]
