000
CXUS56 KFGZ 190900
CF6RQE
PRELIMINARY LOCAL CLIMATOLOGICAL DATA (WS FORM: F-6)

                                          STATION:   WINDOW ROCK AZ AIRPORT
                                          MONTH:     JUNE
                                          YEAR:      2018
                                          LATITUDE:   35 39 N
                                          LONGITUDE: 109  4 W

  TEMPERATURE IN F:       :PCPN:    SNOW:  WIND      :SUNSHINE: SKY     :PK WND
================================================================================
1   2   3   4   5  6A  6B    7    8   9   10  11  12  13   14  15   16   17  18
                                     12Z  AVG MX 2MIN
DY MAX MIN AVG DEP HDD CDD  WTR  SNW DPTH SPD SPD DIR MIN PSBL S-S WX    SPD DR
================================================================================

 1  83  39  61   1   4   0 0.00    M    M  6.6 24 220   M    M   0        32 240
 2  91  35  63   3   2   0 0.00    M    M  5.7 20 230   M    M   0        26 210
 3  88  53  71  11   0   6 0.00    M    M 10.0 29 240   M    M   1        39 230
 4  92  43  68   8   0   3 0.00    M    M  5.7 18 230   M    M   0        24 230
 5  89  45  67   6   0   2 0.00    M    M  6.8 20 220   M    M   0        26 200
 6  85  46  66   5   0   1 0.00    M    M  7.0 23 240   M    M   0        32 220
 7  89  41  65   4   0   0 0.00    M    M  9.5 28 240   M    M   0        37 230
 8  89  45  67   5   0   2 0.00  0.0    0  6.1 22 200   M    M   0        30 210
 9  90  45  68   6   0   3 0.00  0.0    0  9.8 26 230   M    M   0        36 190
10  89  57  73  11   0   8 0.00  0.0    0 11.9 28 250   M    M   0        41 210
11  91  47  69   6   0   4 0.00    M    M  4.4 16 260   M    M   0        24 170
12  94  42  68   5   0   3 0.00    M    M  5.5 17 170   M    M   0        27 240
13  93  49  71   8   0   6 0.00    M    M  9.0 26 240   M    M   0        46 230
14  90  57  74  11   0   9 0.00    M    M  8.1 24 270   M    M   2        33 230
15  87  48  68   4   0   3    T    M    0  4.9 23 220   M    M   4        29 220
16  70  57  64   0   1   0 0.24  0.0    0  5.7 16 220   M    M  10 1      21 220
17  78  55  67   3   0   2    T  0.0    0 10.5 22 200   M    M   4        30 220
18  85  43  64   0   1   0 0.00  0.0    0  7.5 23 230   M    M   0        32 230
================================================================================
SM 1573  847         8  52  0.24     0.0 134.7          M       21
================================================================================
AV 87.4 47.1                               7.5 FASTST   M    M   1    MAX(MPH)
                                 MISC ---->  # 29 240               # 46  230
================================================================================
NOTES:
# LAST OF SEVERAL OCCURRENCES

COLUMN 17 PEAK WIND IN M.P.H.

PRELIMINARY LOCAL CLIMATOLOGICAL DATA (WS FORM: F-6) , PAGE 2

                                          STATION:  WINDOW ROCK AZ AIRPORT
                                          MONTH:    JUNE
                                          YEAR:     2018
                                          LATITUDE:   35 39 N
                                          LONGITUDE: 109  4 W

[TEMPERATURE DATA]      [PRECIPITATION DATA]       SYMBOLS USED IN COLUMN 16

AVERAGE MONTHLY: 67.2   TOTAL FOR MONTH:   0.24    1 = FOG OR MIST
DPTR FM NORMAL:   5.2   DPTR FM NORMAL:    0.07    2 = FOG REDUCING VISIBILITY
HIGHEST:    94 ON 12    GRTST 24HR  0.24 ON 16-16      TO 1/4 MILE OR LESS
LOWEST:     35 ON  2                               3 = THUNDER
                        SNOW, ICE PELLETS, HAIL    4 = ICE PELLETS
                        TOTAL MONTH:   0.0 INCH    5 = HAIL
                        GRTST 24HR     0.0         6 = FREEZING RAIN OR DRIZZLE
                        GRTST DEPTH:   0           7 = DUSTSTORM OR SANDSTORM:
                                                       VSBY 1/2 MILE OR LESS
                                                   8 = SMOKE OR HAZE
[NO. OF DAYS WITH]      [WEATHER - DAYS WITH]      9 = BLOWING SNOW
                                                   X = TORNADO
MAX 32 OR BELOW:   0    0.01 INCH OR MORE:   1
MAX 90 OR ABOVE:   7    0.10 INCH OR MORE:   1
MIN 32 OR BELOW:   0    0.50 INCH OR MORE:   0
MIN  0 OR BELOW:   0    1.00 INCH OR MORE:   0

[HDD (BASE 65) ]
TOTAL THIS MO.     8    CLEAR  (SCALE 0-3)  15
DPTR FM NORMAL   -61    PTCLDY (SCALE 4-7)   2
TOTAL FM JUL 1  5396    CLOUDY (SCALE 8-10)  1
DPTR FM NORMAL  -997

[CDD (BASE 65) ]
TOTAL THIS MO.    52
DPTR FM NORMAL    37    [PRESSURE DATA]
TOTAL FM JAN 1    57    HIGHEST SLP M ON M
DPTR FM NORMAL    42    LOWEST  SLP 29.68 ON 16

[REMARKS]
