000
CXUS56 KFGZ 200900
CF6RQE
PRELIMINARY LOCAL CLIMATOLOGICAL DATA (WS FORM: F-6)

                                          STATION:   WINDOW ROCK AZ AIRPORT
                                          MONTH:     OCTOBER
                                          YEAR:      2019
                                          LATITUDE:   35 39 N
                                          LONGITUDE: 109  4 W

  TEMPERATURE IN F:       :PCPN:    SNOW:  WIND      :SUNSHINE: SKY     :PK WND
================================================================================
1   2   3   4   5  6A  6B    7    8   9   10  11  12  13   14  15   16   17  18
                                     12Z  AVG MX 2MIN
DY MAX MIN AVG DEP HDD CDD  WTR  SNW DPTH SPD SPD DIR MIN PSBL S-S WX    SPD DR
================================================================================

 1  75  47  61   8   4   0 0.00    M    M 10.5 30 240   M    M   0        37 200
 2  73  33  53   0  12   0 0.00    M    M  2.8 14 210   M    M   0        19 220
 3  78  30  54   1  11   0 0.00    M    M  3.7 16 240   M    M   0        24 200
 4  76  44  60   8   5   0    T    M    M  7.9 26 240   M    M   4 3      48 230
 5  75  39  57   5   8   0 0.00    M    M  4.1 17 250   M    M   0        22 240
 6  73  31  52   0  13   0 0.00    M    M  3.8 14  90   M    M   0        19  80
 7  77  27  52   1  13   0 0.00    M    M  3.4 16 200   M    M   0        22 210
 8  76  32  54   3  11   0 0.00    M    M  4.2 22 250   M    M   1        29 240
 9  74  31  53   2  12   0 0.00    M    M 11.1 29 230   M    M   0        40 230
10  58  21  40 -10  25   0 0.00    M    M  9.0 20 360   M    M   0        29 310
11  59   9  34 -16  31   0 0.00    M    M  2.7 13  70   M    M   0        16  60
12  69  20  45  -5  20   0 0.00    M    M  3.7 18 250   M    M   0        24 230
13  71  26  49   0  16   0 0.00    M    M  3.3 17 230   M    M   0        23 220
14  70  29  50   1  15   0 0.00    M    M  3.5 20 240   M    M   1        25 250
15  73  27  50   1  15   0 0.00    M    M  3.0 14  50   M    M   0        21  50
16  76  23  50   2  15   0 0.00    M    M  2.5 15  60   M    M   0        19  60
17  73  27  50   2  15   0 0.00    M    M  6.4 28 230   M    M   0        35 250
18  63  29  46  -2  19   0 0.01    M    M  8.0 22 240   M    M   2        28 240
19  66  19  43  -4  22   0 0.00    M    M  5.1 21 250   M    M   0        26 260
================================================================================
SM 1355  544       282   0  0.01    M     98.7          M        8
================================================================================
AV 71.3 28.6                               5.2 FASTST   M    M   0    MAX(MPH)
                                 MISC ---->  # 30 240               # 48  230
================================================================================
NOTES:
# LAST OF SEVERAL OCCURRENCES

COLUMN 17 PEAK WIND IN M.P.H.

PRELIMINARY LOCAL CLIMATOLOGICAL DATA (WS FORM: F-6) , PAGE 2

                                          STATION:  WINDOW ROCK AZ AIRPORT
                                          MONTH:    OCTOBER
                                          YEAR:     2019
                                          LATITUDE:   35 39 N
                                          LONGITUDE: 109  4 W

[TEMPERATURE DATA]      [PRECIPITATION DATA]       SYMBOLS USED IN COLUMN 16

AVERAGE MONTHLY: 50.0   TOTAL FOR MONTH:   0.01    1 = FOG OR MIST
DPTR FM NORMAL:  -0.3   DPTR FM NORMAL:   -0.65    2 = FOG REDUCING VISIBILITY
HIGHEST:    78 ON  3    GRTST 24HR  0.01 ON 18-18      TO 1/4 MILE OR LESS
LOWEST:      9 ON 11                               3 = THUNDER
                        SNOW, ICE PELLETS, HAIL    4 = ICE PELLETS
                        TOTAL MONTH:    M          5 = HAIL
                        GRTST 24HR    M  ON   M    6 = FREEZING RAIN OR DRIZZLE
                        GRTST DEPTH:  M  ON   M    7 = DUSTSTORM OR SANDSTORM:
                                                       VSBY 1/2 MILE OR LESS
                                                   8 = SMOKE OR HAZE
[NO. OF DAYS WITH]      [WEATHER - DAYS WITH]      9 = BLOWING SNOW
                                                   X = TORNADO
MAX 32 OR BELOW:   0    0.01 INCH OR MORE:   1
MAX 90 OR ABOVE:   0    0.10 INCH OR MORE:   0
MIN 32 OR BELOW:  15    0.50 INCH OR MORE:   0
MIN  0 OR BELOW:   0    1.00 INCH OR MORE:   0

[HDD (BASE 65) ]
TOTAL THIS MO.   282    CLEAR  (SCALE 0-3)  18
DPTR FM NORMAL     0    PTCLDY (SCALE 4-7)   1
TOTAL FM JUL 1   390    CLOUDY (SCALE 8-10)  0
DPTR FM NORMAL   -76

[CDD (BASE 65) ]
TOTAL THIS MO.     0
DPTR FM NORMAL     0    [PRESSURE DATA]
TOTAL FM JAN 1   422    HIGHEST SLP M ON M
DPTR FM NORMAL   142    LOWEST  SLP 29.61 ON 18

[REMARKS]
