000
CXUS53 KGRB 210819
CF6RRL
PRELIMINARY LOCAL CLIMATOLOGICAL DATA (WS FORM: F-6)

                                          STATION:   MERRILL MUNICIPAL AI
                                          MONTH:     JANUARY
                                          YEAR:      2019
                                          LATITUDE:   45 10 N
                                          LONGITUDE:  89 42 W

  TEMPERATURE IN F:       :PCPN:    SNOW:  WIND      :SUNSHINE: SKY     :PK WND
================================================================================
1   2   3   4   5  6A  6B    7    8   9   10  11  12  13   14  15   16   17  18
                                     12Z  AVG MX 2MIN
DY MAX MIN AVG DEP HDD CDD  WTR  SNW DPTH SPD SPD DIR MIN PSBL S-S WX    SPD DR
================================================================================

 1  20   8  14   3  51   0 0.00  0.0    0  3.6 16  10   M    M   4        25  10
 2  24   7  16   5  49   0 0.00  0.0    0  7.5 14 240   M    M   9        17 240
 3  37  23  30  19  35   0 0.00  0.0    0  7.8 14 280   M    M   5        17 210
 4  44  21  33  22  32   0 0.00  0.0    0  1.9  7 240   M    M   1 1       M  M
 5  45  17  31  20  34   0 0.00  0.0    0  5.1 15 360   M    M   4 1      21 290
 6  31  16  24  13  41   0 0.00  0.0    0  7.3 17 140   M    M   5        22 140
 7  38  28  33  23  32   0 0.19    M    0 10.3 18 140   M    M  10 1      25 140
 8  34  14  24   M  41   0 0.00  0.0    0 13.0 22 270   M    M  10 1      29 270
 9  14   9  12   M  53   0 0.00  0.0    0 11.5 17 330   M    M  10        25 320
10  22  13  18   M  47   0 0.00  0.0    0  3.5  9 130   M    M   7         M  M
11  28  16  22   M  43   0 0.00  0.0    0  4.6 10 150   M    M   9        16 150
12  26  21  24   M  41   0 0.00  0.0    0  7.3 12 110   M    M  10 1      16 100
13  29   8  19   M  46   0 0.00  0.0    0  1.6  5 210   M    M   4         M  M
14  29  21  25   M  40   0 0.00  0.0    0  3.3  7 240   M    M  10 1       M  M
15  29  26  28   M  37   0 0.00  0.0    0  9.4 18 320   M    M  10 1      24 310
16  26   1  14   M  51   0 0.00  0.0    0  4.0 17 360   M    M   4        22 350
17  23   1  12   M  53   0 0.00  0.0    0  2.4  8 340   M    M   8         M  M
18  13  -3   5   M  60   0 0.00  0.0    0  4.5 10  50   M    M   6         M  M
19  13  -4   5   M  60   0 0.00  0.0    0  6.5 10  10   M    M   2        16  50
20   7 -11  -2   M  67   0 0.00  0.0    0  3.3 10  20   M    M   1        16  50
================================================================================
SM  532  232       913   0  0.19     0.0 118.4          M      129
================================================================================
AV 26.6 11.6                               5.9 FASTST   M    M   6    MAX(MPH)
                                 MISC ---->  # 22 270               # 29  270
================================================================================
NOTES:
# LAST OF SEVERAL OCCURRENCES

COLUMN 17 PEAK WIND IN M.P.H.

PRELIMINARY LOCAL CLIMATOLOGICAL DATA (WS FORM: F-6) , PAGE 2

                                          STATION:  MERRILL MUNICIPAL AI
                                          MONTH:    JANUARY
                                          YEAR:     2019
                                          LATITUDE:   45 10 N
                                          LONGITUDE:  89 42 W

[TEMPERATURE DATA]      [PRECIPITATION DATA]       SYMBOLS USED IN COLUMN 16

AVERAGE MONTHLY: 19.1   TOTAL FOR MONTH:   0.19    1 = FOG OR MIST
DPTR FM NORMAL:     M   DPTR FM NORMAL:   -0.09    2 = FOG REDUCING VISIBILITY
HIGHEST:    45 ON  5    GRTST 24HR  0.19 ON  7- 7      TO 1/4 MILE OR LESS
LOWEST:    -11 ON 20                               3 = THUNDER
                        SNOW, ICE PELLETS, HAIL    4 = ICE PELLETS
                        TOTAL MONTH:   0.0 INCH    5 = HAIL
                        GRTST 24HR     0.0         6 = FREEZING RAIN OR DRIZZLE
                        GRTST DEPTH:   0           7 = DUSTSTORM OR SANDSTORM:
                                                       VSBY 1/2 MILE OR LESS
                                                   8 = SMOKE OR HAZE
[NO. OF DAYS WITH]      [WEATHER - DAYS WITH]      9 = BLOWING SNOW
                                                   X = TORNADO
MAX 32 OR BELOW:  15    0.01 INCH OR MORE:   1
MAX 90 OR ABOVE:   0    0.10 INCH OR MORE:   1
MIN 32 OR BELOW:  20    0.50 INCH OR MORE:   0
MIN  0 OR BELOW:   3    1.00 INCH OR MORE:   0

[HDD (BASE 65) ]
TOTAL THIS MO.   913    CLEAR  (SCALE 0-3)   3
DPTR FM NORMAL   533    PTCLDY (SCALE 4-7)   8
TOTAL FM JUL 1  4399    CLOUDY (SCALE 8-10)  9
DPTR FM NORMAL  4019

[CDD (BASE 65) ]
TOTAL THIS MO.     0
DPTR FM NORMAL     0    [PRESSURE DATA]
TOTAL FM JAN 1     0    HIGHEST SLP M ON M
DPTR FM NORMAL     0    LOWEST  SLP M ON M

[REMARKS]
