000
CXUS53 KGRB 300726
CF6RRL
PRELIMINARY LOCAL CLIMATOLOGICAL DATA (WS FORM: F-6)

                                          STATION:   MERRILL MUNICIPAL AI
                                          MONTH:     SEPTEMBER
                                          YEAR:      2019
                                          LATITUDE:   45 10 N
                                          LONGITUDE:  89 42 W

  TEMPERATURE IN F:       :PCPN:    SNOW:  WIND      :SUNSHINE: SKY     :PK WND
================================================================================
1   2   3   4   5  6A  6B    7    8   9   10  11  12  13   14  15   16   17  18
                                     12Z  AVG MX 2MIN
DY MAX MIN AVG DEP HDD CDD  WTR  SNW DPTH SPD SPD DIR MIN PSBL S-S WX    SPD DR
================================================================================

 1  70  40  55   M  10   0 0.00  0.0    0  2.9 10 250   M    M   7 1       M  M
 2  74  56  65   M   0   0 0.00  0.0    0  3.3 15 140   M    M   7        22 140
 3  74  54  64   M   1   0 1.12  0.0    0 10.1 20 280   M    M   9        29 280
 4  66  42  54   M  11   0 0.03    M    0  3.7  8 360   M    M   6 1       M  M
 5  62  38  50   M  15   0 0.01    M    0  2.8 20 200   M    M   6 1      32 200
 6  68  47  58   M   7   0 0.01    M    0  6.4 16 360   M    M   7 1      24 360
 7  64  47  56   M   9   0 0.00  0.0    0  4.2 12 340   M    M   3 1       M  M
 8  65  44  55   M  10   0 0.01    M    0  4.3 10 120   M    M   8         M  M
 9  61  47  54   M  11   0 0.00  0.0    0  7.2 13 140   M    M  10        17 150
10  79  53  66   M   0   1 0.00  0.0    0  7.0 15 260   M    M   7 12     23 270
11  61  51  56   M   9   0 0.00  0.0    0  5.8 13  70   M    M  10 12     20 100
12  58  52  55   M  10   0 0.01  0.0    0 10.7 22 130   M    M  10 1      27 130
13  64  51  58   M   7   0 0.00  0.0    0 10.6 23 260   M    M  10 1      30 260
14  70  46  58   M   7   0 0.01    M    0  5.7  9 270   M    M   7         M  M
15  69  55  62   M   3   0 0.00  0.0    0  1.2  7 140   M    M   8 12      M  M
16  82  58  70   M   0   5 0.00  0.0    0  2.1  6 140   M    M   4 12      M  M
17  81  60  71   M   0   6 0.00  0.0    0  5.1 13 170   M    M   0 1      18 170
18  78  61  70   M   0   5 0.01  0.0    0  7.0 16 180   M    M   8 1      25 180
19  78  59  69   M   0   4 0.00  0.0    0  3.5  8 150   M    M   7 12      M  M
20  80  56  68   M   0   3 0.00  0.0    0  3.6  9 150   M    M   7 12      M  M
21  74  66  70   M   0   5 0.00  0.0    0  6.5 13 210   M    M  10 1      17 200
22  71  55  63   M   2   0 0.01  0.0    0  4.6 10 310   M    M   7         M  M
23  72  44  58   M   7   0 0.00  0.0    0  5.6 12 270   M    M   5 1      18 270
24  77  39  58   M   7   0 0.00  0.0    0  5.8 16 200   M    M   3 1      25 200
25  68  49  59   M   6   0 0.00  0.0    0  9.8 21 280   M    M   7        31 270
26  65  43  54   M  11   0 0.00  0.0    0  7.8 16 280   M    M   3        25 270
27  64  49  57   M   8   0 0.00  0.0    0  6.1 13 190   M    M   7        17 200
28  62  44  53   M  12   0 0.00  0.0    0  4.8  9  20   M    M   3         M  M
29  56  47  52   M  13   0 0.00  0.0    0  8.3 14 120   M    M   9 1      21 120
================================================================================
SM 2013 1453       176  29  1.22     0.0 166.5          M      195
================================================================================
AV 69.4 50.1                               5.7 FASTST   M    M   7    MAX(MPH)
                                 MISC ---->  # 23 260               # 32  200
================================================================================
NOTES:
# LAST OF SEVERAL OCCURRENCES

COLUMN 17 PEAK WIND IN M.P.H.

PRELIMINARY LOCAL CLIMATOLOGICAL DATA (WS FORM: F-6) , PAGE 2

                                          STATION:  MERRILL MUNICIPAL AI
                                          MONTH:    SEPTEMBER
                                          YEAR:     2019
                                          LATITUDE:   45 10 N
                                          LONGITUDE:  89 42 W

[TEMPERATURE DATA]      [PRECIPITATION DATA]       SYMBOLS USED IN COLUMN 16

AVERAGE MONTHLY: 59.8   TOTAL FOR MONTH:   1.22    1 = FOG OR MIST
DPTR FM NORMAL:     M   DPTR FM NORMAL:       M    2 = FOG REDUCING VISIBILITY
HIGHEST:    82 ON 16    GRTST 24HR  1.12 ON  3- 3      TO 1/4 MILE OR LESS
LOWEST:     38 ON  5                               3 = THUNDER
                        SNOW, ICE PELLETS, HAIL    4 = ICE PELLETS
                        TOTAL MONTH:   0.0 INCH    5 = HAIL
                        GRTST 24HR     0.0         6 = FREEZING RAIN OR DRIZZLE
                        GRTST DEPTH:   0           7 = DUSTSTORM OR SANDSTORM:
                                                       VSBY 1/2 MILE OR LESS
                                                   8 = SMOKE OR HAZE
[NO. OF DAYS WITH]      [WEATHER - DAYS WITH]      9 = BLOWING SNOW
                                                   X = TORNADO
MAX 32 OR BELOW:   0    0.01 INCH OR MORE:   9
MAX 90 OR ABOVE:   0    0.10 INCH OR MORE:   1
MIN 32 OR BELOW:   0    0.50 INCH OR MORE:   1
MIN  0 OR BELOW:   0    1.00 INCH OR MORE:   1

[HDD (BASE 65) ]
TOTAL THIS MO.   176    CLEAR  (SCALE 0-3)   4
DPTR FM NORMAL     M    PTCLDY (SCALE 4-7)  18
TOTAL FM JUL 1   307    CLOUDY (SCALE 8-10)  7
DPTR FM NORMAL     M

[CDD (BASE 65) ]
TOTAL THIS MO.    29
DPTR FM NORMAL     M    [PRESSURE DATA]
TOTAL FM JAN 1   228    HIGHEST SLP M ON M
DPTR FM NORMAL   228    LOWEST  SLP M ON M

[REMARKS]
