000
CXUS53 KGRB 010735
CF6RRL
PRELIMINARY LOCAL CLIMATOLOGICAL DATA (WS FORM: F-6)

                                          STATION:   MERRILL MUNICIPAL AI
                                          MONTH:     SEPTEMBER
                                          YEAR:      2018
                                          LATITUDE:   45 10 N
                                          LONGITUDE:  89 42 W

  TEMPERATURE IN F:       :PCPN:    SNOW:  WIND      :SUNSHINE: SKY     :PK WND
================================================================================
1   2   3   4   5  6A  6B    7    8   9   10  11  12  13   14  15   16   17  18
                                     12Z  AVG MX 2MIN
DY MAX MIN AVG DEP HDD CDD  WTR  SNW DPTH SPD SPD DIR MIN PSBL S-S WX    SPD DR
================================================================================

 1  80  62  71   M   0   6 0.00  0.0    0  6.0 18 230   M    M   6 12     32 230
 2  77  59  68   M   0   3 0.00  0.0    0  5.1 16 230   M    M   7 12     22 220
 3  75  64  70   M   0   5 0.02  0.0    0  4.1  8 140   M    M   8 1       M  M
 4  78  65  72   M   0   7 0.04  0.0    0  5.1 12 250   M    M   8        24 290
 5  70  48  59   M   6   0 2.65    M    0  5.8 12 360   M    M   7         M  M
 6  71  41  56   M   9   0 0.00  0.0    0  1.1  6 100   M    M   2 1       M  M
 7  71  44  58   M   7   0 0.00  0.0    0  3.1 10  80   M    M   1 8       M  M
 8  69  44  57   M   8   0 0.00  0.0    0  5.0 13 110   M    M   2         9 110
 9  69  38  54   M  11   0 0.00  0.0    0  4.4 10 140   M    M   0         M  M
10  72  37  55   M  10   0 0.00  0.0    0  1.4  9 240   M    M   2 12      M  M
11  79  46  63   M   2   0 0.00  0.0    0  4.8 14 190   M    M   2        20 210
12  81  55  68   M   0   3 0.00  0.0    0  5.2 13 250   M    M   0 1       M  M
13  80  51  66   M   0   1 0.00  0.0    0  4.7 12 190   M    M   0 1      17 190
14  84  56  70   M   0   5 0.00  0.0    0  2.5 12 230   M    M   4 1       M  M
15  88  59  74   M   0   9 0.00  0.0    0  3.4 10 250   M    M   4 1       M  M
16  82  58  70   M   0   5 0.00  0.0    0  3.6 12 200   M    M   3 1       M  M
17  85  56  71   M   0   6 0.00  0.0    0  4.6 12 340   M    M   4 12     17 340
18  63  53  58   M   7   0 0.00  0.0    0  3.6  7 140   M    M   9 1       M  M
19  59  56  58   M   7   0 0.01  0.0    0  5.0  9 160   M    M  10 1       M  M
20  67  56  62   M   3   0 0.02  0.0    0  6.4 15 130   M    M  10 1      25 220
21  66  35  51   M  14   0 0.74    M    0 13.1 25 300   M    M   8 1      33 320
22  63  30  47   M  18   0 0.00  0.0    0  3.9 12 210   M    M   2 12     17 210
23  70  37  54   M  11   0 0.00  0.0    0  3.8 10 130   M    M   2         M  M
24  73  53  63   M   2   0 0.00  0.0    0  8.4 14 150   M    M   7        22 180
25  63  46  55   M  10   0 0.00  0.0    0  6.8 14 310   M    M  10        18 310
26  59  37  48   M  17   0 0.00  0.0    0  7.4 16 280   M    M   4        27 280
27  59  36  48   M  17   0 0.00  0.0    0  6.3 12 220   M    M   8        20 240
28  52  34  43   M  22   0 0.00  0.0    0  9.9 17 280   M    M   6        27 290
29  44  28  36   M  29   0 0.00  0.0    0  2.9 12 260   M    M   6         M  M
30  48  38  43   M  22   0 0.00  0.0    0  0.3  5  10   M    M   9         M  M
================================================================================
SM 2097 1422       232  50  3.48     0.0 147.7          M      151
================================================================================
AV 69.9 47.4                               4.9 FASTST   M    M   5    MAX(MPH)
                                 MISC ---->  # 25 300               # 33  320
================================================================================
NOTES:
# LAST OF SEVERAL OCCURRENCES

COLUMN 17 PEAK WIND IN M.P.H.

PRELIMINARY LOCAL CLIMATOLOGICAL DATA (WS FORM: F-6) , PAGE 2

                                          STATION:  MERRILL MUNICIPAL AI
                                          MONTH:    SEPTEMBER
                                          YEAR:     2018
                                          LATITUDE:   45 10 N
                                          LONGITUDE:  89 42 W

[TEMPERATURE DATA]      [PRECIPITATION DATA]       SYMBOLS USED IN COLUMN 16

AVERAGE MONTHLY: 58.7   TOTAL FOR MONTH:   3.48    1 = FOG OR MIST
DPTR FM NORMAL:     M   DPTR FM NORMAL:       M    2 = FOG REDUCING VISIBILITY
HIGHEST:    88 ON 15    GRTST 24HR  2.65 ON  5- 5      TO 1/4 MILE OR LESS
LOWEST:     28 ON 29                               3 = THUNDER
                        SNOW, ICE PELLETS, HAIL    4 = ICE PELLETS
                        TOTAL MONTH:   0.0 INCH    5 = HAIL
                        GRTST 24HR     0.0         6 = FREEZING RAIN OR DRIZZLE
                        GRTST DEPTH:   0           7 = DUSTSTORM OR SANDSTORM:
                                                       VSBY 1/2 MILE OR LESS
                                                   8 = SMOKE OR HAZE
[NO. OF DAYS WITH]      [WEATHER - DAYS WITH]      9 = BLOWING SNOW
                                                   X = TORNADO
MAX 32 OR BELOW:   0    0.01 INCH OR MORE:   6
MAX 90 OR ABOVE:   0    0.10 INCH OR MORE:   2
MIN 32 OR BELOW:   2    0.50 INCH OR MORE:   2
MIN  0 OR BELOW:   0    1.00 INCH OR MORE:   1

[HDD (BASE 65) ]
TOTAL THIS MO.   232    CLEAR  (SCALE 0-3)  11
DPTR FM NORMAL     M    PTCLDY (SCALE 4-7)  13
TOTAL FM JUL 1   311    CLOUDY (SCALE 8-10)  6
DPTR FM NORMAL     M

[CDD (BASE 65) ]
TOTAL THIS MO.    50
DPTR FM NORMAL     M    [PRESSURE DATA]
TOTAL FM JAN 1   383    HIGHEST SLP M ON M
DPTR FM NORMAL   383    LOWEST  SLP M ON M

[REMARKS]
#FINAL-09-18#
