000
CXUS53 KARX 240947
CF6RST
PRELIMINARY LOCAL CLIMATOLOGICAL DATA (WS FORM: F-6)

                                          STATION:   ROCHESTER MN
                                          MONTH:     JANUARY
                                          YEAR:      2020
                                          LATITUDE:   43 55 N
                                          LONGITUDE:  92 30 W

  TEMPERATURE IN F:       :PCPN:    SNOW:  WIND      :SUNSHINE: SKY     :PK WND
================================================================================
1   2   3   4   5  6A  6B    7    8   9   10  11  12  13   14  15   16   17  18
                                     12Z  AVG MX 2MIN
DY MAX MIN AVG DEP HDD CDD  WTR  SNW DPTH SPD SPD DIR MIN PSBL S-S WX    SPD DR
================================================================================

 1  36  12  24   8  41   0 0.00  0.0    3 13.7 26 190   M    M   2        32 180
 2  36  28  32  16  33   0    T  0.0    2 12.9 20 320   M    M   8        25 280
 3  32  25  29  13  36   0 0.01    T    1  7.9 20 340   M    M  10 1      24 360
 4  27  21  24   8  41   0 0.00  0.0    1 13.1 22 340   M    M   9        28 170
 5  37  23  30  14  35   0    T    T    T 20.5 36 300   M    M   3        46 300
 6  34  21  28  12  37   0 0.00  0.0    T 12.4 20 240   M    M   1        26 220
 7  30   5  18   2  47   0 0.02  0.6    T 16.0 25 300   M    M   4 1      33 280
 8  18  -1   9  -7  56   0 0.00  0.0    1 14.1 30 140   M    M   2        40 130
 9  40  18  29  13  36   0 0.00  0.0    1 18.6 31 140   M    M   4        42 130
10  24  11  18   2  47   0 0.00  0.0    T 14.1 24 350   M    M   7        30 350
11  16   4  10  -5  55   0 0.00  0.0    T 13.4 23 360   M    M   0        30 350
12  23   6  15   0  50   0 0.09  1.2    T  8.0 14 150   M    M   6 1      16 150
13  28  15  22   7  43   0 0.14  1.0    1 12.1 26 140   M    M  10 1      33 140
14  32  13  23   8  42   0    T    T    2 12.3 29 300   M    M   7 18     36 290
15  23  -4  10  -5  55   0 0.03  0.5    2 12.9 24 290   M    M   7 1289   31 300
16   2 -10  -4 -19  69   0 0.00  0.0    3 10.6 23 300   M    M   0 8      29 300
17  23  -5   9  -6  56   0 0.28  4.2    3 18.2 26 130   M    M   7 168    35 130
18  27  -4  12  -3  53   0 0.05  0.3    7 21.9 41 290   M    M   8 1268   53 290
19   7  -4   2 -13  63   0    T    T    7 16.1 30 300   M    M   9 8      37 290
20  11  -4   4 -11  61   0 0.01  0.2    7  6.6 12 310   M    M   6 18     13 310
21  20  -9   6  -9  59   0 0.00  0.0    7 17.7 31 190   M    M   0 18     44 180
22  31  20  26  10  39   0 0.24  3.2    7 17.6 30 190   M    M  10 16     41 180
23  30  25  28  12  37   0 0.02  0.1    9  7.8 12  40   M    M  10 128    16  50
================================================================================
SM  587  206      1091   0  0.89    11.3 318.5          M      130
================================================================================
AV 25.5  9.0                              13.8 FASTST   M    M   6    MAX(MPH)
                                 MISC ---->  # 41 290               # 53  290
================================================================================
NOTES:
# LAST OF SEVERAL OCCURRENCES

COLUMN 17 PEAK WIND IN M.P.H.

PRELIMINARY LOCAL CLIMATOLOGICAL DATA (WS FORM: F-6) , PAGE 2

                                          STATION:  ROCHESTER MN
                                          MONTH:    JANUARY
                                          YEAR:     2020
                                          LATITUDE:   43 55 N
                                          LONGITUDE:  92 30 W

[TEMPERATURE DATA]      [PRECIPITATION DATA]       SYMBOLS USED IN COLUMN 16

AVERAGE MONTHLY: 17.2   TOTAL FOR MONTH:   0.89    1 = FOG OR MIST
DPTR FM NORMAL:   1.7   DPTR FM NORMAL:    0.25    2 = FOG REDUCING VISIBILITY
HIGHEST:    40 ON  9    GRTST 24HR  0.28 ON 17-17      TO 1/4 MILE OR LESS
LOWEST:    -10 ON 16                               3 = THUNDER
                        SNOW, ICE PELLETS, HAIL    4 = ICE PELLETS
                        TOTAL MONTH:  11.3 INCHES  5 = HAIL
                        GRTST 24HR   4.2 ON 17-17  6 = FREEZING RAIN OR DRIZZLE
                        GRTST DEPTH:   9 ON 23     7 = DUSTSTORM OR SANDSTORM:
                                                       VSBY 1/2 MILE OR LESS
                                                   8 = SMOKE OR HAZE
[NO. OF DAYS WITH]      [WEATHER - DAYS WITH]      9 = BLOWING SNOW
                                                   X = TORNADO
MAX 32 OR BELOW:  18    0.01 INCH OR MORE:  10
MAX 90 OR ABOVE:   0    0.10 INCH OR MORE:   3
MIN 32 OR BELOW:  23    0.50 INCH OR MORE:   0
MIN  0 OR BELOW:   8    1.00 INCH OR MORE:   0

[HDD (BASE 65) ]
TOTAL THIS MO.  1091    CLEAR  (SCALE 0-3)   7
DPTR FM NORMAL   -49    PTCLDY (SCALE 4-7)   9
TOTAL FM JUL 1  4282    CLOUDY (SCALE 8-10)  7
DPTR FM NORMAL    64

[CDD (BASE 65) ]
TOTAL THIS MO.     0
DPTR FM NORMAL     0    [PRESSURE DATA]
TOTAL FM JAN 1     0    HIGHEST SLP M ON M
DPTR FM NORMAL     0    LOWEST  SLP 29.34 ON  2

[REMARKS]
