000
CXUS53 KARX 230930
CF6RST
PRELIMINARY LOCAL CLIMATOLOGICAL DATA (WS FORM: F-6)

                                          STATION:   ROCHESTER MN
                                          MONTH:     JANUARY
                                          YEAR:      2019
                                          LATITUDE:   43 55 N
                                          LONGITUDE:  92 30 W

  TEMPERATURE IN F:       :PCPN:    SNOW:  WIND      :SUNSHINE: SKY     :PK WND
================================================================================
1   2   3   4   5  6A  6B    7    8   9   10  11  12  13   14  15   16   17  18
                                     12Z  AVG MX 2MIN
DY MAX MIN AVG DEP HDD CDD  WTR  SNW DPTH SPD SPD DIR MIN PSBL S-S WX    SPD DR
================================================================================

 1  18   3  11  -5  54   0    T    T    1  9.8 24 340   M    M   2 1      30 340
 2  23   7  15  -1  50   0    T    T    1 14.3 26 220   M    M   6 1      32 210
 3  38  14  26  10  39   0 0.00  0.0    1 11.7 20 210   M    M   0        24 230
 4  40  29  35  19  30   0 0.00  0.0    T  9.7 17 210   M    M   0        22 210
 5  44  28  36  20  29   0 0.00  0.0    0 11.5 18 280   M    M   0        24 280
 6  34  26  30  14  35   0 0.02  0.0    0 13.9 29 140   M    M   1        46 130
 7  41  32  37  21  28   0 0.01  0.0    0 14.4 28 130   M    M   8 1      40 130
 8  35  11  23   7  42   0 0.01  0.0    0 23.6 46 290   M    M   5 1      59 290
 9  16   6  11  -5  54   0 0.00  0.0    0 19.2 30 310   M    M   0        41 320
10  25   9  17   1  48   0 0.00  0.0    0  8.1 18 140   M    M   1        23 160
11  32  17  25  10  40   0 0.00  0.0    0  9.6 16 160   M    M   3        20 160
12  30  25  28  13  37   0 0.00  0.0    0  8.6 14  90   M    M  10 8      18  90
13  32  21  27  12  38   0 0.00  0.0    0  5.9 13  90   M    M   6        17  90
14  29  22  26  11  39   0    T  0.0    0  9.4 20 240   M    M   8 16     25 250
15  32  26  29  14  36   0 0.00  0.0    0 14.7 25 320   M    M  10 1      32 270
16  26  10  18   3  47   0 0.00  0.0    0  9.0 21 340   M    M   3        26 330
17  23  10  17   2  48   0 0.05  0.4    0  7.8 15 300   M    M   9 1      19 280
18  14   8  11  -4  54   0 0.55  8.1    T 11.4 20  20   M    M   8 128    25  10
19   9  -9   0 -15  65   0 0.02  0.3    8 12.2 20  20   M    M   3 1      26  10
20   4 -15  -5 -20  70   0 0.00  0.0    8  7.2 13  20   M    M   1        15  30
21  13 -15  -1 -16  66   0 0.00  0.0    7 17.0 30 130   M    M   4        39 130
22  19  12  16   0  49   0 0.10  0.6    7  8.9 24 140   M    M  10 16     31 140
================================================================================
SM  577  277       998   0  0.76     9.4 257.9          M       98
================================================================================
AV 26.2 12.6                              11.7 FASTST   M    M   4    MAX(MPH)
                                 MISC ---->  # 46 290               # 59  290
================================================================================
NOTES:
# LAST OF SEVERAL OCCURRENCES

COLUMN 17 PEAK WIND IN M.P.H.

PRELIMINARY LOCAL CLIMATOLOGICAL DATA (WS FORM: F-6) , PAGE 2

                                          STATION:  ROCHESTER MN
                                          MONTH:    JANUARY
                                          YEAR:     2019
                                          LATITUDE:   43 55 N
                                          LONGITUDE:  92 30 W

[TEMPERATURE DATA]      [PRECIPITATION DATA]       SYMBOLS USED IN COLUMN 16

AVERAGE MONTHLY: 19.4   TOTAL FOR MONTH:   0.76    1 = FOG OR MIST
DPTR FM NORMAL:   3.9   DPTR FM NORMAL:    0.15    2 = FOG REDUCING VISIBILITY
HIGHEST:    44 ON  5    GRTST 24HR  0.55 ON 18-18      TO 1/4 MILE OR LESS
LOWEST:    -15 ON 21,20                            3 = THUNDER
                        SNOW, ICE PELLETS, HAIL    4 = ICE PELLETS
                        TOTAL MONTH:   9.4 INCHES  5 = HAIL
                        GRTST 24HR   8.1 ON 18-18  6 = FREEZING RAIN OR DRIZZLE
                        GRTST DEPTH:   8 ON 20,19  7 = DUSTSTORM OR SANDSTORM:
                                                       VSBY 1/2 MILE OR LESS
                                                   8 = SMOKE OR HAZE
[NO. OF DAYS WITH]      [WEATHER - DAYS WITH]      9 = BLOWING SNOW
                                                   X = TORNADO
MAX 32 OR BELOW:  16    0.01 INCH OR MORE:   7
MAX 90 OR ABOVE:   0    0.10 INCH OR MORE:   2
MIN 32 OR BELOW:  22    0.50 INCH OR MORE:   1
MIN  0 OR BELOW:   3    1.00 INCH OR MORE:   0

[HDD (BASE 65) ]
TOTAL THIS MO.   998    CLEAR  (SCALE 0-3)  10
DPTR FM NORMAL   -93    PTCLDY (SCALE 4-7)   7
TOTAL FM JUL 1  4224    CLOUDY (SCALE 8-10)  5
DPTR FM NORMAL    55

[CDD (BASE 65) ]
TOTAL THIS MO.     0
DPTR FM NORMAL     0    [PRESSURE DATA]
TOTAL FM JAN 1     0    HIGHEST SLP M ON M
DPTR FM NORMAL     0    LOWEST  SLP 29.45 ON  7

[REMARKS]
