905
CXUS53 KARX 210930
CF6RST
PRELIMINARY LOCAL CLIMATOLOGICAL DATA (WS FORM: F-6)

                                          STATION:   ROCHESTER MN
                                          MONTH:     OCTOBER
                                          YEAR:      2019
                                          LATITUDE:   43 55 N
                                          LONGITUDE:  92 30 W

  TEMPERATURE IN F:       :PCPN:    SNOW:  WIND      :SUNSHINE: SKY     :PK WND
================================================================================
1   2   3   4   5  6A  6B    7    8   9   10  11  12  13   14  15   16   17  18
                                     12Z  AVG MX 2MIN
DY MAX MIN AVG DEP HDD CDD  WTR  SNW DPTH SPD SPD DIR MIN PSBL S-S WX    SPD DR
================================================================================

 1  70  53  62   8   3   0 1.48  0.0    0 12.9 25  30   M    M  10 13     31  30
 2  53  49  51  -3  14   0 0.48  0.0    0 12.6 20  70   M    M  10 1      27  20
 3  50  44  47  -7  18   0 0.03  0.0    0 12.7 22 300   M    M  10 1      33 290
 4  50  43  47  -6  18   0 0.00  0.0    0  9.3 18 120   M    M   8        26 120
 5  55  45  50  -3  15   0 1.38  0.0    0 15.9 25 140   M    M   8 1      38 150
 6  65  44  55   3  10   0 0.00  0.0    0 14.0 28 260   M    M   1        39 260
 7  66  43  55   3  10   0 0.00  0.0    0  8.6 16 270   M    M   1        25 270
 8  69  44  57   5   8   0 0.00  0.0    0 14.1 29 190   M    M   0 8      41 190
 9  71  49  60   9   5   0 0.04  0.0    0 14.1 28 170   M    M   1        41 170
10  61  41  51   0  14   0 0.51  0.0    0 14.8 30 120   M    M   9 13     43 130
11  41  32  37 -13  28   0 0.04    T    0 21.9 32 250   M    M  10 13     43 220
12  35  29  32 -18  33   0 0.08  0.2    0 20.3 29 240   M    M   7 1      39 220
13  40  32  36 -14  29   0    T    T    0 14.0 23 280   M    M   9        31 280
14  51  28  40  -9  25   0 0.00  0.0    0  8.0 13 160   M    M   1        22 220
15  53  38  46  -3  19   0    T  0.0    0 14.6 25 310   M    M   7        33 310
16  45  39  42  -6  23   0    T  0.0    0 10.3 21 320   M    M  10 1      26 320
17  57  30  44  -4  21   0 0.00  0.0    0  7.1 13 160   M    M   0        19 130
18  67  41  54   6  11   0 0.00  0.0    0 18.5 31 150   M    M   1        45 140
19  62  42  52   5  13   0 0.13  0.0    0  8.3 20 180   M    M   3 1      31 170
20  66  34  50   3  15   0 0.00  0.0    0  8.2 17 110   M    M   1 1      24 100
================================================================================
SM 1127  800       332   0  4.17     0.2 260.2          M      107
================================================================================
AV 56.4 40.0                              13.0 FASTST   M    M   5    MAX(MPH)
                                 MISC ---->  # 32 250               # 45  140
================================================================================
NOTES:
# LAST OF SEVERAL OCCURRENCES

COLUMN 17 PEAK WIND IN M.P.H.

PRELIMINARY LOCAL CLIMATOLOGICAL DATA (WS FORM: F-6) , PAGE 2

                                          STATION:  ROCHESTER MN
                                          MONTH:    OCTOBER
                                          YEAR:     2019
                                          LATITUDE:   43 55 N
                                          LONGITUDE:  92 30 W

[TEMPERATURE DATA]      [PRECIPITATION DATA]       SYMBOLS USED IN COLUMN 16

AVERAGE MONTHLY: 48.2   TOTAL FOR MONTH:   4.17    1 = FOG OR MIST
DPTR FM NORMAL:  -2.4   DPTR FM NORMAL:    2.61    2 = FOG REDUCING VISIBILITY
HIGHEST:    71 ON  9    GRTST 24HR  1.48 ON  1- 1      TO 1/4 MILE OR LESS
LOWEST:     28 ON 14                               3 = THUNDER
                        SNOW, ICE PELLETS, HAIL    4 = ICE PELLETS
                        TOTAL MONTH:   0.2 INCH    5 = HAIL
                        GRTST 24HR   0.2 ON 12-12  6 = FREEZING RAIN OR DRIZZLE
                        GRTST DEPTH:   0           7 = DUSTSTORM OR SANDSTORM:
                                                       VSBY 1/2 MILE OR LESS
                                                   8 = SMOKE OR HAZE
[NO. OF DAYS WITH]      [WEATHER - DAYS WITH]      9 = BLOWING SNOW
                                                   X = TORNADO
MAX 32 OR BELOW:   0    0.01 INCH OR MORE:   9
MAX 90 OR ABOVE:   0    0.10 INCH OR MORE:   5
MIN 32 OR BELOW:   5    0.50 INCH OR MORE:   3
MIN  0 OR BELOW:   0    1.00 INCH OR MORE:   2

[HDD (BASE 65) ]
TOTAL THIS MO.   332    CLEAR  (SCALE 0-3)   8
DPTR FM NORMAL    37    PTCLDY (SCALE 4-7)   3
TOTAL FM JUL 1   434    CLOUDY (SCALE 8-10)  9
DPTR FM NORMAL   -76

[CDD (BASE 65) ]
TOTAL THIS MO.     0
DPTR FM NORMAL    -4    [PRESSURE DATA]
TOTAL FM JAN 1   509    HIGHEST SLP M ON M
DPTR FM NORMAL   -74    LOWEST  SLP 29.65 ON 11

[REMARKS]
