802
CXUS55 KABQ 191000
CF6RTN
PRELIMINARY LOCAL CLIMATOLOGICAL DATA (WS FORM: F-6)

                                          STATION:   RATON AIRPORT NM
                                          MONTH:     OCTOBER
                                          YEAR:      2019
                                          LATITUDE:   36 45 N
                                          LONGITUDE: 104 30 W

  TEMPERATURE IN F:       :PCPN:    SNOW:  WIND      :SUNSHINE: SKY     :PK WND
================================================================================
1   2   3   4   5  6A  6B    7    8   9   10  11  12  13   14  15   16   17  18
                                     12Z  AVG MX 2MIN
DY MAX MIN AVG DEP HDD CDD  WTR  SNW DPTH SPD SPD DIR MIN PSBL S-S WX    SPD DR
================================================================================

 1  74  60  67  11   0   2 0.00    M    M 17.5 32 160   M    M   6        38 180
 2  82  42  62   7   3   0 0.00    M    M  9.8 24 190   M    M   0        32 210
 3  66  40  53  -2  12   0 0.00    M    M 10.0 21 170   M    M   2        26 200
 4  60  45  53  -1  12   0 0.19    M    M  9.7 23 190   M    M   9 1      28 190
 5  77  42  60   6   5   0 0.00    M    M 11.2 35 170   M    M   1 12     41 160
 6  64  33  49  -5  16   0    T    M    M 11.9 30  10   M    M   0        37 350
 7  73  31  52  -1  13   0 0.00    M    M  8.1 23 180   M    M   0        29 160
 8  80  31  56   3   9   0 0.00    M    M  8.1 22 260   M    M   0        30 250
 9  80  35  58   5   7   0 0.00    M    M  9.8 26 260   M    M   0        34 250
10  52  20  36 -16  29   0    T    M    M 14.3 24  50   M    M   3        30  40
11  54   9  32 -20  33   0 0.00    M    M  5.3 14 200   M    M   0        17 220
12  71  15  43  -9  22   0 0.00    M    M  6.6 18 180   M    M   0        22 160
13  74  24  49  -2  16   0 0.00    M    M  6.6 16 130   M    M   0        20 150
14  77  28  53   2  12   0 0.00    M    M 10.2 22 280   M    M   0        29 290
15  71  35  53   2  12   0 0.00    M    M  7.0 21  50   M    M   0        25  40
16  75  26  51   1  14   0 0.00    M    M  6.6 13 180   M    M   0        16 220
17  81  30  56   6   9   0 0.00    M    M  8.5 21 200   M    M   0        27 240
18  73  35  54   4  11   0 0.00    M    M 12.2 36 280   M    M   0        44 280
================================================================================
SM 1284  581       235   2  0.19    M    173.4          M       21
================================================================================
AV 71.3 32.3                               9.6 FASTST   M    M   1    MAX(MPH)
                                 MISC ---->  # 36 280               # 44  280
================================================================================
NOTES:
# LAST OF SEVERAL OCCURRENCES

COLUMN 17 PEAK WIND IN M.P.H.

PRELIMINARY LOCAL CLIMATOLOGICAL DATA (WS FORM: F-6) , PAGE 2

                                          STATION:  RATON AIRPORT NM
                                          MONTH:    OCTOBER
                                          YEAR:     2019
                                          LATITUDE:   36 45 N
                                          LONGITUDE: 104 30 W

[TEMPERATURE DATA]      [PRECIPITATION DATA]       SYMBOLS USED IN COLUMN 16

AVERAGE MONTHLY: 51.8   TOTAL FOR MONTH:   0.19    1 = FOG OR MIST
DPTR FM NORMAL:  -0.6   DPTR FM NORMAL:   -0.58    2 = FOG REDUCING VISIBILITY
HIGHEST:    82 ON  2    GRTST 24HR  0.19 ON  4- 4      TO 1/4 MILE OR LESS
LOWEST:      9 ON 11                               3 = THUNDER
                        SNOW, ICE PELLETS, HAIL    4 = ICE PELLETS
                        TOTAL MONTH:    M          5 = HAIL
                        GRTST 24HR    M  ON   M    6 = FREEZING RAIN OR DRIZZLE
                        GRTST DEPTH:  M  ON   M    7 = DUSTSTORM OR SANDSTORM:
                                                       VSBY 1/2 MILE OR LESS
                                                   8 = SMOKE OR HAZE
[NO. OF DAYS WITH]      [WEATHER - DAYS WITH]      9 = BLOWING SNOW
                                                   X = TORNADO
MAX 32 OR BELOW:   0    0.01 INCH OR MORE:   1
MAX 90 OR ABOVE:   0    0.10 INCH OR MORE:   1
MIN 32 OR BELOW:   9    0.50 INCH OR MORE:   0
MIN  0 OR BELOW:   0    1.00 INCH OR MORE:   0

[HDD (BASE 65) ]
TOTAL THIS MO.   235    CLEAR  (SCALE 0-3)  16
DPTR FM NORMAL     8    PTCLDY (SCALE 4-7)   1
TOTAL FM JUL 1   245    CLOUDY (SCALE 8-10)  1
DPTR FM NORMAL  -141

[CDD (BASE 65) ]
TOTAL THIS MO.     2
DPTR FM NORMAL     2    [PRESSURE DATA]
TOTAL FM JAN 1   583    HIGHEST SLP M ON M
DPTR FM NORMAL   267    LOWEST  SLP 29.59 ON  9

[REMARKS]
