000
CXUS55 KABQ 271000
CF6RTN
PRELIMINARY LOCAL CLIMATOLOGICAL DATA (WS FORM: F-6)

                                          STATION:   RATON AIRPORT NM
                                          MONTH:     MAY
                                          YEAR:      2020
                                          LATITUDE:   36 45 N
                                          LONGITUDE: 104 30 W

  TEMPERATURE IN F:       :PCPN:    SNOW:  WIND      :SUNSHINE: SKY     :PK WND
================================================================================
1   2   3   4   5  6A  6B    7    8   9   10  11  12  13   14  15   16   17  18
                                     12Z  AVG MX 2MIN
DY MAX MIN AVG DEP HDD CDD  WTR  SNW DPTH SPD SPD DIR MIN PSBL S-S WX    SPD DR
================================================================================

 1  86  50  68  16   0   3 0.00    M    M  8.1 32 260   M    M   0        43 250
 2  86  44  65  13   0   0 0.00    M    M 14.0 30 220   M    M   0        39 200
 3  84  44  64  11   1   0 0.00    M    M 10.4 29 200   M    M   2        38 210
 4  84  45  65  12   0   0 0.00    M    M 13.5 32  30   M    M   0        42  30
 5  72  45  59   6   6   0 0.00    M    M 12.8 32 170   M    M   4        40 170
 6  75  41  58   5   7   0 0.00    M    M 11.8 26 350   M    M   0        35 170
 7  87  43  65  11   0   0 0.00    M    M 14.1 27  20   0    0   0        44  20
 8  62  37  50  -4  15   0 0.00    M    M 13.0 28 160   M    M   2        36  20
 9  68  31  50  -4  15   0    T    M    M 11.9 28  30   M    M   3        35  30
10  70  31  51  -4  14   0    T    M    M 11.9 26 170   M    M   2        33 170
11  69  45  57   2   8   0 0.14    M    M 13.9 40 280   M    M   6 3      48 300
12  79  44  62   7   3   0 0.00    M    M 11.9 32 230   M    M   3        39 240
13  79  37  58   2   7   0 0.00    M    M 12.1 30 230   M    M   0        43 210
14  83  38  61   5   4   0 0.00    M    M 10.9 28 300   M    M   0        36 300
15  80  45  63   7   2   0 0.00    M    M 10.4 29 190   M    M   2        39 160
16  78  39  59   3   6   0 0.34    M    M 10.7 21 100   M    M   4 13     26  70
17  80  51  66   9   0   1 0.13    M    M  9.9 30 160   M    M   6 3      38 160
18  91  46  69  12   0   4 0.00    M    M  8.7 29 220   M    M   0        40 210
19  90  45  68  11   0   3    T    M    M 12.5 38 190   M    M   1        47 180
20  85  50  68  10   0   3 0.00    M    M 17.0 40 190   M    M   0        50 190
21  80  39  60   2   5   0 0.00    M    M 10.4 28  20   M    M   0        35  20
22  80  45  63   5   2   0 0.00    M    M  9.5 28 160   M    M   0        39 160
23  81  41  61   2   4   0 0.00    M    M 13.3 32 230   M    M   0        42 240
24  80  46  63   4   2   0    T    M    M 16.1 37 350   M    M   1        50 190
25  66  42  54  -5  11   0 0.00    M    M 14.6 25  50   M    M   2        34  10
26  79  34  57  -2   8   0 0.00    M    M  8.2 22  20   M    M   1        31  50
================================================================================
SM 2054 1098       120  14  0.61    M    311.6            0     39
================================================================================
AV 79.0 42.2                              12.0 FASTST    0   0   2    MAX(MPH)
                                 MISC ---->  # 40 280               # 50  190
================================================================================
NOTES:
# LAST OF SEVERAL OCCURRENCES

COLUMN 17 PEAK WIND IN M.P.H.

PRELIMINARY LOCAL CLIMATOLOGICAL DATA (WS FORM: F-6) , PAGE 2

                                          STATION:  RATON AIRPORT NM
                                          MONTH:    MAY
                                          YEAR:     2020
                                          LATITUDE:   36 45 N
                                          LONGITUDE: 104 30 W

[TEMPERATURE DATA]      [PRECIPITATION DATA]       SYMBOLS USED IN COLUMN 16

AVERAGE MONTHLY: 60.6   TOTAL FOR MONTH:   0.61    1 = FOG OR MIST
DPTR FM NORMAL:   4.9   DPTR FM NORMAL:   -0.99    2 = FOG REDUCING VISIBILITY
HIGHEST:    91 ON 18    GRTST 24HR  0.34 ON 16-16      TO 1/4 MILE OR LESS
LOWEST:     31 ON 10, 9                            3 = THUNDER
                        SNOW, ICE PELLETS, HAIL    4 = ICE PELLETS
                        TOTAL MONTH:    M          5 = HAIL
                        GRTST 24HR    M  ON   M    6 = FREEZING RAIN OR DRIZZLE
                        GRTST DEPTH:  M  ON   M    7 = DUSTSTORM OR SANDSTORM:
                                                       VSBY 1/2 MILE OR LESS
                                                   8 = SMOKE OR HAZE
[NO. OF DAYS WITH]      [WEATHER - DAYS WITH]      9 = BLOWING SNOW
                                                   X = TORNADO
MAX 32 OR BELOW:   0    0.01 INCH OR MORE:   3
MAX 90 OR ABOVE:   2    0.10 INCH OR MORE:   3
MIN 32 OR BELOW:   2    0.50 INCH OR MORE:   0
MIN  0 OR BELOW:   0    1.00 INCH OR MORE:   0

[HDD (BASE 65) ]
TOTAL THIS MO.   120    CLEAR  (SCALE 0-3)  22
DPTR FM NORMAL  -126    PTCLDY (SCALE 4-7)   4
TOTAL FM JUL 1  5738    CLOUDY (SCALE 8-10)  0
DPTR FM NORMAL  -275

[CDD (BASE 65) ]
TOTAL THIS MO.    14
DPTR FM NORMAL    14    [PRESSURE DATA]
TOTAL FM JAN 1    14    HIGHEST SLP  0.00 ON 24
DPTR FM NORMAL    14    LOWEST  SLP 29.55 ON 23

[REMARKS]
