000
CXUS51 KBTV 160700
CF6RUT
PRELIMINARY LOCAL CLIMATOLOGICAL DATA (WS FORM: F-6)

                                          STATION:   RUTLAND VT
                                          MONTH:     DECEMBER
                                          YEAR:      2018
                                          LATITUDE:   43 31 N
                                          LONGITUDE:  72 57 W

  TEMPERATURE IN F:       :PCPN:    SNOW:  WIND      :SUNSHINE: SKY     :PK WND
================================================================================
1   2   3   4   5  6A  6B    7    8   9   10  11  12  13   14  15   16   17  18
                                     12Z  AVG MX 2MIN
DY MAX MIN AVG DEP HDD CDD  WTR  SNW DPTH SPD SPD DIR MIN PSBL S-S WX    SPD DR
================================================================================

 1  35  28  32   M  33   0 0.01    M    0  4.2 13 160   M    M   8         M  M
 2  41  32  37   M  28   0    M    M    0 11.8 18 130   M    M  10 1      30 170
 3  45  29  37   M  28   0    M    M    M  8.0 16 330   M    M  10 12     23 250
 4  29  13  21   M  44   0    M    M    M  6.9 16 330   M    M   5        23 330
 5  27  14  21   M  44   0    M    M    M  2.1  9 120   M    M  10         M  M
 6  34  22  28   M  37   0    M    M    0  5.4 12 220   M    M  10        18 220
 7  32  10  21   M  44   0    M    M    0  8.1 13 320   M    M   7 1      24 270
 8  25   1  13   M  52   0    M    M    0  4.1  9 130   M    M   2         M  M
 9  33  11  22   M  43   0    M    M    0  5.5 10 230   M    M   6        18 250
10  29   9  19   M  46   0    M    M    0  4.6 13 320   M    M   6         M  M
11  34   5  20   M  45   0    M    M    0  4.9 10 120   M    M   3         M  M
12  25   5  15   M  50   0    M    M    0  3.9 12 340   M    M   6 1      20 340
13  29   4  17   M  48   0    M    M    M 10.4 15 120   M    M   6        21 110
14  45  28  37   M  28   0    M    M    0  8.4 13 120   M    M  10        18 120
15  46  26  36   M  29   0    M    M    0  4.7  8 320   M    M   5 8       M  M
================================================================================
SM  509  237       599   0  0.01    M     93.0          M      104
================================================================================
AV 33.9 15.8                               6.2 FASTST   M    M   7    MAX(MPH)
                                 MISC ---->  # 18 130               # 30  170
================================================================================
NOTES:
# LAST OF SEVERAL OCCURRENCES

COLUMN 17 PEAK WIND IN M.P.H.

PRELIMINARY LOCAL CLIMATOLOGICAL DATA (WS FORM: F-6) , PAGE 2

                                          STATION:  RUTLAND VT
                                          MONTH:    DECEMBER
                                          YEAR:     2018
                                          LATITUDE:   43 31 N
                                          LONGITUDE:  72 57 W

[TEMPERATURE DATA]      [PRECIPITATION DATA]       SYMBOLS USED IN COLUMN 16

AVERAGE MONTHLY: 24.9   TOTAL FOR MONTH:   0.01    1 = FOG OR MIST
DPTR FM NORMAL:     M   DPTR FM NORMAL:       M    2 = FOG REDUCING VISIBILITY
HIGHEST:    46 ON 15    GRTST 24HR  0.01 ON  1- 1      TO 1/4 MILE OR LESS
LOWEST:      1 ON  8                               3 = THUNDER
                        SNOW, ICE PELLETS, HAIL    4 = ICE PELLETS
                        TOTAL MONTH:    M          5 = HAIL
                        GRTST 24HR    M  ON   M    6 = FREEZING RAIN OR DRIZZLE
                        GRTST DEPTH:   0           7 = DUSTSTORM OR SANDSTORM:
                                                       VSBY 1/2 MILE OR LESS
                                                   8 = SMOKE OR HAZE
[NO. OF DAYS WITH]      [WEATHER - DAYS WITH]      9 = BLOWING SNOW
                                                   X = TORNADO
MAX 32 OR BELOW:   7    0.01 INCH OR MORE:   1
MAX 90 OR ABOVE:   0    0.10 INCH OR MORE:   0
MIN 32 OR BELOW:  15    0.50 INCH OR MORE:   0
MIN  0 OR BELOW:   0    1.00 INCH OR MORE:   0

[HDD (BASE 65) ]
TOTAL THIS MO.   599    CLEAR  (SCALE 0-3)   1
DPTR FM NORMAL     M    PTCLDY (SCALE 4-7)   8
TOTAL FM JUL 1  2184    CLOUDY (SCALE 8-10)  6
DPTR FM NORMAL     M

[CDD (BASE 65) ]
TOTAL THIS MO.     0
DPTR FM NORMAL     M    [PRESSURE DATA]
TOTAL FM JAN 1   529    HIGHEST SLP M ON M
DPTR FM NORMAL     M    LOWEST  SLP M ON M

[REMARKS]
