000
CXUS51 KBTV 210700
CF6RUT
PRELIMINARY LOCAL CLIMATOLOGICAL DATA (WS FORM: F-6)

                                          STATION:   RUTLAND VT
                                          MONTH:     SEPTEMBER
                                          YEAR:      2018
                                          LATITUDE:   43 31 N
                                          LONGITUDE:  72 57 W

  TEMPERATURE IN F:       :PCPN:    SNOW:  WIND      :SUNSHINE: SKY     :PK WND
================================================================================
1   2   3   4   5  6A  6B    7    8   9   10  11  12  13   14  15   16   17  18
                                     12Z  AVG MX 2MIN
DY MAX MIN AVG DEP HDD CDD  WTR  SNW DPTH SPD SPD DIR MIN PSBL S-S WX    SPD DR
================================================================================

 1  74  61  68   M   0   3 0.00  0.0    0  9.1 15 120   M    M  10        17 160
 2  76  64  70   M   0   5 0.00  0.0    0  5.3  9 110   M    M   8         M  M
 3  88  67  78   M   0  13    T  0.0    0  5.6 12 200   M    M   5 3      20 190
 4  81  65  73   M   0   8 0.00  0.0    0  4.7 12 130   M    M   4         M  M
 5  87  62  75   M   0  10 0.00  0.0    0  5.5 10 180   M    M   0         M  M
 6  83  61  72   M   0   7 0.72  0.0    0  4.5 13 230   M    M   2 13     20 230
 7  73  58  66   M   0   1 0.00  0.0    0  2.7  7 140   M    M   5 12      M  M
 8  61  46  54   M  11   0 0.00  0.0    0  4.5 10 320   M    M   0         M  M
 9  60  43  52   M  13   0 0.00  0.0    0  4.1  8 120   M    M   1         M  M
10  58  50  54   M  11   0 0.01  0.0    0 10.9 20 120   M    M   5        32 130
11  69  57  63   M   2   0    M  0.0    0  5.5 20 120   M    M  10 12     25 120
12  71  60  66   M   0   1    M  0.0    0  4.3 10 140   M    M  10 12      M  M
13  79  61  70   M   0   5    M  0.0    0  4.2 10 120   M    M   5         M  M
14  80  55  68   M   0   3    M  0.0    0  5.5 10 110   M    M   2 12      M  M
15  81  59  70   M   0   5    M  0.0    0  4.3  7 130   M    M   4         M  M
16  84  60  72   M   0   7 0.00  0.0    0  5.2 10  80   M    M   3         M  M
17  81  65  73   M   0   8 0.00  0.0    0  4.9 10 200   M    M   2        17 200
18  80  64  72   M   0   7 0.01  0.0    0  4.0  8 310   M    M   7 12      M  M
19  67  54  61   M   4   0    T  0.0    0  5.5 10 320   M    M   9 12      M  M
20  67  49  58   M   7   0 0.00  0.0    0  3.2  9 150   M    M   9 1       M  M
================================================================================
SM 1500 1161        48  83  0.74     0.0 103.5          M      101
================================================================================
AV 75.0 58.1                               5.2 FASTST   M    M   5    MAX(MPH)
                                 MISC ---->  # 20 120               # 32  130
================================================================================
NOTES:
# LAST OF SEVERAL OCCURRENCES

COLUMN 17 PEAK WIND IN M.P.H.

PRELIMINARY LOCAL CLIMATOLOGICAL DATA (WS FORM: F-6) , PAGE 2

                                          STATION:  RUTLAND VT
                                          MONTH:    SEPTEMBER
                                          YEAR:     2018
                                          LATITUDE:   43 31 N
                                          LONGITUDE:  72 57 W

[TEMPERATURE DATA]      [PRECIPITATION DATA]       SYMBOLS USED IN COLUMN 16

AVERAGE MONTHLY: 66.5   TOTAL FOR MONTH:   0.74    1 = FOG OR MIST
DPTR FM NORMAL:     M   DPTR FM NORMAL:       M    2 = FOG REDUCING VISIBILITY
HIGHEST:    88 ON  3    GRTST 24HR  0.72 ON  6- 6      TO 1/4 MILE OR LESS
LOWEST:     43 ON  9                               3 = THUNDER
                        SNOW, ICE PELLETS, HAIL    4 = ICE PELLETS
                        TOTAL MONTH:   0.0 INCH    5 = HAIL
                        GRTST 24HR     0.0         6 = FREEZING RAIN OR DRIZZLE
                        GRTST DEPTH:   0           7 = DUSTSTORM OR SANDSTORM:
                                                       VSBY 1/2 MILE OR LESS
                                                   8 = SMOKE OR HAZE
[NO. OF DAYS WITH]      [WEATHER - DAYS WITH]      9 = BLOWING SNOW
                                                   X = TORNADO
MAX 32 OR BELOW:   0    0.01 INCH OR MORE:   3
MAX 90 OR ABOVE:   0    0.10 INCH OR MORE:   1
MIN 32 OR BELOW:   0    0.50 INCH OR MORE:   1
MIN  0 OR BELOW:   0    1.00 INCH OR MORE:   0

[HDD (BASE 65) ]
TOTAL THIS MO.    48    CLEAR  (SCALE 0-3)   7
DPTR FM NORMAL     M    PTCLDY (SCALE 4-7)   7
TOTAL FM JUL 1    61    CLOUDY (SCALE 8-10)  6
DPTR FM NORMAL     M

[CDD (BASE 65) ]
TOTAL THIS MO.    83
DPTR FM NORMAL     M    [PRESSURE DATA]
TOTAL FM JAN 1   519    HIGHEST SLP M ON M
DPTR FM NORMAL     M    LOWEST  SLP M ON M

[REMARKS]
