235
CXUS54 KTSA 220840
CF6RVS
PRELIMINARY LOCAL CLIMATOLOGICAL DATA (WS FORM: F-6)

                                          STATION:   TULSA-RIVERSIDE  OKLAHOMA
                                          MONTH:     JULY
                                          YEAR:      2018
                                          LATITUDE:   36  2 N
                                          LONGITUDE:  95 59 W

  TEMPERATURE IN F:       :PCPN:    SNOW:  WIND      :SUNSHINE: SKY     :PK WND
================================================================================
1   2   3   4   5  6A  6B    7    8   9   10  11  12  13   14  15   16   17  18
                                     12Z  AVG MX 2MIN
DY MAX MIN AVG DEP HDD CDD  WTR  SNW DPTH SPD SPD DIR MIN PSBL S-S WX    SPD DR
================================================================================

 1  86  75  81   1   0  16 0.40  0.0    0  3.3 14 160   M    M   4 13     19 170
 2  96  74  85   5   0  20 0.00  0.0    0  3.8 13 180   M    M   0 1      16 160
 3  99  75  87   7   0  22 0.00  0.0    0  6.9 17 140   M    M   0        24 130
 4  93  75  84   3   0  19 0.00  0.0    0  7.1 16 120   M    M   2 18     23 150
 5  97  73  85   4   0  20    T  0.0    0  1.9 10  50   M    M   3 138    14  10
 6  99  76  88   7   0  23 0.00  0.0    0  3.0 24  80   M    M   1 38     33  30
 7  96  72  84   3   0  19 0.00  0.0    0  5.3 12  70   M    M   1        16  60
 8  94  69  82   1   0  17 0.00  0.0    0  3.8 10 110   M    M   1        16 110
 9  96  71  84   3   0  19    T  0.0    0  3.2 10 180   M    M   2 3      13 170
10  97  72  85   3   0  20 0.00  0.0    0  2.6 10 190   M    M   1        14 190
11  99  74  87   5   0  22 0.00  0.0    0  3.7 14 110   M    M   1 1      19 180
12  99  74  87   5   0  22 0.00  0.0    0  6.0 13 130   M    M   0        19 160
13  96  73  85   3   0  20 0.00  0.0    0  5.0 15 180   M    M   0        20 180
14  99  76  88   6   0  23 0.21  0.0    0  2.8 17 190   M    M   3 13     24 270
15  94  75  85   3   0  20 1.16  0.0    0  3.1 15 220   M    M   4 13     19 220
16  95  75  85   3   0  20 0.33  0.0    0  4.3 17  60   M    M   2 13     21  60
17  92  76  84   2   0  19 0.03  0.0    0  4.2 12 120   M    M   3 13     14 120
18  89  77  83   1   0  18    T  0.0    0  4.0 10  80   M    M   2 3      14 130
19 102  75  89   7   0  24 0.10  0.0    0  5.1 29  20   M    M   0 13     38  30
20 105  78  92  10   0  27 0.00  0.0    0  4.8 15 180   M    M   0        19 190
21  99  76  88   6   0  23 0.00  0.0    0  7.3 20  20   M    M   0        26  30
================================================================================
SM 2022 1561         0 433  2.23     0.0  91.2          M       30
================================================================================
AV 96.3 74.3                               4.3 FASTST   M    M   1    MAX(MPH)
                                 MISC ---->  # 29  20               # 38   30
================================================================================
NOTES:
# LAST OF SEVERAL OCCURRENCES

COLUMN 17 PEAK WIND IN M.P.H.

PRELIMINARY LOCAL CLIMATOLOGICAL DATA (WS FORM: F-6) , PAGE 2

                                          STATION:  TULSA-RIVERSIDE  OKLAHOMA
                                          MONTH:    JULY
                                          YEAR:     2018
                                          LATITUDE:   36  2 N
                                          LONGITUDE:  95 59 W

[TEMPERATURE DATA]      [PRECIPITATION DATA]       SYMBOLS USED IN COLUMN 16

AVERAGE MONTHLY: 85.3   TOTAL FOR MONTH:   2.23    1 = FOG OR MIST
DPTR FM NORMAL:   3.9   DPTR FM NORMAL:   -0.42    2 = FOG REDUCING VISIBILITY
HIGHEST:   105 ON 20    GRTST 24HR  1.16 ON 15-15      TO 1/4 MILE OR LESS
LOWEST:     69 ON  8                               3 = THUNDER
                        SNOW, ICE PELLETS, HAIL    4 = ICE PELLETS
                        TOTAL MONTH:   0.0 INCH    5 = HAIL
                        GRTST 24HR     0.0         6 = FREEZING RAIN OR DRIZZLE
                        GRTST DEPTH:   0           7 = DUSTSTORM OR SANDSTORM:
                                                       VSBY 1/2 MILE OR LESS
                                                   8 = SMOKE OR HAZE
[NO. OF DAYS WITH]      [WEATHER - DAYS WITH]      9 = BLOWING SNOW
                                                   X = TORNADO
MAX 32 OR BELOW:   0    0.01 INCH OR MORE:   6
MAX 90 OR ABOVE:  19    0.10 INCH OR MORE:   5
MIN 32 OR BELOW:   0    0.50 INCH OR MORE:   1
MIN  0 OR BELOW:   0    1.00 INCH OR MORE:   1

[HDD (BASE 65) ]
TOTAL THIS MO.     0    CLEAR  (SCALE 0-3)  19
DPTR FM NORMAL     0    PTCLDY (SCALE 4-7)   2
TOTAL FM JUL 1     0    CLOUDY (SCALE 8-10)  0
DPTR FM NORMAL     0

[CDD (BASE 65) ]
TOTAL THIS MO.   433
DPTR FM NORMAL    88    [PRESSURE DATA]
TOTAL FM JAN 1  1327    HIGHEST SLP M ON M
DPTR FM NORMAL   422    LOWEST  SLP 29.88 ON 18

[REMARKS]
