000
CXUS53 KMPX 250700
CF6RWF
PRELIMINARY LOCAL CLIMATOLOGICAL DATA (WS FORM: F-6)

                                          STATION:   REDWOOD FALLS MN
                                          MONTH:     JUNE
                                          YEAR:      2018
                                          LATITUDE:   44 32 N
                                          LONGITUDE:  95  5 W

  TEMPERATURE IN F:       :PCPN:    SNOW:  WIND      :SUNSHINE: SKY     :PK WND
================================================================================
1   2   3   4   5  6A  6B    7    8   9   10  11  12  13   14  15   16   17  18
                                     12Z  AVG MX 2MIN
DY MAX MIN AVG DEP HDD CDD  WTR  SNW DPTH SPD SPD DIR MIN PSBL S-S WX    SPD DR
================================================================================

 1  86  61  74  10   0   9    T    M    M 10.7 23 100   M    M   0        31  90
 2  72  57  65   1   0   0 0.84    M    M  9.7 23  80   M    M   6 13     31 300
 3  72  53  63  -2   2   0 0.00    M    M 13.4 28 290   M    M   2        34 300
 4  87  54  71   6   0   6    T    M    M 12.3 22 220   M    M   2 3      29 220
 5  88  63  76  11   0  11 0.00    M    M  8.2 16 220   M    M   0        21 230
 6  79  61  70   4   0   5 0.16    M    M  8.1 32 290   M    M   1 13     46 300
 7  75  60  68   2   0   3    T    M    M  5.8 13 100   M    M   4        20  60
 8  74  63  69   3   0   4 0.31    M    M 11.5 26 150   M    M   6 1      34 150
 9  69  63  66  -1   0   1 1.87    M    M  6.6 15 140   M    M   8 13     20  10
10  72  63  68   1   0   3 0.00    M    M 11.2 23 130   M    M   6 1      35 140
11  67  62  65  -2   0   0 0.55    M    M 10.4 30 100   M    M  10 13     50  90
12  73  57  65  -3   0   0    T    M    M  6.2 17 320   M    M   7 12     24 340
13  77  52  65  -3   0   0    T    M    M  5.3  9 240   M    M   2         M  M
14  82  61  72   4   0   7 0.00    M    M 15.5 29 140   M    M   2        37 150
15  93  68  81  13   0  16    T    M    M 12.2 23 200   M    M   0        30 200
16  90  72  81  12   0  16 0.32    M    M 13.6 24 190   M    M   3 13     32 170
17  86  70  78   9   0  13 0.06    M    M  8.7 18 220   M    M   4 13     24 230
18  74  65  70   1   0   5 0.21    M    M  6.7 13  70   M    M  10 1      22  20
19  70  62  66  -4   0   1 0.15    M    M  8.1 15  60   M    M  10 1      24  60
20  72  62  67  -3   0   2 0.25    M    M  4.9 12  50   M    M   9 1      18  50
21  75  60  68  -2   0   3 0.19    M    M  6.3 15  80   M    M   5 1      23  80
22  78  60  69  -1   0   4 0.00    M    M  4.3  9 170   M    M   0        13 240
23  80  59  70  -1   0   5 0.00    M    M  7.0 15 160   M    M   2 1      21 170
24  76  64  70  -1   0   5 3.01    M    M  9.6 35 150   M    M   8 13     42 120
================================================================================
SM 1867 1472         2 119  7.92    M    216.3          M      107
================================================================================
AV 77.8 61.3                               9.0 FASTST   M    M   4    MAX(MPH)
                                 MISC ---->  # 35 150               # 50   90
================================================================================
NOTES:
# LAST OF SEVERAL OCCURRENCES

COLUMN 17 PEAK WIND IN M.P.H.

PRELIMINARY LOCAL CLIMATOLOGICAL DATA (WS FORM: F-6) , PAGE 2

                                          STATION:  REDWOOD FALLS MN
                                          MONTH:    JUNE
                                          YEAR:     2018
                                          LATITUDE:   44 32 N
                                          LONGITUDE:  95  5 W

[TEMPERATURE DATA]      [PRECIPITATION DATA]       SYMBOLS USED IN COLUMN 16

AVERAGE MONTHLY: 69.6   TOTAL FOR MONTH:   7.92    1 = FOG OR MIST
DPTR FM NORMAL:   1.9   DPTR FM NORMAL:    4.45    2 = FOG REDUCING VISIBILITY
HIGHEST:    93 ON 15    GRTST 24HR  3.01 ON 24-24      TO 1/4 MILE OR LESS
LOWEST:     52 ON 13                               3 = THUNDER
                        SNOW, ICE PELLETS, HAIL    4 = ICE PELLETS
                        TOTAL MONTH:    M          5 = HAIL
                        GRTST 24HR    M  ON   M    6 = FREEZING RAIN OR DRIZZLE
                        GRTST DEPTH:  M  ON   M    7 = DUSTSTORM OR SANDSTORM:
                                                       VSBY 1/2 MILE OR LESS
                                                   8 = SMOKE OR HAZE
[NO. OF DAYS WITH]      [WEATHER - DAYS WITH]      9 = BLOWING SNOW
                                                   X = TORNADO
MAX 32 OR BELOW:   0    0.01 INCH OR MORE:  12
MAX 90 OR ABOVE:   2    0.10 INCH OR MORE:  11
MIN 32 OR BELOW:   0    0.50 INCH OR MORE:   4
MIN  0 OR BELOW:   0    1.00 INCH OR MORE:   2

[HDD (BASE 65) ]
TOTAL THIS MO.     2    CLEAR  (SCALE 0-3)  11
DPTR FM NORMAL   -39    PTCLDY (SCALE 4-7)   8
TOTAL FM JUL 1  7722    CLOUDY (SCALE 8-10)  5
DPTR FM NORMAL  -156

[CDD (BASE 65) ]
TOTAL THIS MO.   119
DPTR FM NORMAL    16    [PRESSURE DATA]
TOTAL FM JAN 1   244    HIGHEST SLP M ON M
DPTR FM NORMAL    99    LOWEST  SLP 29.59 ON 15

[REMARKS]
