000
CXUS55 KCYS 181631
CF6RWL
PRELIMINARY LOCAL CLIMATOLOGICAL DATA (WS FORM: F-6)

                                          STATION:   RAWLINS WYOMING AIRPORT
                                          MONTH:     OCTOBER
                                          YEAR:      2018
                                          LATITUDE:   41 47 N
                                          LONGITUDE: 107 12 W

  TEMPERATURE IN F:       :PCPN:    SNOW:  WIND      :SUNSHINE: SKY     :PK WND
================================================================================
1   2   3   4   5  6A  6B    7    8   9   10  11  12  13   14  15   16   17  18
                                     12Z  AVG MX 2MIN
DY MAX MIN AVG DEP HDD CDD  WTR  SNW DPTH SPD SPD DIR MIN PSBL S-S WX    SPD DR
================================================================================

 1  73  40  57   8   8   0 0.01    M    M 10.4 29 200   M    M   2        37 210
 2  74  53  64  16   1   0 0.00    M    M 17.5 29 200   M    M   3        38 200
 3  67  45  56   8   9   0 0.17    M    M 17.7 33 260   M    M   4 1      45 240
 4  59  40  50   2  15   0 0.15    M    M 13.7 33 240   M    M   6 13     39 220
 5  50  35  43  -4  22   0 0.23    M    M  9.2 30 280   M    M   7 1      38 220
 6  50  27  39  -8  26   0 0.14    M    M  4.8 13 270   M    M   3 1      16 290
 7  39  32  36 -11  29   0 0.25    M    M 10.7 18  20   M    M   8 1      26 330
 8  34  30  32 -14  33   0 0.31    M    M 11.7 21  40   M    M  10 126    25  50
 9  36  28  32 -14  33   0 0.02    M    M  6.0 18  70   M    M  10 1      23  50
10  31  11  21 -25  44   0 0.08    M    M 10.7 23  60   M    M   8 1      29  60
11  43  18  31 -14  34   0    T    M    M 10.3 24 250   M    M   4        31 260
12  49  29  39  -6  26   0 0.00    M    M 16.3 30 240   M    M   1        38 240
13  51  20  36  -8  29   0    T    M    M 18.0 35 350   M    M   4 1      43 350
14  28  14  21 -23  44   0    T    M    M  8.8 21  30   M    M   7 18     25  40
15  42  14  28 -16  37   0 0.00    M    M  7.6 24 240   M    M   0        29 240
16  52  18  35  -8  30   0 0.00    M    M  6.5 15  80   M    M   0        19  60
17  59  26  43   0  22   0 0.00    M    M  5.3 16  40   M    M   2        19  40
================================================================================
SM  837  480       442   0  1.36    M    185.2          M       79
================================================================================
AV 49.2 28.2                              10.9 FASTST   M    M   5    MAX(MPH)
                                 MISC ---->  # 35 350               # 45  240
================================================================================
NOTES:
# LAST OF SEVERAL OCCURRENCES

COLUMN 17 PEAK WIND IN M.P.H.

PRELIMINARY LOCAL CLIMATOLOGICAL DATA (WS FORM: F-6) , PAGE 2

                                          STATION:  RAWLINS WYOMING AIRPORT
                                          MONTH:    OCTOBER
                                          YEAR:     2018
                                          LATITUDE:   41 47 N
                                          LONGITUDE: 107 12 W

[TEMPERATURE DATA]      [PRECIPITATION DATA]       SYMBOLS USED IN COLUMN 16

AVERAGE MONTHLY: 38.7   TOTAL FOR MONTH:   1.36    1 = FOG OR MIST
DPTR FM NORMAL:  -7.1   DPTR FM NORMAL:    0.91    2 = FOG REDUCING VISIBILITY
HIGHEST:    74 ON  2    GRTST 24HR  0.31 ON  8- 8      TO 1/4 MILE OR LESS
LOWEST:     11 ON 10                               3 = THUNDER
                        SNOW, ICE PELLETS, HAIL    4 = ICE PELLETS
                        TOTAL MONTH:    M          5 = HAIL
                        GRTST 24HR    M  ON   M    6 = FREEZING RAIN OR DRIZZLE
                        GRTST DEPTH:  M  ON   M    7 = DUSTSTORM OR SANDSTORM:
                                                       VSBY 1/2 MILE OR LESS
                                                   8 = SMOKE OR HAZE
[NO. OF DAYS WITH]      [WEATHER - DAYS WITH]      9 = BLOWING SNOW
                                                   X = TORNADO
MAX 32 OR BELOW:   2    0.01 INCH OR MORE:   9
MAX 90 OR ABOVE:   0    0.10 INCH OR MORE:   6
MIN 32 OR BELOW:  12    0.50 INCH OR MORE:   0
MIN  0 OR BELOW:   0    1.00 INCH OR MORE:   0

[HDD (BASE 65) ]
TOTAL THIS MO.   442    CLEAR  (SCALE 0-3)   6
DPTR FM NORMAL   118    PTCLDY (SCALE 4-7)   7
TOTAL FM JUL 1   648    CLOUDY (SCALE 8-10)  4
DPTR FM NORMAL   -62

[CDD (BASE 65) ]
TOTAL THIS MO.     0
DPTR FM NORMAL     0    [PRESSURE DATA]
TOTAL FM JAN 1   296    HIGHEST SLP M ON M
DPTR FM NORMAL   110    LOWEST  SLP 29.54 ON  3

[REMARKS]
