894
CXUS55 KCYS 271610
CF6RWL
PRELIMINARY LOCAL CLIMATOLOGICAL DATA (WS FORM: F-6)

                                          STATION:   RAWLINS WYOMING AIRPORT
                                          MONTH:     MAY
                                          YEAR:      2024
                                          LATITUDE:   41 47 N
                                          LONGITUDE: 107 12 W

  TEMPERATURE IN F:       :PCPN:    SNOW:  WIND      :SUNSHINE: SKY     :PK WND
================================================================================
1   2   3   4   5  6A  6B    7    8   9   10  11  12  13   14  15   16   17  18
                                     12Z  AVG MX 2MIN
DY MAX MIN AVG DEP HDD CDD  WTR  SNW DPTH SPD SPD DIR MIN PSBL S-S WX    SPD DR
================================================================================

 1  49  28  39  -5  26   0    T    M    M 12.9 31 260   M    M   7        46 240
 2  51  26  39  -6  26   0 0.00    M    M 15.8 29 210   M    M   3        46 250
 3  45  25  35 -10  30   0 0.21    M    M  7.8 25 260   M    M   8 128    37 260
 4  62  23  43  -2  22   0 0.00    M    M  5.0 16 170   M    M   1 12     22 170
 5  69  36  53   7  12   0    T    M    M 17.2 35 190   M    M   3        49 180
 6  40  31  36 -10  29   0 0.10    M    M 27.3 43 240   M    M   8 12     65 250
 7  49  30  40  -6  25   0    T    M    M 26.9 41 250   M    M   2        65 250
 8  44  28  36 -11  29   0 0.09    M    M 14.4 29 230   M    M   8 18     40 240
 9  50  33  42  -5  23   0 0.10    M    M 13.3 26  20   M    M   9 1      39 350
10  59  36  48   0  17   0    T    M    M 12.6 23  60   M    M   5        33  50
11  67  29  48   0  17   0 0.00    M    M  5.0 14 360   M    M   0 8      20  10
12  69  34  52   4  13   0    T    M    M  7.0 26 310   M    M   3 38     33 310
13  73  33  53   4  12   0 0.00    M    M 10.7 23 260   M    M   2        34 260
14  65  40  53   4  12   0 0.02    M    M 13.8 38 320   M    M   4 3      50 310
15  62  37  50   0  15   0 0.03    M    M  6.2 16 330   M    M   6 1      25 320
16  71  32  52   2  13   0 0.00    M    M  9.8 25 250   M    M   1        36 260
17  75  46  61  11   4   0    T    M    M 22.7 40 250   M    M   1        55 220
18  73  39  56   5   9   0 0.00    M    M 15.8 30 220   M    M   0        43 220
19  73  44  59   8   6   0    T    M    M 16.8 36 230   M    M   4        50 220
20  48  33  41 -10  24   0 0.23    M    M  6.9 20 310   M    M   8 13     26 300
21  49  35  42 -10  23   0 0.05    M    M 14.8 30 270   M    M   5        48 300
22  62  33  48  -4  17   0    T    M    M 14.8 32 200   M    M   3        54 180
23  53  33  43  -9  22   0    T    M    M 20.1 35 250   M    M   6 1      54 230
24  62  27  45  -8  20   0 0.00    M    M 13.9 31 210   M    M   1        50 170
25  61  42  52  -1  13   0 0.01    M    M 12.8 28 270   M    M   7        38 270
26  65  39  52  -2  13   0    T    M    M 18.3 25 220   M    M   3        41 240
================================================================================
SM 1546  872       472   0  0.84    M    362.6          M      108
================================================================================
AV 59.5 33.5                              13.9 FASTST   M    M   4    MAX(MPH)
                                 MISC ---->    43 240               # 65 250
================================================================================
NOTES:
# LAST OF SEVERAL OCCURRENCES

COLUMN 17 PEAK WIND IN M.P.H.

PRELIMINARY LOCAL CLIMATOLOGICAL DATA (WS FORM: F-6) , PAGE 2

                                          STATION:   RAWLINS WYOMING AIRPORT
                                          MONTH:     MAY
                                          YEAR:      2024
                                          LATITUDE:   41 47 N
                                          LONGITUDE: 107 12 W

[TEMPERATURE DATA]      [PRECIPITATION DATA]       SYMBOLS USED IN COLUMN 16

AVERAGE MONTHLY: 46.5   TOTAL FOR MONTH:   0.84    1 = FOG OR MIST
DPTR FM NORMAL:  -2.4   DPTR FM NORMAL:   -0.39    2 = FOG REDUCING VISIBILITY
HIGHEST:    75 ON 17    GRTST 24HR  0.23 ON 20-20      TO 1/4 MILE OR LESS
LOWEST:     23 ON  4                               3 = THUNDER
                        SNOW, ICE PELLETS, HAIL    4 = ICE PELLETS
                        TOTAL MONTH:  M            5 = HAIL
                        GRTST 24HR    M  ON   M    6 = FREEZING RAIN OR DRIZZLE
                        GRTST DEPTH:  M  ON   M    7 = DUSTSTORM OR SANDSTORM:
                                                       VSBY 1/2 MILE OR LESS
                                                   8 = SMOKE OR HAZE
[NO. OF DAYS WITH]      [WEATHER - DAYS WITH]      9 = BLOWING SNOW
                                                   X = TORNADO
MAX 32 OR BELOW:   0    0.01 INCH OR MORE:   9
MAX 90 OR ABOVE:   0    0.10 INCH OR MORE:   4
MIN 32 OR BELOW:  10    0.50 INCH OR MORE:   0
MIN  0 OR BELOW:   0    1.00 INCH OR MORE:   0

[HDD (BASE 65) ]
TOTAL THIS MO.   472    CLEAR  (SCALE 0-3)  12
DPTR FM NORMAL    54    PTCLDY (SCALE 4-7)  13
TOTAL FM JUL 1  7411    CLOUDY (SCALE 8-10)  1
DPTR FM NORMAL  -529

[CDD (BASE 65) ]
TOTAL THIS MO.     0
DPTR FM NORMAL     0    [PRESSURE DATA]
TOTAL FM JAN 1     0    HIGHEST SLP M ON M
DPTR FM NORMAL     0    LOWEST  SLP 29.33 ON  5

[REMARKS]