000
CXUS55 KCYS 291000
CF6RWL
PRELIMINARY LOCAL CLIMATOLOGICAL DATA (WS FORM: F-6)

                                          STATION:   RAWLINS WYOMING AIRPORT
                                          MONTH:     MAY
                                          YEAR:      2020
                                          LATITUDE:   41 47 N
                                          LONGITUDE: 107 12 W

  TEMPERATURE IN F:       :PCPN:    SNOW:  WIND      :SUNSHINE: SKY     :PK WND
================================================================================
1   2   3   4   5  6A  6B    7    8   9   10  11  12  13   14  15   16   17  18
                                     12Z  AVG MX 2MIN
DY MAX MIN AVG DEP HDD CDD  WTR  SNW DPTH SPD SPD DIR MIN PSBL S-S WX    SPD DR
================================================================================

 1  70  41  56  11   9   0 0.08    M    M 11.2 31 300   M    M   3 1      42 300
 2  63  39  51   6  14   0 0.05    M    M  6.3 25 220   M    M   3 3      33 220
 3  58  43  51   6  14   0 0.03    M    M  9.1 37 280   M    M   6        43 290
 4  57  32  45  -1  20   0 0.01    M    M 17.1 35 270   M    M   5        45 310
 5  64  31  48   2  17   0 0.00    M    M 12.2 25 280   M    M   1        33 260
 6  71  26  49   3  16   0 0.00    M    M 12.9 33 280   M    M   1        46 290
 7  55  32  44  -3  21   0 0.00    M    M 20.1 40 280   M    M   3        52 280
 8  62  26  44  -3  21   0    T    M    M 11.4 37 360   M    M   3        47 360
 9  56  34  45  -2  20   0 0.00    M    M  9.2 18 110   M    M   4        24 110
10  59  28  44  -4  21   0 0.00    M    M 11.4 25  40   M    M   0        30  40
11  59  32  46  -2  19   0 0.33    M    M  9.4 23 340   M    M   4 13     29 340
12  70  40  55   7  10   0    T    M    M 13.0 33 230   M    M   4        44 220
13  57  41  49   1  16   0    T    M    M 15.5 35 240   M    M   4        43 240
14  61  37  49   0  16   0    T    M    M 10.6 28 270   M    M   6        34 270
15  59  41  50   1  15   0    T    M    M 12.5 28 240   M    M  10        35 240
16  62  29  46  -3  19   0 0.00    M    M  5.8 20 280   M    M   2        29 260
17  76  32  54   4  11   0 0.00    M    M  6.2 22 200   M    M   0        31 230
18  81  42  62  12   3   0 0.00    M    M 12.1 32 220   M    M   0        47 200
19  80  39  60  10   5   0 0.00    M    M 12.5 35 190   M    M   0        48 180
20  67  39  53   2  12   0 0.00    M    M 19.6 45 230   M    M   2        62 210
21  62  31  47  -4  18   0 0.00    M    M 13.7 32 240   M    M   1        47 250
22  72  31  52   1  13   0 0.00    M    M 13.3 31 200   M    M   0        43 210
23  60  38  49  -3  16   0 0.00    M    M 13.3 28 300   M    M   3        37 320
24  57  32  45  -7  20   0    T    M    M  8.3 17 320   M    M   7        25 310
25  62  27  45  -7  20   0 0.00    M    M  5.3 18 280   M    M   4        24 280
26  74  33  54   2  11   0 0.00    M    M 13.6 25 280   M    M   2        40 260
27  76  44  60   7   5   0 0.00    M    M 12.5 26 250   M    M   2        37 260
28  79  48  64  11   1   0 0.00    M    M  9.9 23  60   M    M   1        30  60
================================================================================
SM 1829  988       403   0  0.50    M    328.0          M       81
================================================================================
AV 65.3 35.3                              11.7 FASTST   M    M   3    MAX(MPH)
                                 MISC ---->  # 45 230               # 62  210
================================================================================
NOTES:
# LAST OF SEVERAL OCCURRENCES

COLUMN 17 PEAK WIND IN M.P.H.

PRELIMINARY LOCAL CLIMATOLOGICAL DATA (WS FORM: F-6) , PAGE 2

                                          STATION:  RAWLINS WYOMING AIRPORT
                                          MONTH:    MAY
                                          YEAR:     2020
                                          LATITUDE:   41 47 N
                                          LONGITUDE: 107 12 W

[TEMPERATURE DATA]      [PRECIPITATION DATA]       SYMBOLS USED IN COLUMN 16

AVERAGE MONTHLY: 50.3   TOTAL FOR MONTH:   0.50    1 = FOG OR MIST
DPTR FM NORMAL:   1.4   DPTR FM NORMAL:   -0.77    2 = FOG REDUCING VISIBILITY
HIGHEST:    81 ON 18    GRTST 24HR  0.33 ON 11-11      TO 1/4 MILE OR LESS
LOWEST:     26 ON  8, 6                            3 = THUNDER
                        SNOW, ICE PELLETS, HAIL    4 = ICE PELLETS
                        TOTAL MONTH:    M          5 = HAIL
                        GRTST 24HR    M  ON   M    6 = FREEZING RAIN OR DRIZZLE
                        GRTST DEPTH:  M  ON   M    7 = DUSTSTORM OR SANDSTORM:
                                                       VSBY 1/2 MILE OR LESS
                                                   8 = SMOKE OR HAZE
[NO. OF DAYS WITH]      [WEATHER - DAYS WITH]      9 = BLOWING SNOW
                                                   X = TORNADO
MAX 32 OR BELOW:   0    0.01 INCH OR MORE:   5
MAX 90 OR ABOVE:   0    0.10 INCH OR MORE:   1
MIN 32 OR BELOW:  13    0.50 INCH OR MORE:   0
MIN  0 OR BELOW:   0    1.00 INCH OR MORE:   0

[HDD (BASE 65) ]
TOTAL THIS MO.   403    CLEAR  (SCALE 0-3)  16
DPTR FM NORMAL   -46    PTCLDY (SCALE 4-7)  11
TOTAL FM JUL 1  8030    CLOUDY (SCALE 8-10)  1
DPTR FM NORMAL  -138

[CDD (BASE 65) ]
TOTAL THIS MO.     0
DPTR FM NORMAL     0    [PRESSURE DATA]
TOTAL FM JAN 1     0    HIGHEST SLP M ON M
DPTR FM NORMAL     0    LOWEST  SLP 29.41 ON 20

[REMARKS]
