000
CXUS55 KCYS 181000
CF6RWL
PRELIMINARY LOCAL CLIMATOLOGICAL DATA (WS FORM: F-6)

                                          STATION:   RAWLINS WYOMING AIRPORT
                                          MONTH:     JANUARY
                                          YEAR:      2019
                                          LATITUDE:   41 47 N
                                          LONGITUDE: 107 12 W

  TEMPERATURE IN F:       :PCPN:    SNOW:  WIND      :SUNSHINE: SKY     :PK WND
================================================================================
1   2   3   4   5  6A  6B    7    8   9   10  11  12  13   14  15   16   17  18
                                     12Z  AVG MX 2MIN
DY MAX MIN AVG DEP HDD CDD  WTR  SNW DPTH SPD SPD DIR MIN PSBL S-S WX    SPD DR
================================================================================

 1   5 -15  -5 -27  70   0 0.00    M    M  9.1 20 250   M    M   1        24 250
 2  18 -12   3 -19  62   0 0.00    M    M  6.7 17 240   M    M   0        23 240
 3  33  -4  15  -7  50   0 0.00    M    M  7.6 22 240   M    M   0        26 250
 4  41  24  33  11  32   0 0.00    M    M  7.1 18 240   M    M   0        24 210
 5  41  27  34  12  31   0    T    M    M 15.3 33 200   M    M   1        43 210
 6  35  21  28   6  37   0 0.01    M    M 21.2 35 220   M    M   7 12     45 220
 7  33  19  26   4  39   0    T    M    M 27.5 54 240   M    M   3 1      67 240
 8  34  13  24   2  41   0 0.00    M    M 14.0 28 240   M    M   1        34 250
 9  40  13  27   5  38   0 0.00    M    M  8.7 29 220   M    M   0        40 210
10  41  25  33  11  32   0 0.00    M    M  7.1 15 270   M    M   1        18 240
11  32  11  22   0  43   0 0.03    M    M  7.3 17 360   M    M   9 1      20 360
12  23   6  15  -7  50   0 0.00    M    M  2.6  9 240   M    M   9 12     13 300
13  18  -6   6 -16  59   0    T    M    M  3.8 10 230   M    M   6 128    11 230
14  20  -8   6 -16  59   0 0.00    M    M  3.9 12 260   M    M   1 128    14 250
15  31  -3  14  -8  51   0 0.00    M    M  2.8 13 260   M    M   1 128    16 220
16  33  20  27   5  38   0 0.02    M    M 14.5 31 260   M    M   7 1      37 260
17  37  25  31   9  34   0 0.01    M    M 18.4 37 220   M    M   6 1      47 220
================================================================================
SM  515  156       766   0  0.07    M    177.6          M       53
================================================================================
AV 30.3  9.2                              10.4 FASTST   M    M   3    MAX(MPH)
                                 MISC ---->  # 54 240               # 67  240
================================================================================
NOTES:
# LAST OF SEVERAL OCCURRENCES

COLUMN 17 PEAK WIND IN M.P.H.

PRELIMINARY LOCAL CLIMATOLOGICAL DATA (WS FORM: F-6) , PAGE 2

                                          STATION:  RAWLINS WYOMING AIRPORT
                                          MONTH:    JANUARY
                                          YEAR:     2019
                                          LATITUDE:   41 47 N
                                          LONGITUDE: 107 12 W

[TEMPERATURE DATA]      [PRECIPITATION DATA]       SYMBOLS USED IN COLUMN 16

AVERAGE MONTHLY: 19.7   TOTAL FOR MONTH:   0.07    1 = FOG OR MIST
DPTR FM NORMAL:  -2.3   DPTR FM NORMAL:   -0.14    2 = FOG REDUCING VISIBILITY
HIGHEST:    41 ON 10, 5 GRTST 24HR  0.03 ON 11-11      TO 1/4 MILE OR LESS
LOWEST:    -15 ON  1                               3 = THUNDER
                        SNOW, ICE PELLETS, HAIL    4 = ICE PELLETS
                        TOTAL MONTH:    M          5 = HAIL
                        GRTST 24HR    M  ON   M    6 = FREEZING RAIN OR DRIZZLE
                        GRTST DEPTH:  M  ON   M    7 = DUSTSTORM OR SANDSTORM:
                                                       VSBY 1/2 MILE OR LESS
                                                   8 = SMOKE OR HAZE
[NO. OF DAYS WITH]      [WEATHER - DAYS WITH]      9 = BLOWING SNOW
                                                   X = TORNADO
MAX 32 OR BELOW:   7    0.01 INCH OR MORE:   4
MAX 90 OR ABOVE:   0    0.10 INCH OR MORE:   0
MIN 32 OR BELOW:  17    0.50 INCH OR MORE:   0
MIN  0 OR BELOW:   6    1.00 INCH OR MORE:   0

[HDD (BASE 65) ]
TOTAL THIS MO.   766    CLEAR  (SCALE 0-3)  11
DPTR FM NORMAL    35    PTCLDY (SCALE 4-7)   4
TOTAL FM JUL 1  4070    CLOUDY (SCALE 8-10)  2
DPTR FM NORMAL  -115

[CDD (BASE 65) ]
TOTAL THIS MO.     0
DPTR FM NORMAL     0    [PRESSURE DATA]
TOTAL FM JAN 1     0    HIGHEST SLP M ON M
DPTR FM NORMAL     0    LOWEST  SLP 29.48 ON  6

[REMARKS]
